
{"id":1584,"date":"2021-05-19T20:41:24","date_gmt":"2021-05-19T20:41:24","guid":{"rendered":"https:\/\/sic.nodscloud.com\/nodsglobal\/?page_id=1584"},"modified":"2023-05-17T14:50:11","modified_gmt":"2023-05-17T14:50:11","slug":"proceso-de-admision-nods","status":"publish","type":"page","link":"https:\/\/sic.nodscloud.com\/nodsglobal\/proceso-de-admision-nods\/","title":{"rendered":"Proceso de admisi\u00f3n &#8211; NODS"},"content":{"rendered":"<table>\n<tbody>\n<tr>\n<td>\n<h2><span style=\"color: #3366ff;\"><b>Admisi\u00f3n y proceso de inscripci\u00f3n<\/b><\/span><\/h2>\n<\/td>\n<\/tr>\n<\/tbody>\n<\/table>\n<h3><\/h3>\n<p><b>Proceso de inscripci\u00f3n:<\/b><span style=\"font-weight: 400;\"><br \/>\n<\/span><b>a- Identificaci\u00f3n del aspirante: <\/b><span style=\"font-weight: 400;\">recepci\u00f3n de documento de DNI\u00a0 o Identificaci\u00f3n seg\u00fan pa\u00eds.<\/span><\/p>\n<p><b>b- <\/b><a href=\"https:\/\/docs.google.com\/forms\/d\/1gE82Wx6aqVMZwzEMwpP2tskscu6njmxfmwWXOhXpsSU\/edit\"><b>Llenar un formulario de inscripci\u00f3n<\/b><\/a><b>: <\/b><span style=\"font-weight: 400;\">realic\u00e9 este formulario prototipo como punto de partida para el armado del form final. estos deber\u00edan ser los datos a tomar en cuenta y los requisitos de inscripci\u00f3n.<\/span><\/p>\n<p><b>c- Abonar: <\/b><span style=\"font-weight: 400;\">sobre la pasarela de pagos Flyware<\/span><\/p>\n<h3><\/h3>\n<p><span style=\"font-weight: 400;\">Una vez que abona, se otorgan los permisos para la revisi\u00f3n de contenidos en la plataforma.<\/span><\/p>\n<p><span style=\"font-weight: 400;\">Para obtener la certificaci\u00f3n de Crehana + Global, deber\u00e1 realizar y aprobar el proyecto asignado para cada curso.<\/span><\/p>\n","protected":false},"excerpt":{"rendered":"<p>Admisi\u00f3n y proceso de inscripci\u00f3n Proceso de inscripci\u00f3n: a- Identificaci\u00f3n del aspirante: recepci\u00f3n de documento de DNI\u00a0 o Identificaci\u00f3n seg\u00fan pa\u00eds. b- Llenar un formulario de inscripci\u00f3n: realic\u00e9 este formulario prototipo como punto de partida para el armado del form final. estos deber\u00edan ser los&#8230;<\/p>\n","protected":false},"author":2,"featured_media":0,"parent":0,"menu_order":0,"comment_status":"closed","ping_status":"closed","template":"","meta":{"footnotes":""},"class_list":["post-1584","page","type-page","status-publish","hentry"],"aioseo_notices":[],"_links":{"self":[{"href":"https:\/\/sic.nodscloud.com\/nodsglobal\/wp-json\/wp\/v2\/pages\/1584","targetHints":{"allow":["GET"]}}],"collection":[{"href":"https:\/\/sic.nodscloud.com\/nodsglobal\/wp-json\/wp\/v2\/pages"}],"about":[{"href":"https:\/\/sic.nodscloud.com\/nodsglobal\/wp-json\/wp\/v2\/types\/page"}],"author":[{"embeddable":true,"href":"https:\/\/sic.nodscloud.com\/nodsglobal\/wp-json\/wp\/v2\/users\/2"}],"replies":[{"embeddable":true,"href":"https:\/\/sic.nodscloud.com\/nodsglobal\/wp-json\/wp\/v2\/comments?post=1584"}],"version-history":[{"count":8,"href":"https:\/\/sic.nodscloud.com\/nodsglobal\/wp-json\/wp\/v2\/pages\/1584\/revisions"}],"predecessor-version":[{"id":3383,"href":"https:\/\/sic.nodscloud.com\/nodsglobal\/wp-json\/wp\/v2\/pages\/1584\/revisions\/3383"}],"wp:attachment":[{"href":"https:\/\/sic.nodscloud.com\/nodsglobal\/wp-json\/wp\/v2\/media?parent=1584"}],"curies":[{"name":"wp","href":"https:\/\/api.w.org\/{rel}","templated":true}]}}