
{"id":1875,"date":"2021-07-13T16:33:10","date_gmt":"2021-07-13T16:33:10","guid":{"rendered":"https:\/\/sic.nodscloud.com\/nodsglobal\/?page_id=1875"},"modified":"2021-10-05T15:33:30","modified_gmt":"2021-10-05T15:33:30","slug":"requisitos-de-admision-americana","status":"publish","type":"page","link":"https:\/\/sic.nodscloud.com\/nodsglobal\/requisitos-de-admision-americana\/","title":{"rendered":"Requisitos de admisi\u00f3n &#8211; Americana"},"content":{"rendered":"<h3><strong>Requisitos de Admisi\u00f3n para aspirantes extranjeros<\/strong><\/h3>\n<p>&nbsp;<\/p>\n<ol>\n<li><strong> Examen de Aptitud Acad\u00e9mica<\/strong>\u00a0(Los resultados de Examen de Estado presentado por el aspirante en el pa\u00eds donde culmin\u00f3 sus estudios de educaci\u00f3n secundaria, equivalente al Examen de Estado Colombiano, si aplica.)<br \/>\n<a href=\"https:\/\/www.icfes.gov.co\/examenes-homologables\" target=\"_blank\" rel=\"noopener\">VER SITIO WEB<\/a><\/li>\n<li><strong>T\u00edtulo de bachiller<\/strong> (Apostillado por La Haya).<\/li>\n<li><strong>Pasaporte<\/strong><\/li>\n<\/ol>\n<p>&nbsp;<\/p>\n<p>&nbsp;<\/p>\n<p><strong>En caso de homologaci\u00f3n:<\/strong><\/p>\n<ol>\n<li>Certificado de notas \/ <b>Analitico parcial<\/b> (Se solicita a la universidad donde se curso y debe Apostillarse por La Haya)<\/li>\n<li><strong>Contenido de los programas.<\/strong><\/li>\n<li><strong>T\u00edtulo Universitario<\/strong> (Apostillado por La Haya)<\/li>\n<\/ol>\n<p>&nbsp;<\/p>\n<p>&nbsp;<\/p>\n<h3><strong>Transferencia Externa con Homologaci\u00f3n<\/strong><\/h3>\n<p>Para efectos de homologar cualquier asignatura la nota deber\u00e1 ser m\u00ednimo tres puntos cero (3.0).<\/p>\n<p><strong>P\u00e1rrafo 1:<\/strong> La Corporaci\u00f3n Universitaria Americana, s\u00f3lo homologar\u00e1 hasta el 60% de los cr\u00e9ditos acad\u00e9micos correspondientes a los planes de estudio de la instituci\u00f3n y ser\u00e1 responsabilidad de cada Director de Programa.<br \/>\n<strong>P\u00e1rrafo 2:<\/strong> Para las homologaciones solo se reconocer\u00e1n estudios realizados en los \u00faltimos cuatro (4) a\u00f1os. En casos especiales plenamente justificados, el Consejo de Facultad podr\u00e1 autorizar homologaciones de asignaturas con m\u00e1s de 4 a\u00f1os de realizadas.<br \/>\n<strong>P\u00e1rrafo 3:<\/strong> las asignaturas pr\u00e1cticas y de laboratorio no ser\u00e1n objeto de homologaci\u00f3n.<\/p>\n<p>&nbsp;<\/p>\n<p><strong>ART\u00cdCULO 25<\/strong>. En todo caso, cuando se solicite el reconocimiento de un curso y\/o asignatura sin el lleno de los requisitos correspondientes este ser\u00e1 negado, sin embargo, el estudiante tendr\u00e1 la opci\u00f3n de presentar un examen de suficiencia y cuya nota m\u00ednima deber\u00e1 ser de (3.0); con excepci\u00f3n de las asignaturas de pr\u00e1cticas y laboratorios.<\/p>\n<p>&nbsp;<\/p>\n<p><strong>ART\u00cdCULO 26<\/strong>. El reconocimiento de cr\u00e9ditos acad\u00e9micos podr\u00e1 solicitarse durante el proceso de matr\u00edcula y en el transcurso del primer semestre cursado por el estudiante en la Corporaci\u00f3n Universitaria Americana. El pronunciamiento se har\u00e1 mediante acta motivada que deber\u00e1 ser proferida antes del vencimiento de los plazos se\u00f1alados.<br \/>\n<strong>P\u00e1rrafo.<\/strong> En el caso que un estudiante no cumpla con los tiempos estipulados en este art\u00edculo, el Consejo de Facultad respectivo podr\u00e1 autorizar homologaciones por fuera de este tiempo, con el cumplimiento de todos los dem\u00e1s requisitos exigidos.<\/p>\n<p>&nbsp;<\/p>\n<p><strong>ART\u00cdCULO 27.<\/strong> La competencia del reconocimiento de homologaci\u00f3n de asignaturas es del Director o Coordinador Acad\u00e9mico, y estar\u00e1 sujeta a la evaluaci\u00f3n de los documentos presentados, al resultado de las pruebas espec\u00edficas, a la entrevista en caso tal de ser requerida, a la disponibilidad de cupos.<br \/>\n<strong>P\u00e1rrafo 1:<\/strong> Una vez reconocidas las asignaturas, la direcci\u00f3n del programa emitir\u00e1 un acta de homologaci\u00f3n, donde consten las asignaturas reconocidas. Una copia de este documento reposar\u00e1 en la hoja de vida del estudiante y la otra copia se le entregar\u00e1 al estudiante.<br \/>\n<strong>P\u00e1rrafo 2:<\/strong> En cuanto a la homologaci\u00f3n de competencia en segunda lengua, el Centro de Idiomas verificar\u00e1 la validez de las certificaciones expedidas por instituciones competentes y cuando no tenga tales certificaciones, con la realizaci\u00f3n de una prueba espec\u00edfica donde se determinen los niveles avalados.<br \/>\n<strong>P\u00e1rrafo 3:<\/strong> No est\u00e1 permitida la homologaci\u00f3n de asignaturas con componentes pr\u00e1cticos, talleres, consultorios jur\u00eddicos o cl\u00ednicas.<br \/>\n<strong>P\u00e1rrafo 4:<\/strong>\u00a0El Consejo Acad\u00e9mico podr\u00e1 ordenar la verificaci\u00f3n de la documentaci\u00f3n presentada por el aspirante.<\/p>\n<p>&nbsp;<\/p>\n<h3><strong>DE LA ADMISI\u00d3N<\/strong><\/h3>\n<p><strong>ART\u00cdCULO 29<\/strong>. De la Admisi\u00f3n: Es el proceso por medio del cual se acepta la solicitud de ingreso a un aspirante inscrito en un programa acad\u00e9mico ofrecido en la Corporaci\u00f3n Universitaria Americana.<\/p>\n<p>&nbsp;<\/p>\n<p><strong>ART\u00cdCULO 30<\/strong>. Del Examen de Admisi\u00f3n: El Consejo Acad\u00e9mico podr\u00e1 ordenar la aplicaci\u00f3n de un examen de admisi\u00f3n, cuando lo considere necesario, para seleccionar a los estudiantes nuevos.<br \/>\n<strong>P\u00e1rrafo 1:<\/strong> La Corporaci\u00f3n Universitaria Americana aplicar\u00e1 un examen diagn\u00f3stico en competencias b\u00e1sicas y lectoescritura a todos los estudiantes de primer ingreso de pregrado.<br \/>\n<strong>P\u00e1rrafo 2:<\/strong> Los resultados obtenidos del examen de diagn\u00f3stico ser\u00e1n utilizados para programar asignaturas de actualizaci\u00f3n acad\u00e9mica.<\/p>\n<p>&nbsp;<\/p>\n<p><strong>ART\u00cdCULO 31.<\/strong> De la Entrevista de Admisi\u00f3n: Todo estudiante inscrito a cualquiera de los programas acad\u00e9micos de pregrado o posgrado de la Corporaci\u00f3n Universitaria Americana debe presentar una entrevista, la que podr\u00e1 ser con el Decano(a) de Facultad, Director(a) o Coordinador(a) de Programa, Bienestar Universitario, o a quien se delegue de manera espec\u00edfica en cada programa.<\/p>\n<p>&nbsp;<\/p>\n<p><strong>ART\u00cdCULO 32<\/strong>. Objetivo general de la entrevista: La entrevista tiene como objetivo conocer algunos rasgos de las caracter\u00edsticas personales de los aspirantes, su motivaci\u00f3n y grado de expectativas del programa al que aspira.<br \/>\n<strong>P\u00e1rrafo 1:<\/strong> Para estudiantes bajo modalidad virtual y distancia, la entrevista ser\u00e1 por la plataforma virtual.<\/p>\n<p>&nbsp;<\/p>\n<p><strong>ART\u00cdCULO 35.<\/strong> Entrega de Resultados: Los resultados ser\u00e1n publicados por la oficina de Admisiones, Registro y Control Acad\u00e9mico donde se incluir\u00e1 el procedimiento a seguir para legalizar la matr\u00edcula de los estudiantes admitidos.<\/p>\n<p>&nbsp;<\/p>\n<p><strong>ART\u00cdCULO 36.<\/strong> Los aspirantes extranjeros con visa vigente para adelantar estudios en el pa\u00eds y nacionales que hubiesen hecho estudios en el exterior, adem\u00e1s de los requisitos establecidos por la Corporaci\u00f3n Universitaria Americana para su inscripci\u00f3n, deber\u00e1n acreditar sus estudios y cumplir con los requisitos establecidos para ellos en la legislaci\u00f3n colombiana y en los convenios internacionales.<\/p>\n<p>&nbsp;<\/p>\n<p><strong>ART\u00cdCULO 37.<\/strong> Los aspirantes tendr\u00e1n un proceso de acompa\u00f1amiento y pruebas diagn\u00f3sticas que se encuentran en el marco del reglamento de bienestar Institucional<\/p>\n<p>&nbsp;<\/p>\n<p>&nbsp;<\/p>\n<h3><strong>DE LA MATR\u00cdCULA<\/strong><\/h3>\n<p><strong>ART\u00cdCULO 38.<\/strong> De la Matr\u00edcula: Es un proceso mediante el cual, la persona admitida se incorpora a cualquier programa acad\u00e9mico de pregrado o posgrado, bajo la modalidad presencial, virtual y distancia de la Corporaci\u00f3n Universitaria Americana, y adquiere la calidad de estudiante, asumiendo el compromiso de cumplir con todos los reglamentos y normas de la Instituci\u00f3n.<br \/>\n<strong>P\u00e1rrafo:<\/strong> La matr\u00edcula deber\u00e1 ser renovada en cada per\u00edodo acad\u00e9mico siguiendo los procedimientos y fechas establecidas en el calendario acad\u00e9mico por la Corporaci\u00f3n Universitaria Americana.<\/p>\n<p>&nbsp;<\/p>\n<p><strong>ART\u00cdCULO 39<\/strong>. Requisitos de la Matr\u00edcula: Para efectuar la matr\u00edcula en la Instituci\u00f3n el estudiante debe cumplir con los siguientes requisitos:<br \/>\n<strong>P\u00e1rrafo 1:<\/strong> para los estudiantes en la modalidad virtual y a distancia matricularse implica pagar los derechos pecuniarios, informar a la coordinaci\u00f3n del programa, para que \u00e9sta legalice la matr\u00edcula.<br \/>\n<strong>P\u00e1rrafo 2:<\/strong> para los efectos de este reglamento ning\u00fan estudiante matriculado en programa virtual o distancia podr\u00e1 cursar dos programas acad\u00e9micos simult\u00e1neos.<\/p>\n<p>&nbsp;<\/p>\n<p>&nbsp;<\/p>\n<p>.<\/p>\n","protected":false},"excerpt":{"rendered":"<p>Requisitos de Admisi\u00f3n para aspirantes extranjeros &nbsp; Examen de Aptitud Acad\u00e9mica\u00a0(Los resultados de Examen de Estado presentado por el aspirante en el pa\u00eds donde culmin\u00f3 sus estudios de educaci\u00f3n secundaria, equivalente al Examen de Estado Colombiano, si aplica.) VER SITIO WEB T\u00edtulo de bachiller (Apostillado&#8230;<\/p>\n","protected":false},"author":1,"featured_media":0,"parent":0,"menu_order":0,"comment_status":"closed","ping_status":"closed","template":"","meta":{"footnotes":""},"class_list":["post-1875","page","type-page","status-publish","hentry"],"aioseo_notices":[],"_links":{"self":[{"href":"https:\/\/sic.nodscloud.com\/nodsglobal\/wp-json\/wp\/v2\/pages\/1875","targetHints":{"allow":["GET"]}}],"collection":[{"href":"https:\/\/sic.nodscloud.com\/nodsglobal\/wp-json\/wp\/v2\/pages"}],"about":[{"href":"https:\/\/sic.nodscloud.com\/nodsglobal\/wp-json\/wp\/v2\/types\/page"}],"author":[{"embeddable":true,"href":"https:\/\/sic.nodscloud.com\/nodsglobal\/wp-json\/wp\/v2\/users\/1"}],"replies":[{"embeddable":true,"href":"https:\/\/sic.nodscloud.com\/nodsglobal\/wp-json\/wp\/v2\/comments?post=1875"}],"version-history":[{"count":10,"href":"https:\/\/sic.nodscloud.com\/nodsglobal\/wp-json\/wp\/v2\/pages\/1875\/revisions"}],"predecessor-version":[{"id":2255,"href":"https:\/\/sic.nodscloud.com\/nodsglobal\/wp-json\/wp\/v2\/pages\/1875\/revisions\/2255"}],"wp:attachment":[{"href":"https:\/\/sic.nodscloud.com\/nodsglobal\/wp-json\/wp\/v2\/media?parent=1875"}],"curies":[{"name":"wp","href":"https:\/\/api.w.org\/{rel}","templated":true}]}}