
{"id":2122,"date":"2021-08-30T13:06:54","date_gmt":"2021-08-30T13:06:54","guid":{"rendered":"https:\/\/sic.nodscloud.com\/nodsglobal\/?page_id=2122"},"modified":"2022-09-26T17:45:58","modified_gmt":"2022-09-26T17:45:58","slug":"brochures-americana","status":"publish","type":"page","link":"https:\/\/sic.nodscloud.com\/nodsglobal\/brochures-americana\/","title":{"rendered":"Brochures &#8211; AMERICANA"},"content":{"rendered":"<h2 style=\"text-align: center;\"><strong>Brochures<\/strong><\/h2>\n<p>&nbsp;<\/p>\n<p style=\"text-align: center;\"><a href=\"https:\/\/sic.nodscloud.com\/nodsglobal\/wp-content\/uploads\/sites\/3\/2021\/10\/contaduria.pdf\" target=\"_blank\" rel=\"noopener\">Contadur\u00eda P\u00fablica<\/a><\/p>\n<p style=\"text-align: center;\"><a href=\"https:\/\/sic.nodscloud.com\/nodsglobal\/wp-content\/uploads\/sites\/3\/2021\/10\/administracion-de-empresas.pdf\" target=\"_blank\" rel=\"noopener\">Administraci\u00f3n de Empresas<\/a><\/p>\n<p style=\"text-align: center;\"><a href=\"https:\/\/sic.nodscloud.com\/nodsglobal\/wp-content\/uploads\/sites\/3\/2021\/10\/ingenieria-industrial.pdf\" target=\"_blank\" rel=\"noopener\">Ingenier\u00eda Industrial<\/a><\/p>\n<p style=\"text-align: center;\"><a href=\"https:\/\/sic.nodscloud.com\/nodsglobal\/wp-content\/uploads\/sites\/3\/2021\/10\/Negocios-internacionales.pdf\" target=\"_blank\" rel=\"noopener\">Negocios Internacionales<\/a><\/p>\n<p>&nbsp;<\/p>\n<p>&nbsp;<\/p>\n<p style=\"text-align: center;\"><a href=\"https:\/\/sic.nodscloud.com\/americana\/wp-content\/uploads\/sites\/9\/2022\/09\/PLAN-DE-ESTUDIOS-ESP.-GERENCIA-DE-PROYECTOS-VIRTUAL-.pdf\" target=\"_blank\" rel=\"noopener\">ESPECIALIZACIO\u0301N EN GERENCIA DE PROYECTOS<\/a><\/p>\n<p style=\"text-align: center;\"><a href=\"https:\/\/sic.nodscloud.com\/americana\/wp-content\/uploads\/sites\/9\/2022\/09\/PLAN-DE-ESTUDIOS-ESPECIALIZACIO\u0301N-EN-INNOVACIO\u0301N-EDUCATIVA-Y-TICS.pdf\" target=\"_blank\" rel=\"noopener\">ESPECIALIZACIO\u0301N EN INNOVACIO\u0301N EDUCATIVA Y TICS<\/a><\/p>\n<p>&nbsp;<\/p>\n<p>&nbsp;<\/p>\n<p>&nbsp;<\/p>\n<p>.<\/p>\n","protected":false},"excerpt":{"rendered":"<p>Brochures &nbsp; Contadur\u00eda P\u00fablica Administraci\u00f3n de Empresas Ingenier\u00eda Industrial Negocios Internacionales &nbsp; &nbsp; ESPECIALIZACIO\u0301N EN GERENCIA DE PROYECTOS ESPECIALIZACIO\u0301N EN INNOVACIO\u0301N EDUCATIVA Y TICS &nbsp; &nbsp; &nbsp; .<\/p>\n","protected":false},"author":2,"featured_media":0,"parent":0,"menu_order":0,"comment_status":"closed","ping_status":"closed","template":"","meta":{"footnotes":""},"class_list":["post-2122","page","type-page","status-publish","hentry"],"aioseo_notices":[],"_links":{"self":[{"href":"https:\/\/sic.nodscloud.com\/nodsglobal\/wp-json\/wp\/v2\/pages\/2122","targetHints":{"allow":["GET"]}}],"collection":[{"href":"https:\/\/sic.nodscloud.com\/nodsglobal\/wp-json\/wp\/v2\/pages"}],"about":[{"href":"https:\/\/sic.nodscloud.com\/nodsglobal\/wp-json\/wp\/v2\/types\/page"}],"author":[{"embeddable":true,"href":"https:\/\/sic.nodscloud.com\/nodsglobal\/wp-json\/wp\/v2\/users\/2"}],"replies":[{"embeddable":true,"href":"https:\/\/sic.nodscloud.com\/nodsglobal\/wp-json\/wp\/v2\/comments?post=2122"}],"version-history":[{"count":5,"href":"https:\/\/sic.nodscloud.com\/nodsglobal\/wp-json\/wp\/v2\/pages\/2122\/revisions"}],"predecessor-version":[{"id":3198,"href":"https:\/\/sic.nodscloud.com\/nodsglobal\/wp-json\/wp\/v2\/pages\/2122\/revisions\/3198"}],"wp:attachment":[{"href":"https:\/\/sic.nodscloud.com\/nodsglobal\/wp-json\/wp\/v2\/media?parent=2122"}],"curies":[{"name":"wp","href":"https:\/\/api.w.org\/{rel}","templated":true}]}}