
{"id":2222,"date":"2021-09-28T14:45:34","date_gmt":"2021-09-28T14:45:34","guid":{"rendered":"https:\/\/sic.nodscloud.com\/nodsglobal\/?page_id=2222"},"modified":"2022-09-02T17:02:56","modified_gmt":"2022-09-02T17:02:56","slug":"americana-contestaciones-de-whatsapp","status":"publish","type":"page","link":"https:\/\/sic.nodscloud.com\/nodsglobal\/americana-contestaciones-de-whatsapp\/","title":{"rendered":"AMERICANA &#8211; Contestaciones de Whatsapp"},"content":{"rendered":"<div>\n<h1 style=\"text-align: center;\"><strong>Contestaciones frecuentes para WhatsApp<\/strong><\/h1>\n<p>&nbsp;<\/p>\n<p>&nbsp;<\/p>\n<h4><strong>PRIMER CONTACTO<\/strong><\/h4>\n<div>\n<p><span class=\"im\">\u00a1Hola ! Soy Melina, tu asesora del equipo de Corporaci\u00f3n Universitaria Americana<br \/>\n<img decoding=\"async\" class=\"an1\" src=\"https:\/\/fonts.gstatic.com\/s\/e\/notoemoji\/14.0\/1f973\/32.png\" alt=\"\ud83e\udd73\" data-emoji=\"\ud83e\udd73\" aria-label=\"\ud83e\udd73\" \/>\u00a0\u00a1Felicitaciones!\u00a0<img decoding=\"async\" class=\"an1\" src=\"https:\/\/fonts.gstatic.com\/s\/e\/notoemoji\/14.0\/1f973\/32.png\" alt=\"\ud83e\udd73\" data-emoji=\"\ud83e\udd73\" aria-label=\"\ud83e\udd73\" \/> Hemos aprobado tu solicitud para la carrera de XX y te otorgamos la bonificaci\u00f3n en la matr\u00edcula si aplicas en Abril 2022.<br \/>\n<\/span>Espero tu confirmaci\u00f3n para ponernos en contacto\u00a0<img decoding=\"async\" class=\"an1\" src=\"https:\/\/fonts.gstatic.com\/s\/e\/notoemoji\/14.0\/1f4de\/32.png\" alt=\"\ud83d\udcde\" data-emoji=\"\ud83d\udcde\" aria-label=\"\ud83d\udcde\" \/>, para asesorarte sobre la inscripci\u00f3n, modalidades de pago, el programa de la carrera y nuestra metodolog\u00eda de estudio que es \u00fanica en el mundo<\/p>\n<p>\u00bfQuieres continuar por aqu\u00ed o prefieres un llamado telef\u00f3nico?<\/p>\n<\/div>\n<\/div>\n<p>&nbsp;<\/p>\n<p>&nbsp;<\/p>\n<p>&nbsp;<\/p>\n<div>\n<h4><strong>NO CONTACTO<\/strong><\/h4>\n<p>\u00a1Hola! \u00bfC\u00f3mo est\u00e1s?\u00a0<img decoding=\"async\" class=\"an1\" src=\"https:\/\/fonts.gstatic.com\/s\/e\/notoemoji\/14.0\/1f44b_1f3fb\/32.png\" alt=\"\ud83d\udc4b\ud83c\udffb\" data-emoji=\"\ud83d\udc4b\ud83c\udffb\" aria-label=\"\ud83d\udc4b\ud83c\udffb\" \/><\/p>\n<div>\n<div>Mi nombre es Melina, soy tu asesora educativa de Coorporacion Universitaria Americana.<br \/>\nHe recibido tu inter\u00e9s por \u00a0la carrera en &lt;&lt;programa&gt;&gt;. Intent\u00e9 comunicarme telef\u00f3nicamente para brindarte m\u00e1s informaci\u00f3n pero no tuve \u00e9xito.\u00a0<img decoding=\"async\" class=\"an1\" src=\"https:\/\/fonts.gstatic.com\/s\/e\/notoemoji\/14.0\/1f614\/32.png\" alt=\"\ud83d\ude14\" data-emoji=\"\ud83d\ude14\" aria-label=\"\ud83d\ude14\" \/><br \/>\nIndicame un horario de tu comodidad para comunicarme nuevamente y brindarte toda la informaci\u00f3n necesaria.\u00a0<img decoding=\"async\" class=\"an1\" src=\"https:\/\/fonts.gstatic.com\/s\/e\/notoemoji\/14.0\/1f4dd\/32.png\" alt=\"\ud83d\udcdd\" data-emoji=\"\ud83d\udcdd\" aria-label=\"\ud83d\udcdd\" \/><\/div>\n<div>\u00bfTe queda c\u00f3modo un horario por la ma\u00f1ana o por la tarde?\u00a0<img decoding=\"async\" class=\"an1\" src=\"https:\/\/fonts.gstatic.com\/s\/e\/notoemoji\/14.0\/23f0\/32.png\" alt=\"\u23f0\" data-emoji=\"\u23f0\" aria-label=\"\u23f0\" \/><\/div>\n<\/div>\n<\/div>\n<div><\/div>\n<div><\/div>\n<div><\/div>\n<div><\/div>\n<div>\n<h4><strong>NUEVO BLOQUE &#8211; 2 DE NOVIEMBRE 50% OFF<\/strong><\/h4>\n<p><strong>\u00a1No pierdas el a\u00f1o! &#8211; \u00daltimo ingreso 2 de Noviembre 50% OFF<\/strong><\/p>\n<p>Hola \ud83d\udc4b\ud83c\udffb, \u00bfComo estas?<br \/>\nMi nombre es <span style=\"color: #ff0000;\">&lt;&lt;nombre del asesor&gt;&gt;<\/span>, soy tu asesor educativo de Universidad Americana.<\/p>\n<p>Sabemos que tu meta es formarte como profesional, por eso queremos acompa\u00f1arte a iniciar este camino.<br \/>\nIniciando tus estudios el 2 de noviembre abonas el 50% del total del semestre.*<\/p>\n<p>\u00bfTe interesa que agendemos un llamado telef\u00f3nico o prefieres asesoramiento por este medio? \u23f0\u260e\ufe0f<br \/>\nInscr\u00edbete ahora y congela el arancel al valor 2021.<\/p>\n<p>*solo cursar\u00e1s 8 cr\u00e9ditos, que corresponden a medio semestre.<\/p>\n<p>&nbsp;<\/p>\n<p>&nbsp;<\/p>\n<p>&nbsp;<\/p>\n<p>&nbsp;<\/p>\n<h4><b>MSJ PARA INTERESADOS<\/b><\/h4>\n<div><span style=\"color: #ff0000;\">&lt;&lt;Nombre&gt;&gt;<\/span> sabemos que est\u00e1s interesado en la carrera de <span style=\"color: #ff0000;\">&lt;&lt;Programa&gt;&gt;<\/span> y queremos que no pierdas el a\u00f1o.<\/div>\n<div>Iniciando tus estudios el 2 de noviembre abonas el 50% del total del semestre.*<br \/>\n\u00bfTe interesa que agendemos un llamado telef\u00f3nico o prefieres asesoramiento por este medio?\u00a0<img decoding=\"async\" class=\"an1\" src=\"https:\/\/fonts.gstatic.com\/s\/e\/notoemoji\/13.1.1\/23f0\/32.png\" alt=\"\u23f0\" data-emoji=\"\u23f0\" aria-label=\"\u23f0\" \/><img decoding=\"async\" class=\"an1\" src=\"https:\/\/fonts.gstatic.com\/s\/e\/notoemoji\/13.1.1\/260e_fe0f\/32.png\" alt=\"\u260e\ufe0f\" data-emoji=\"\u260e\ufe0f\" aria-label=\"\u260e\ufe0f\" \/><br \/>\n<b>Inscr\u00edbete ahora y congela el arancel al valor 2021.<br \/>\n<\/b><br \/>\n*solo cursar\u00e1s 8 cr\u00e9ditos, que corresponden a medio semestre.<\/div>\n<div>\n<div><\/div>\n<div><\/div>\n<div><\/div>\n<div><\/div>\n<div><\/div>\n<div><strong>MSJ DE RECONTACTO<\/strong><\/div>\n<\/div>\n<div>\u00a1Hola! Buenos d\u00edas,<br \/>\n\u00bfQu\u00e9 te pareci\u00f3 la carrera en <span style=\"color: #ff0000;\">&lt;&lt;programa&gt;&gt;<\/span>?<br \/>\n\u00bfTienes alguna duda o consulta que quieras hacernos?<\/div>\n<div><\/div>\n<div><\/div>\n<div><\/div>\n<div><\/div>\n<div>.<\/div>\n<\/div>\n<div><\/div>\n","protected":false},"excerpt":{"rendered":"<p>Contestaciones frecuentes para WhatsApp &nbsp; &nbsp; PRIMER CONTACTO \u00a1Hola ! Soy Melina, tu asesora del equipo de Corporaci\u00f3n Universitaria Americana \u00a0\u00a1Felicitaciones!\u00a0 Hemos aprobado tu solicitud para la carrera de XX y te otorgamos la bonificaci\u00f3n en la matr\u00edcula si aplicas en Abril 2022. Espero tu&#8230;<\/p>\n","protected":false},"author":16,"featured_media":0,"parent":0,"menu_order":0,"comment_status":"closed","ping_status":"closed","template":"","meta":{"footnotes":""},"class_list":["post-2222","page","type-page","status-publish","hentry"],"aioseo_notices":[],"_links":{"self":[{"href":"https:\/\/sic.nodscloud.com\/nodsglobal\/wp-json\/wp\/v2\/pages\/2222","targetHints":{"allow":["GET"]}}],"collection":[{"href":"https:\/\/sic.nodscloud.com\/nodsglobal\/wp-json\/wp\/v2\/pages"}],"about":[{"href":"https:\/\/sic.nodscloud.com\/nodsglobal\/wp-json\/wp\/v2\/types\/page"}],"author":[{"embeddable":true,"href":"https:\/\/sic.nodscloud.com\/nodsglobal\/wp-json\/wp\/v2\/users\/16"}],"replies":[{"embeddable":true,"href":"https:\/\/sic.nodscloud.com\/nodsglobal\/wp-json\/wp\/v2\/comments?post=2222"}],"version-history":[{"count":27,"href":"https:\/\/sic.nodscloud.com\/nodsglobal\/wp-json\/wp\/v2\/pages\/2222\/revisions"}],"predecessor-version":[{"id":3171,"href":"https:\/\/sic.nodscloud.com\/nodsglobal\/wp-json\/wp\/v2\/pages\/2222\/revisions\/3171"}],"wp:attachment":[{"href":"https:\/\/sic.nodscloud.com\/nodsglobal\/wp-json\/wp\/v2\/media?parent=2222"}],"curies":[{"name":"wp","href":"https:\/\/api.w.org\/{rel}","templated":true}]}}