
{"id":2846,"date":"2022-03-03T15:58:11","date_gmt":"2022-03-03T15:58:11","guid":{"rendered":"https:\/\/sic.nodscloud.com\/nodsglobal\/?page_id=2846"},"modified":"2024-07-02T15:36:17","modified_gmt":"2024-07-02T15:36:17","slug":"cuyo-brochures","status":"publish","type":"page","link":"https:\/\/sic.nodscloud.com\/nodsglobal\/cuyo-brochures\/","title":{"rendered":"CUYO &#8211; Brochures"},"content":{"rendered":"<h1 style=\"text-align: center;\"><span style=\"color: #008000;\"><strong><img decoding=\"async\" class=\"alignnone  wp-image-2911\" src=\"https:\/\/sic.nodscloud.com\/nodsglobal\/wp-content\/uploads\/sites\/3\/2022\/03\/logo-universidad-catolica-de-cuyo.png\" alt=\"\" width=\"219\" height=\"219\" srcset=\"https:\/\/sic.nodscloud.com\/nodsglobal\/wp-content\/uploads\/sites\/3\/2022\/03\/logo-universidad-catolica-de-cuyo.png 450w, https:\/\/sic.nodscloud.com\/nodsglobal\/wp-content\/uploads\/sites\/3\/2022\/03\/logo-universidad-catolica-de-cuyo-300x300.png 300w, https:\/\/sic.nodscloud.com\/nodsglobal\/wp-content\/uploads\/sites\/3\/2022\/03\/logo-universidad-catolica-de-cuyo-150x150.png 150w\" sizes=\"(max-width: 219px) 100vw, 219px\" \/><\/strong><\/span><\/h1>\n<h1 style=\"text-align: center;\"><span style=\"color: #008000;\"><strong>Brochure<\/strong><\/span><\/h1>\n<p>&nbsp;<\/p>\n<h2><span style=\"color: #008000;\"><strong>Facultad de Derecho<\/strong><\/span><\/h2>\n<ul>\n<li><strong><a href=\"https:\/\/sic.nodscloud.com\/cuyo\/wp-content\/uploads\/sites\/20\/2022\/12\/CUYO_Abogacia-1.pdf\" target=\"_blank\" rel=\"noopener\"><span style=\"color: #0000ff;\">ABOGAC\u00cdA<\/span><\/a><\/strong><\/li>\n<li><a href=\"https:\/\/sic.nodscloud.com\/cuyo\/wp-content\/uploads\/sites\/20\/2022\/12\/CUYO_Tec.-Univ.-en-Asistencia-Juridica-y-Gestion-Judicial-1.pdf\" target=\"_blank\" rel=\"noopener\"><strong><span style=\"color: #0000ff;\">TECNICATURA UNIVERSITARIA EN ASISTENCIA JUR\u00cdDICA Y GESTI\u00d3N JUDICIAL<\/span><\/strong><\/a><\/li>\n<li><a href=\"https:\/\/sic.nodscloud.com\/cuyo\/wp-content\/uploads\/sites\/20\/2022\/12\/CUYO_Tec.-en-Gestion-Legislativa.pdf\" target=\"_blank\" rel=\"noopener\"><strong><span style=\"color: #0000ff;\">TECNICATURA UNIVERSITARIA EN GESTI\u00d3N LEGISLATIVA<\/span><\/strong><\/a><\/li>\n<li><a href=\"https:\/\/sic.nodscloud.com\/cuyo\/wp-content\/uploads\/sites\/20\/2022\/12\/CUYO_Tec.-en-Gestion-de-la-Adm.-Publica.pdf\" target=\"_blank\" rel=\"noopener\"><strong><span style=\"color: #0000ff;\">TECNICATURA UNIVERSITARIA EN GESTI\u00d3N DE LA ADMINISTRACI\u00d3N P\u00daBLICA<\/span><\/strong><\/a><\/li>\n<\/ul>\n<h1><\/h1>\n<p>&nbsp;<\/p>\n<h2><strong><span style=\"color: #008000;\">Facultad de Filosof\u00eda\u00a0<\/span><\/strong><\/h2>\n<ul>\n<li><strong><a href=\"https:\/\/sic.nodscloud.com\/nodsglobal\/wp-content\/uploads\/sites\/3\/2024\/07\/LIC.-EN-ACOMPANANTE-TERAPEUTICO-2024.pdf\" target=\"_blank\" rel=\"noopener\"><span style=\"color: #0000ff;\">LICENCIATURA EN ACOMPA\u00d1AMIENTO TERAP\u00c9UTICO CCC<strong style=\"color: #008000;\"><img decoding=\"async\" class=\"alignnone  wp-image-4877\" src=\"https:\/\/sic.nodscloud.com\/nodsglobal\/wp-content\/uploads\/sites\/3\/2024\/07\/nuevo.png\" alt=\"\" width=\"36\" height=\"26\" srcset=\"https:\/\/sic.nodscloud.com\/nodsglobal\/wp-content\/uploads\/sites\/3\/2024\/07\/nuevo.png 474w, https:\/\/sic.nodscloud.com\/nodsglobal\/wp-content\/uploads\/sites\/3\/2024\/07\/nuevo-300x218.png 300w\" sizes=\"(max-width: 36px) 100vw, 36px\" \/><\/strong><\/span><\/a><\/strong><\/li>\n<li><strong><a href=\"https:\/\/sic.nodscloud.com\/nodsglobal\/wp-content\/uploads\/sites\/3\/2024\/07\/Tec.-Univ.-Acompanante-Terapeutico.pdf\" target=\"_blank\" rel=\"noopener\"><span style=\"color: #0000ff;\">TECNICATURA UNIVERSITARIA EN ACOMPA\u00d1AMIENTO TERAP\u00c9UTICO<strong style=\"color: #008000;\"><img decoding=\"async\" class=\"alignnone  wp-image-4877\" src=\"https:\/\/sic.nodscloud.com\/nodsglobal\/wp-content\/uploads\/sites\/3\/2024\/07\/nuevo.png\" alt=\"\" width=\"36\" height=\"26\" srcset=\"https:\/\/sic.nodscloud.com\/nodsglobal\/wp-content\/uploads\/sites\/3\/2024\/07\/nuevo.png 474w, https:\/\/sic.nodscloud.com\/nodsglobal\/wp-content\/uploads\/sites\/3\/2024\/07\/nuevo-300x218.png 300w\" sizes=\"(max-width: 36px) 100vw, 36px\" \/><\/strong><\/span><\/a><\/strong><\/li>\n<li><strong><span style=\"color: #0000ff;\"><a style=\"color: #0000ff;\" href=\"https:\/\/sic.nodscloud.com\/nodsglobal\/wp-content\/uploads\/sites\/3\/2024\/07\/Licenciatura-en-RRHH_2024.pdf\" target=\"_blank\" rel=\"noopener\">LICENCIATURA EN RECURSOS HUMANOS &#8211; CCC<strong style=\"color: #008000;\"><img decoding=\"async\" class=\"alignnone  wp-image-4877\" src=\"https:\/\/sic.nodscloud.com\/nodsglobal\/wp-content\/uploads\/sites\/3\/2024\/07\/nuevo.png\" alt=\"\" width=\"36\" height=\"26\" srcset=\"https:\/\/sic.nodscloud.com\/nodsglobal\/wp-content\/uploads\/sites\/3\/2024\/07\/nuevo.png 474w, https:\/\/sic.nodscloud.com\/nodsglobal\/wp-content\/uploads\/sites\/3\/2024\/07\/nuevo-300x218.png 300w\" sizes=\"(max-width: 36px) 100vw, 36px\" \/><\/strong><\/a><\/span><\/strong><\/li>\n<li><a href=\"https:\/\/sic.nodscloud.com\/nodsglobal\/wp-content\/uploads\/sites\/3\/2024\/07\/Tec.-Univ.-en-RRHH-y-Relaciones-Laborales.pdf\" target=\"_blank\" rel=\"noopener\"><strong><span style=\"color: #0000ff;\">TECNICATURA UNIVERSITARIA EN RECURSOS HUMANOS Y RELACIONES LABORALES<strong style=\"color: #008000;\"><img decoding=\"async\" class=\"alignnone  wp-image-4877\" src=\"https:\/\/sic.nodscloud.com\/nodsglobal\/wp-content\/uploads\/sites\/3\/2024\/07\/nuevo.png\" alt=\"\" width=\"36\" height=\"26\" srcset=\"https:\/\/sic.nodscloud.com\/nodsglobal\/wp-content\/uploads\/sites\/3\/2024\/07\/nuevo.png 474w, https:\/\/sic.nodscloud.com\/nodsglobal\/wp-content\/uploads\/sites\/3\/2024\/07\/nuevo-300x218.png 300w\" sizes=\"(max-width: 36px) 100vw, 36px\" \/><\/strong><\/span><\/strong><\/a><\/li>\n<\/ul>\n<p>&nbsp;<\/p>\n<h2><span style=\"color: #008000;\"><strong>Facultad de Educaci\u00f3n\u00a0<\/strong><\/span><\/h2>\n<ul>\n<li><strong><span style=\"color: #0000ff;\"><a style=\"color: #0000ff;\" href=\"https:\/\/sic.nodscloud.com\/cuyo\/wp-content\/uploads\/sites\/20\/2022\/12\/CUYO_Licenciatura-en-Actividad-Fisica.pdf\" target=\"_blank\" rel=\"noopener\">LICENCIATURA EN ACTIVIDAD F\u00cdSICA -CCC<\/a><\/span><\/strong><\/li>\n<li><strong><span style=\"color: #0000ff;\"><a style=\"color: #0000ff;\" href=\"https:\/\/sic.nodscloud.com\/nodsglobal\/wp-content\/uploads\/sites\/3\/2024\/07\/CUYO_Licenciatura-en-Educacion-Inclusiva.pdf\" target=\"_blank\" rel=\"noopener\">LICENCIATURA EN EDUCACI\u00d3N INCLUSIVA- CCC<strong style=\"color: #008000;\"><img decoding=\"async\" class=\"alignnone  wp-image-4877\" src=\"https:\/\/sic.nodscloud.com\/nodsglobal\/wp-content\/uploads\/sites\/3\/2024\/07\/nuevo.png\" alt=\"\" width=\"36\" height=\"26\" srcset=\"https:\/\/sic.nodscloud.com\/nodsglobal\/wp-content\/uploads\/sites\/3\/2024\/07\/nuevo.png 474w, https:\/\/sic.nodscloud.com\/nodsglobal\/wp-content\/uploads\/sites\/3\/2024\/07\/nuevo-300x218.png 300w\" sizes=\"(max-width: 36px) 100vw, 36px\" \/><\/strong><\/a><\/span><\/strong><\/li>\n<li><strong><span style=\"color: #0000ff;\"><a style=\"color: #0000ff;\" href=\"https:\/\/sic.nodscloud.com\/cuyo\/wp-content\/uploads\/sites\/20\/2022\/12\/CUYO_Licenciatura-en-Gestion-Deportiva.pdf\" target=\"_blank\" rel=\"noopener\">LICENCIATURA EN GESTION DEPORTIVA -CCC<\/a><\/span><\/strong><\/li>\n<li><strong><span style=\"color: #0000ff;\"><a style=\"color: #0000ff;\" href=\"https:\/\/sic.nodscloud.com\/cuyo\/wp-content\/uploads\/sites\/20\/2022\/12\/CUYO_Licenciatura-en-Actividad-Fisica-Discapacidad-e-Inclusion.pdf\" target=\"_blank\" rel=\"noopener\">LICENCIATURA EN ACTIVIDAD F\u00cdSICA, DISCAPACIDAD E INCLUSI\u00d3N -CCC<\/a><\/span><\/strong><\/li>\n<li><a href=\"https:\/\/sic.nodscloud.com\/nodsglobal\/wp-content\/uploads\/sites\/3\/2023\/01\/CUYO_Maestria-en-Educacion-1.pdf\" target=\"_blank\" rel=\"noopener\"><strong><span style=\"color: #0000ff;\">MAESTR\u00cdA EN EDUCACI\u00d3N<\/span><\/strong><\/a><\/li>\n<li><span style=\"color: #0000ff;\"><strong><a style=\"color: #0000ff;\" href=\"https:\/\/sic.nodscloud.com\/nodsglobal\/wp-content\/uploads\/sites\/3\/2024\/07\/CUYO_Profesorado-Universitario.pdf\" target=\"_blank\" rel=\"noopener\">PROFESORADO UNIVERSITARIO <\/a><\/strong><\/span><strong style=\"color: #008000;\"><img decoding=\"async\" class=\"alignnone  wp-image-4877\" src=\"https:\/\/sic.nodscloud.com\/nodsglobal\/wp-content\/uploads\/sites\/3\/2024\/07\/nuevo.png\" alt=\"\" width=\"36\" height=\"26\" srcset=\"https:\/\/sic.nodscloud.com\/nodsglobal\/wp-content\/uploads\/sites\/3\/2024\/07\/nuevo.png 474w, https:\/\/sic.nodscloud.com\/nodsglobal\/wp-content\/uploads\/sites\/3\/2024\/07\/nuevo-300x218.png 300w\" sizes=\"(max-width: 36px) 100vw, 36px\" \/><\/strong><\/li>\n<\/ul>\n<p>&nbsp;<\/p>\n<p>&nbsp;<\/p>\n<p>&nbsp;<\/p>\n<h2><span style=\"color: #008000;\"><strong>Facultad Cs. Econ\u00f3micas\u00a0<\/strong><\/span><\/h2>\n<ul>\n<li><strong><a href=\"https:\/\/sic.nodscloud.com\/cuyo\/wp-content\/uploads\/sites\/20\/2022\/12\/CUYO_Contador-1.pdf\" target=\"_blank\" rel=\"noopener\"><span style=\"color: #0000ff;\">CONTADOR P\u00daBLICO<\/span><\/a><\/strong><\/li>\n<\/ul>\n<p>&nbsp;<\/p>\n<p>&nbsp;<\/p>\n<h2><span style=\"color: #008000;\"><strong>Escuela de Seguridad<\/strong><\/span><\/h2>\n<ul>\n<li><strong><span style=\"color: #0000ff;\"><a style=\"color: #0000ff;\" href=\"https:\/\/sic.nodscloud.com\/nodsglobal\/wp-content\/uploads\/sites\/3\/2023\/08\/UCCUYO-Lic.-en-Criminalistica-Brochure-.pdf\" target=\"_blank\" rel=\"noopener\">LICENCIATURA EN CRIMINAL\u00cdSTICA<\/a><\/span><\/strong><\/li>\n<\/ul>\n<p>&nbsp;<\/p>\n<h2><strong><span style=\"color: #008000;\">Facultad de Cs Qu\u00edmicas<\/span><\/strong><\/h2>\n<ul>\n<li><strong><span style=\"color: #0000ff;\"><a style=\"color: #0000ff;\" href=\"https:\/\/sic.nodscloud.com\/cuyo\/wp-content\/uploads\/sites\/20\/2022\/12\/CUYO_Licenciatura-en-Seguridad-y-Salud-Ocupacional.pdf\" target=\"_blank\" rel=\"noopener\">LICENCIATURA EN SEGURIDAD Y SALUD OCUPACIONAL (T\u00cdTULO INTERMEDIO: TEC. UNIV. EN HIGIENE Y SEGURIDAD LABORAL)<\/a><\/span><\/strong><\/li>\n<li><strong><span style=\"color: #0000ff;\"><a style=\"color: #0000ff;\" href=\"https:\/\/sic.nodscloud.com\/nodsglobal\/wp-content\/uploads\/sites\/3\/2024\/03\/Brochure-Gestion-Ambiental.pdf\" target=\"_blank\" rel=\"noopener\">LICENCIATURA EN GESTI\u00d3N AMBIENTAL (T\u00cdTULO INTERMEDIO: TEC. UNIV. EN SEGURIDAD AMBIENTAL)<\/a><\/span><\/strong><\/li>\n<\/ul>\n<p>&nbsp;<\/p>\n<p>&nbsp;<\/p>\n<p>&nbsp;<\/p>\n<h2><strong><span style=\"color: #008000;\">San Luis<\/span><\/strong><\/h2>\n<p>&nbsp;<\/p>\n<ul>\n<li><strong><a href=\"https:\/\/sic.nodscloud.com\/cuyo\/wp-content\/uploads\/sites\/20\/2022\/12\/CUYO_Administracion-1.pdf\" target=\"_blank\" rel=\"noopener\"><span style=\"color: #0000ff;\">LICENCIATURA EN ADMINISTRACI\u00d3N<\/span><\/a><\/strong><\/li>\n<li><a href=\"https:\/\/sic.nodscloud.com\/nodsglobal\/wp-content\/uploads\/sites\/3\/2023\/07\/CUYO_DIPLO.-EN-GEST-DE-EMP-APICOLAS_BROCHURE_compressed.pdf\" target=\"_blank\" rel=\"noopener\">\u00a0<span style=\"color: #0000ff;\"><strong>DIPLOMATURA EN GESTI\u00d3N DE EMPRESAS AP\u00cdCOLAS<\/strong><\/span><\/a><\/li>\n<li><a href=\"https:\/\/sic.nodscloud.com\/cuyo\/wp-content\/uploads\/sites\/20\/2022\/12\/CUYO_Tec.-Univ.-en-Auditoria-Bromatologica.pdf\" target=\"_blank\" rel=\"noopener\"><strong><span style=\"color: #0000ff;\">TECNICATURA UNIVERSITARIA EN AUDITOR\u00cdA BROMATOL\u00d3GICA<\/span><\/strong><\/a><\/li>\n<li><span style=\"color: #0000ff;\"><strong><a style=\"color: #0000ff;\" href=\"https:\/\/sic.nodscloud.com\/cuyo\/wp-content\/uploads\/sites\/20\/2022\/12\/CUYO_Lic.-en-Ceremonial-Imagen-y-Org.-de-Eventos-1.pdf\" target=\"_blank\" rel=\"noopener\">LICENCIATURA EN CEREMONIAL, IMAGEN Y ORGANIZACI\u00d3N DE EVENTOS (T\u00cdTULO INTERMEDIO: TEC. UNIV. EN CEREMONIAL, IMAGEN Y ORGANIZACI\u00d3N DE EVENTOS)<\/a><\/strong><\/span><\/li>\n<\/ul>\n<p>&nbsp;<\/p>\n<p>&nbsp;<\/p>\n<p>&nbsp;<\/p>\n<p>&nbsp;<\/p>\n<p>&nbsp;<\/p>\n<p>&nbsp;<\/p>\n<p>&nbsp;<\/p>\n","protected":false},"excerpt":{"rendered":"<p>Brochure &nbsp; Facultad de Derecho ABOGAC\u00cdA TECNICATURA UNIVERSITARIA EN ASISTENCIA JUR\u00cdDICA Y GESTI\u00d3N JUDICIAL TECNICATURA UNIVERSITARIA EN GESTI\u00d3N LEGISLATIVA TECNICATURA UNIVERSITARIA EN GESTI\u00d3N DE LA ADMINISTRACI\u00d3N P\u00daBLICA &nbsp; Facultad de Filosof\u00eda\u00a0 LICENCIATURA EN ACOMPA\u00d1AMIENTO TERAP\u00c9UTICO CCC TECNICATURA UNIVERSITARIA EN ACOMPA\u00d1AMIENTO TERAP\u00c9UTICO LICENCIATURA EN RECURSOS HUMANOS&#8230;<\/p>\n","protected":false},"author":16,"featured_media":0,"parent":0,"menu_order":0,"comment_status":"closed","ping_status":"closed","template":"","meta":{"footnotes":""},"class_list":["post-2846","page","type-page","status-publish","hentry"],"aioseo_notices":[],"_links":{"self":[{"href":"https:\/\/sic.nodscloud.com\/nodsglobal\/wp-json\/wp\/v2\/pages\/2846","targetHints":{"allow":["GET"]}}],"collection":[{"href":"https:\/\/sic.nodscloud.com\/nodsglobal\/wp-json\/wp\/v2\/pages"}],"about":[{"href":"https:\/\/sic.nodscloud.com\/nodsglobal\/wp-json\/wp\/v2\/types\/page"}],"author":[{"embeddable":true,"href":"https:\/\/sic.nodscloud.com\/nodsglobal\/wp-json\/wp\/v2\/users\/16"}],"replies":[{"embeddable":true,"href":"https:\/\/sic.nodscloud.com\/nodsglobal\/wp-json\/wp\/v2\/comments?post=2846"}],"version-history":[{"count":15,"href":"https:\/\/sic.nodscloud.com\/nodsglobal\/wp-json\/wp\/v2\/pages\/2846\/revisions"}],"predecessor-version":[{"id":4878,"href":"https:\/\/sic.nodscloud.com\/nodsglobal\/wp-json\/wp\/v2\/pages\/2846\/revisions\/4878"}],"wp:attachment":[{"href":"https:\/\/sic.nodscloud.com\/nodsglobal\/wp-json\/wp\/v2\/media?parent=2846"}],"curies":[{"name":"wp","href":"https:\/\/api.w.org\/{rel}","templated":true}]}}