
{"id":2983,"date":"2022-05-06T18:55:59","date_gmt":"2022-05-06T18:55:59","guid":{"rendered":"https:\/\/sic.nodscloud.com\/nodsglobal\/?page_id=2983"},"modified":"2024-04-26T13:26:51","modified_gmt":"2024-04-26T13:26:51","slug":"javeriana-proceso-de-admision","status":"publish","type":"page","link":"https:\/\/sic.nodscloud.com\/nodsglobal\/javeriana-proceso-de-admision\/","title":{"rendered":"JAVERIANA &#8211; Proceso de Admisi\u00f3n"},"content":{"rendered":"<h1><\/h1>\n<h1 style=\"text-align: center;\"><span style=\"color: #008000;\"><strong><img decoding=\"async\" class=\"alignnone  wp-image-3768\" src=\"https:\/\/sic.nodscloud.com\/nodsglobal\/wp-content\/uploads\/sites\/3\/2023\/11\/Logo_PUJ.png\" alt=\"\" width=\"223\" height=\"223\" srcset=\"https:\/\/sic.nodscloud.com\/nodsglobal\/wp-content\/uploads\/sites\/3\/2023\/11\/Logo_PUJ.png 480w, https:\/\/sic.nodscloud.com\/nodsglobal\/wp-content\/uploads\/sites\/3\/2023\/11\/Logo_PUJ-300x300.png 300w, https:\/\/sic.nodscloud.com\/nodsglobal\/wp-content\/uploads\/sites\/3\/2023\/11\/Logo_PUJ-150x150.png 150w\" sizes=\"(max-width: 223px) 100vw, 223px\" \/><\/strong><\/span><\/h1>\n<h1 style=\"text-align: center;\"><span style=\"color: #008000;\"><strong>Proceso de Admisi\u00f3n<\/strong><\/span><\/h1>\n<p>&nbsp;<\/p>\n<p style=\"text-align: center;\">\n<h2 style=\"text-align: center;\"><span style=\"color: #0000ff;\"><strong><span style=\"color: #000000;\">Instructivo plataforma Acceso: Registro, Pago y Agendamiento<\/span><\/strong><\/span><\/h2>\n<h2 style=\"text-align: center;\"><span style=\"color: #0000ff;\"><strong><a style=\"color: #0000ff;\" href=\"https:\/\/sic.nodscloud.com\/javeriana\/wp-content\/uploads\/sites\/22\/2022\/11\/Manual-de-Admisiones-Autoservicio-de-inscripcion-Pregrado-1.pdf\" target=\"_blank\" rel=\"noopener\">Ver Aqu\u00ed<\/a><\/strong><\/span><img decoding=\"async\" class=\"wp-image-4459 aligncenter\" src=\"https:\/\/sic.nodscloud.com\/nodsglobal\/wp-content\/uploads\/sites\/3\/2024\/04\/196-1960563_mouse-click-clique-hand-cursor-png-transparent-png-removebg-preview.png\" alt=\"\" width=\"25\" height=\"34\" srcset=\"https:\/\/sic.nodscloud.com\/nodsglobal\/wp-content\/uploads\/sites\/3\/2024\/04\/196-1960563_mouse-click-clique-hand-cursor-png-transparent-png-removebg-preview.png 432w, https:\/\/sic.nodscloud.com\/nodsglobal\/wp-content\/uploads\/sites\/3\/2024\/04\/196-1960563_mouse-click-clique-hand-cursor-png-transparent-png-removebg-preview-224x300.png 224w\" sizes=\"(max-width: 25px) 100vw, 25px\" \/><\/h2>\n<h2 style=\"text-align: center;\"><span style=\"color: #000000;\"><strong>Tipos de Inscripciones:<\/strong><\/span><\/h2>\n<h2 style=\"text-align: center;\"><a href=\"https:\/\/sic.nodscloud.com\/nodsglobal\/wp-content\/uploads\/sites\/3\/2023\/01\/Paso-a-Paso.pdf\"><span style=\"color: #0000ff;\">Ver Aqu\u00ed<\/span><\/a><a href=\"https:\/\/sic.nodscloud.com\/nodsglobal\/wp-content\/uploads\/sites\/3\/2023\/01\/Multiple-4.pdf\"><span style=\"color: #0000ff;\"><strong><img decoding=\"async\" class=\"alignnone  wp-image-4459 aligncenter\" src=\"https:\/\/sic.nodscloud.com\/nodsglobal\/wp-content\/uploads\/sites\/3\/2024\/04\/196-1960563_mouse-click-clique-hand-cursor-png-transparent-png-removebg-preview.png\" alt=\"\" width=\"27\" height=\"36\" srcset=\"https:\/\/sic.nodscloud.com\/nodsglobal\/wp-content\/uploads\/sites\/3\/2024\/04\/196-1960563_mouse-click-clique-hand-cursor-png-transparent-png-removebg-preview.png 432w, https:\/\/sic.nodscloud.com\/nodsglobal\/wp-content\/uploads\/sites\/3\/2024\/04\/196-1960563_mouse-click-clique-hand-cursor-png-transparent-png-removebg-preview-224x300.png 224w\" sizes=\"(max-width: 27px) 100vw, 27px\" \/><\/strong><\/span><\/a><\/h2>\n<h2 style=\"text-align: center;\"><span style=\"color: #000000;\"><strong>M\u00faltiple Programa (Requisitos y Condiciones)<\/strong><\/span><\/h2>\n<h2 style=\"text-align: center;\"><a href=\"https:\/\/sic.nodscloud.com\/nodsglobal\/wp-content\/uploads\/sites\/3\/2023\/01\/Multiple-4.pdf\"><span style=\"color: #0000ff;\">Ver Aqu\u00ed<\/span><\/a><a href=\"https:\/\/sic.nodscloud.com\/nodsglobal\/wp-content\/uploads\/sites\/3\/2023\/01\/Multiple-4.pdf\"><span style=\"color: #0000ff;\"><strong><img decoding=\"async\" class=\"alignnone  wp-image-4459 aligncenter\" src=\"https:\/\/sic.nodscloud.com\/nodsglobal\/wp-content\/uploads\/sites\/3\/2024\/04\/196-1960563_mouse-click-clique-hand-cursor-png-transparent-png-removebg-preview.png\" alt=\"\" width=\"27\" height=\"36\" srcset=\"https:\/\/sic.nodscloud.com\/nodsglobal\/wp-content\/uploads\/sites\/3\/2024\/04\/196-1960563_mouse-click-clique-hand-cursor-png-transparent-png-removebg-preview.png 432w, https:\/\/sic.nodscloud.com\/nodsglobal\/wp-content\/uploads\/sites\/3\/2024\/04\/196-1960563_mouse-click-clique-hand-cursor-png-transparent-png-removebg-preview-224x300.png 224w\" sizes=\"(max-width: 27px) 100vw, 27px\" \/><\/strong><\/span><\/a><\/h2>\n<h2 style=\"text-align: center;\"><span style=\"color: #000000;\"><strong>Criterios de Selecci\u00f3n &#8211; Pregado<\/strong><\/span><\/h2>\n<h2 style=\"text-align: center;\"><span style=\"color: #0000ff;\"><a style=\"color: #0000ff;\" href=\"https:\/\/sic.nodscloud.com\/javeriana\/wp-content\/uploads\/sites\/22\/2022\/05\/Criterios-de-seleccio\u0301n-Pregrado-Nuevo-1.pdf\" target=\"_blank\" rel=\"noopener\">Ver Aqu\u00ed<\/a><\/span><a href=\"https:\/\/sic.nodscloud.com\/nodsglobal\/wp-content\/uploads\/sites\/3\/2023\/01\/Multiple-4.pdf\"><span style=\"color: #0000ff;\"><strong><img decoding=\"async\" class=\"alignnone  wp-image-4459 aligncenter\" src=\"https:\/\/sic.nodscloud.com\/nodsglobal\/wp-content\/uploads\/sites\/3\/2024\/04\/196-1960563_mouse-click-clique-hand-cursor-png-transparent-png-removebg-preview.png\" alt=\"\" width=\"27\" height=\"36\" srcset=\"https:\/\/sic.nodscloud.com\/nodsglobal\/wp-content\/uploads\/sites\/3\/2024\/04\/196-1960563_mouse-click-clique-hand-cursor-png-transparent-png-removebg-preview.png 432w, https:\/\/sic.nodscloud.com\/nodsglobal\/wp-content\/uploads\/sites\/3\/2024\/04\/196-1960563_mouse-click-clique-hand-cursor-png-transparent-png-removebg-preview-224x300.png 224w\" sizes=\"(max-width: 27px) 100vw, 27px\" \/><\/strong><\/span><\/a><\/h2>\n<h2 style=\"text-align: center;\"><\/h2>\n<h2 style=\"text-align: center;\"><span style=\"color: #000000;\">Examenes Extranjeros &#8211; Examen Internacional\u00a0<\/span><\/h2>\n<h2 style=\"text-align: center;\"><span style=\"color: #0000ff;\"><strong><a style=\"color: #0000ff;\" href=\"https:\/\/sic.nodscloud.com\/javeriana\/wp-content\/uploads\/sites\/22\/2022\/05\/Examenes-extranjeros-Proceso-de-admision.pdf\" target=\"_blank\" rel=\"noopener\">Ver Aqu\u00ed<\/a><\/strong><\/span><a href=\"https:\/\/sic.nodscloud.com\/nodsglobal\/wp-content\/uploads\/sites\/3\/2023\/01\/Multiple-4.pdf\"><span style=\"color: #0000ff;\"><strong><img decoding=\"async\" class=\"alignnone  wp-image-4459 aligncenter\" src=\"https:\/\/sic.nodscloud.com\/nodsglobal\/wp-content\/uploads\/sites\/3\/2024\/04\/196-1960563_mouse-click-clique-hand-cursor-png-transparent-png-removebg-preview.png\" alt=\"\" width=\"27\" height=\"36\" srcset=\"https:\/\/sic.nodscloud.com\/nodsglobal\/wp-content\/uploads\/sites\/3\/2024\/04\/196-1960563_mouse-click-clique-hand-cursor-png-transparent-png-removebg-preview.png 432w, https:\/\/sic.nodscloud.com\/nodsglobal\/wp-content\/uploads\/sites\/3\/2024\/04\/196-1960563_mouse-click-clique-hand-cursor-png-transparent-png-removebg-preview-224x300.png 224w\" sizes=\"(max-width: 27px) 100vw, 27px\" \/><\/strong><\/span><\/a><\/h2>\n<h2 style=\"text-align: center;\"><strong><span style=\"color: #000000;\">Enlace para Convalidar Titulos del Extranjero en Colombia<\/span><\/strong><\/h2>\n<h2 style=\"text-align: center;\"><span style=\"color: #0000ff;\"><strong><a style=\"color: #0000ff;\" href=\"https:\/\/www.mineducacion.gov.co\/portal\/convalidaciones\/Convalidaciones-Educacion-Superior\/350670:Conozca-el-proceso\" target=\"_blank\" rel=\"noopener\">Ver Aqu\u00ed<\/a><\/strong><\/span><a href=\"https:\/\/sic.nodscloud.com\/nodsglobal\/wp-content\/uploads\/sites\/3\/2023\/01\/Multiple-4.pdf\"><span style=\"color: #0000ff;\"><strong><img decoding=\"async\" class=\"alignnone  wp-image-4459 aligncenter\" src=\"https:\/\/sic.nodscloud.com\/nodsglobal\/wp-content\/uploads\/sites\/3\/2024\/04\/196-1960563_mouse-click-clique-hand-cursor-png-transparent-png-removebg-preview.png\" alt=\"\" width=\"27\" height=\"36\" srcset=\"https:\/\/sic.nodscloud.com\/nodsglobal\/wp-content\/uploads\/sites\/3\/2024\/04\/196-1960563_mouse-click-clique-hand-cursor-png-transparent-png-removebg-preview.png 432w, https:\/\/sic.nodscloud.com\/nodsglobal\/wp-content\/uploads\/sites\/3\/2024\/04\/196-1960563_mouse-click-clique-hand-cursor-png-transparent-png-removebg-preview-224x300.png 224w\" sizes=\"(max-width: 27px) 100vw, 27px\" \/><\/strong><\/span><\/a><\/h2>\n<p>&nbsp;<\/p>\n<p>&nbsp;<\/p>\n<p>&nbsp;<\/p>\n<p>&nbsp;<\/p>\n<p>&nbsp;<\/p>\n<p>.<\/p>\n<p>&nbsp;<\/p>\n<p>&nbsp;<\/p>\n","protected":false},"excerpt":{"rendered":"<p>Proceso de Admisi\u00f3n &nbsp; Instructivo plataforma Acceso: Registro, Pago y Agendamiento Ver Aqu\u00ed Tipos de Inscripciones: Ver Aqu\u00ed M\u00faltiple Programa (Requisitos y Condiciones) Ver Aqu\u00ed Criterios de Selecci\u00f3n &#8211; Pregado Ver Aqu\u00ed Examenes Extranjeros &#8211; Examen Internacional\u00a0 Ver Aqu\u00ed Enlace para Convalidar Titulos del Extranjero&#8230;<\/p>\n","protected":false},"author":16,"featured_media":0,"parent":0,"menu_order":0,"comment_status":"closed","ping_status":"closed","template":"","meta":{"footnotes":""},"class_list":["post-2983","page","type-page","status-publish","hentry"],"aioseo_notices":[],"_links":{"self":[{"href":"https:\/\/sic.nodscloud.com\/nodsglobal\/wp-json\/wp\/v2\/pages\/2983","targetHints":{"allow":["GET"]}}],"collection":[{"href":"https:\/\/sic.nodscloud.com\/nodsglobal\/wp-json\/wp\/v2\/pages"}],"about":[{"href":"https:\/\/sic.nodscloud.com\/nodsglobal\/wp-json\/wp\/v2\/types\/page"}],"author":[{"embeddable":true,"href":"https:\/\/sic.nodscloud.com\/nodsglobal\/wp-json\/wp\/v2\/users\/16"}],"replies":[{"embeddable":true,"href":"https:\/\/sic.nodscloud.com\/nodsglobal\/wp-json\/wp\/v2\/comments?post=2983"}],"version-history":[{"count":11,"href":"https:\/\/sic.nodscloud.com\/nodsglobal\/wp-json\/wp\/v2\/pages\/2983\/revisions"}],"predecessor-version":[{"id":4488,"href":"https:\/\/sic.nodscloud.com\/nodsglobal\/wp-json\/wp\/v2\/pages\/2983\/revisions\/4488"}],"wp:attachment":[{"href":"https:\/\/sic.nodscloud.com\/nodsglobal\/wp-json\/wp\/v2\/media?parent=2983"}],"curies":[{"name":"wp","href":"https:\/\/api.w.org\/{rel}","templated":true}]}}