
{"id":3064,"date":"2022-07-04T17:49:21","date_gmt":"2022-07-04T17:49:21","guid":{"rendered":"https:\/\/sic.nodscloud.com\/nodsglobal\/?page_id=3064"},"modified":"2023-12-19T18:45:40","modified_gmt":"2023-12-19T18:45:40","slug":"cuyo-contestaciones-de-whatsapp","status":"publish","type":"page","link":"https:\/\/sic.nodscloud.com\/nodsglobal\/cuyo-contestaciones-de-whatsapp\/","title":{"rendered":"CUYO &#8211; Contestaciones de WHATSAPP"},"content":{"rendered":"<p><span style=\"color: #008000;\"><b>Saludo Inicial<\/b><\/span><\/p>\n<p><span style=\"font-weight: 400;\">\u00a1Hola\u00a0 &lt;&lt;nombre&gt;&gt; \ud83d\udc4b\ud83c\udffc! Soy <\/span><span style=\"font-weight: 400;\">&lt;&lt;nombre del asesor&gt;&gt;<\/span><span style=\"font-weight: 400;\">, asesor educativo de la Universidad Cat\u00f3lica de Cuyo.\u00a0<\/span><\/p>\n<h1 style=\"text-align: center;\"><\/h1>\n<p><span style=\"font-weight: 400;\">Recibimos tu inter\u00e9s para estudiar con nosotros, \u00bfpodr\u00edas se\u00f1alarme en qu\u00e9 programa est\u00e1s interesado?<\/span><\/p>\n<h1 style=\"text-align: center;\"><\/h1>\n<p><span style=\"font-weight: 400;\">Estoy a disposici\u00f3n para sacar todas tus dudas y ayudarte a aplicar a tus estudios. \ud83d\ude4c\ud83c\udffb<\/span><span style=\"font-weight: 400;\"><br \/>\n<\/span><span style=\"font-weight: 400;\">Antes de comenzar, me podr\u00e1s indicar los siguientes datos?<\/span><\/p>\n<p><span style=\"font-weight: 400;\">\ud83d\ude0a Nombre\/Apellido\u00a0<\/span><\/p>\n<p><span style=\"font-weight: 400;\">\ud83e\uddd1\u200d\ud83d\udcbb Carrera que te interesa<\/span><\/p>\n<p><span style=\"font-weight: 400;\">\ud83d\udce9 Email<\/span><\/p>\n<h1 style=\"text-align: center;\"><\/h1>\n<p><span style=\"font-weight: 400;\">\u00bfQuer\u00e9s que acordemos un llamado telef\u00f3nico o prefer\u00eds asesoramiento por este medio? \ud83d\udcf2 \u260e\ufe0f<\/span><\/p>\n<p>&nbsp;<\/p>\n<p>&nbsp;<\/p>\n<p>&nbsp;<\/p>\n<p>&nbsp;<\/p>\n<p><span style=\"color: #008000;\"><b>Saludo de despedida con venta<\/b><\/span><\/p>\n<p><span style=\"font-weight: 400;\">\u00a1Fue un gusto charlar con vos XXXX! \u00a1Tomaste una excelente decisi\u00f3n!\u00a0<\/span><\/p>\n<p><span style=\"font-weight: 400;\">Somos la mejor opci\u00f3n econ\u00f3mica y profesionalmente para tu futuro \ud83d\ude01<\/span><\/p>\n<p><span style=\"font-weight: 400;\"><br \/>\n<\/span><span style=\"font-weight: 400;\">Cualquier consulta o duda que haya quedado pendiente, puedes resolverla en este canal conmigo cuando gustes \ud83d\ude4c\ud83c\udffb \u00a1que tengas una excelente semana\/d\u00eda!<\/span><\/p>\n<p>&nbsp;<\/p>\n<p><span style=\"color: #008000;\"><b>Saludo de despedida SIN venta pero potencial.<\/b><\/span><\/p>\n<h1 style=\"text-align: center;\"><\/h1>\n<p><span style=\"font-weight: 400;\">\u00a1Fue un gusto charlar con vos XXXX!\u00a0<\/span><\/p>\n<p><span style=\"font-weight: 400;\">Somos la mejor opci\u00f3n econ\u00f3mica y profesionalmente para tu futuro \ud83d\ude01<\/span><\/p>\n<p><span style=\"font-weight: 400;\"><br \/>\n<\/span><span style=\"font-weight: 400;\">Cualquier consulta o duda que haya quedado pendiente, puedes resolverla en este canal conmigo cuando gustes \ud83d\ude4c\ud83c\udffb adem\u00e1s, como pactamos, te llamar\u00e9\/escribir\u00e9 el XX\/XX para que podamos ver si analizaste la propuesta. <\/span><span style=\"font-weight: 400;\"><br \/>\n<\/span><span style=\"font-weight: 400;\">\u00a1Que tengas una excelente semana\/d\u00eda!<\/span><\/p>\n<p>&nbsp;<\/p>\n<p><span style=\"color: #008000;\"><b>Informaci\u00f3n del programa<\/b><\/span><\/p>\n<h1 style=\"text-align: center;\"><\/h1>\n<p><span style=\"font-weight: 400;\">\ud83d\udcf2\u00a0 A trav\u00e9s de este medio te enviar\u00e9 m\u00e1s informaci\u00f3n acerca de la Tecnicatura en <\/span><span style=\"font-weight: 400;\">XXXXXXXXXX<\/span><span style=\"font-weight: 400;\"> y contarte sobre los beneficios de estudiar en nuestra Universidad.<\/span><\/p>\n<p>&nbsp;<\/p>\n<p><span style=\"color: #008000;\"><b>Informaci\u00f3n seg\u00fan corresponda el programa:<\/b><\/span><\/p>\n<p><span style=\"font-weight: 400;\">\ud83c\udf10Modalidad: Virtual<\/span><\/p>\n<p><span style=\"font-weight: 400;\">\ud83d\udcbbPlataforma:\u00a0<\/span><\/p>\n<p><span style=\"font-weight: 400;\">\ud83d\udcc6Fecha de inicio:\u00a0<\/span><\/p>\n<p><span style=\"font-weight: 400;\">\u23f3Duraci\u00f3n:\u00a0<\/span><\/p>\n<p><span style=\"font-weight: 400;\">Matr\u00edcula Anual: $<\/span><\/p>\n<p><span style=\"font-weight: 400;\">Arancel Semestral:\u00a0<\/span><\/p>\n<p><span style=\"font-weight: 400;\">\u26a0\ufe0fCarreras sujetas a cupo<\/span><span style=\"font-weight: 400;\"><br \/>\n<\/span><span style=\"font-weight: 400;\"><br \/>\n<\/span><span style=\"font-weight: 400;\">\ud83d\udcddRequisitos: <\/span><\/p>\n<p><span style=\"font-weight: 400;\">\u00a0<\/span><\/p>\n<p><span style=\"font-weight: 400;\">\u00bfTen\u00e9s alguna duda con respecto a lo que te coment\u00e9? \ud83d\ude01 \u00a1Estoy a disposici\u00f3n para ayudarte en cualquier consulta que tengas al respecto!<\/span><\/p>\n<p><span style=\"color: #ff0000;\"><b>Precios: Solamente informamos sobre matriculaci\u00f3n y arancelamiento al \u00faltimo: (a excepci\u00f3n de expreso pedido del aspirante)<\/b><\/span><\/p>\n<p><span style=\"font-weight: 400;\">A continuaci\u00f3n te paso el detalle de los costos:<\/span><\/p>\n<p><span style=\"font-weight: 400;\">Matr\u00edcula: $&#8230;&#8230;&#8230;<\/span><\/p>\n<p><span style=\"font-weight: 400;\">Arancel: $&#8230;&#8230;&#8230;&#8230;..<\/span><\/p>\n<p><span style=\"font-weight: 400;\">La cuota 2024 estar\u00e1 sujeta al IPC (\u00edndice de precio al consumidor) de San Juan\/San Luis<\/span><\/p>\n<p><span style=\"font-weight: 400;\">Medios de pago: SAN LUIS<\/span><\/p>\n<p><span style=\"font-weight: 400;\">\u2013 Mercado pago, plus pago, pago mis cuentas, red link, rapipago, san Juan servicios, o d\u00e9bito autom\u00e1tico (visa, mastercard, cata200, naranja, fiel, credencial).<\/span><\/p>\n<p><span style=\"font-weight: 400;\">\u2013 Con todos los medios se abona en un pago, excepto Mercado Pago y Plus Pago que tienen pago con tarjeta de cr\u00e9dito y pueden hacer cuotas pero las elige el alumno.<\/span><\/p>\n<p>&nbsp;<\/p>\n<p><span style=\"font-weight: 400;\">Medios de pago: SAN JUAN<\/span><\/p>\n<p><span style=\"font-weight: 400;\">Zenrise Td y Tc, Transferencia, Pago facil, Rapipago, Mercado Pago<\/span><\/p>\n<p>&nbsp;<\/p>\n<p><span style=\"color: #008000;\"><b>Mensaje de demora de respuesta. consulta:<\/b><\/span><\/p>\n<p><span style=\"font-weight: 400;\">-Dentro de las 24 horas h\u00e1biles estaremos brindando una respuesta a tu consulta. \u00a1Saludos!\u00a0<\/span><\/p>\n<p><span style=\"font-weight: 400;\">-Respecto a tu consulta puede haber una demora de 24 horas h\u00e1biles en la respuesta, te pedimos disculpas.\u00a0<\/span><\/p>\n<p><span style=\"font-weight: 400;\">-Gracias por comunicarse con nosotros, en la brevedad responderemos a tu consulta, puede haber una demora de hasta 24 horas h\u00e1biles.<\/span><\/p>\n<p>&nbsp;<\/p>\n<p><span style=\"color: #008000;\"><b>No hemos podido contactarte<\/b><\/span><\/p>\n<p><span style=\"font-weight: 400;\"><br \/>\n<\/span><span style=\"font-weight: 400;\">\u00a1Hola <\/span><span style=\"font-weight: 400;\">&lt;&lt;nombre&gt;&gt;<\/span><span style=\"font-weight: 400;\">!\ud83d\udc4b\ud83c\udffb<\/span><\/p>\n<h1 style=\"text-align: center;\"><\/h1>\n<p><span style=\"font-weight: 400;\">Mi nombre es <\/span><span style=\"font-weight: 400;\">&lt;&lt;nombre del asesor&gt;&gt;<\/span><span style=\"font-weight: 400;\">, asesor educativo de la Universidad Cat\u00f3lica de Cuyo.\u00a0<\/span><\/p>\n<p><span style=\"font-weight: 400;\">He recibido tu inter\u00e9s por la Tecnicatura en<\/span><span style=\"font-weight: 400;\"> XXXXXXXXX<\/span><span style=\"font-weight: 400;\"> . Intent\u00e9 comunicarme telef\u00f3nicamente para brindarte m\u00e1s informaci\u00f3n pero no tuve \u00e9xito. \ud83d\ude14<\/span><\/p>\n<h1 style=\"text-align: center;\"><\/h1>\n<p><span style=\"font-weight: 400;\">\u23f0 Si as\u00ed lo deseas, indicame un horario de tu comodidad para comunicarme nuevamente y brindarte toda la informaci\u00f3n necesaria. <\/span><span style=\"font-weight: 400;\"><br \/>\n<\/span><span style=\"font-weight: 400;\">O por el contrario, si la comunicaci\u00f3n te queda m\u00e1s c\u00f3moda por ac\u00e1, \u00a1podemos seguir por este medio! \ud83d\udcdd<\/span><\/p>\n<h1 style=\"text-align: center;\"><\/h1>\n<p>&nbsp;<\/p>\n<p><span style=\"color: #008000;\"><b>Mensaje de Recupero<\/b><\/span><b><\/p>\n<p><\/b><\/p>\n<p><span style=\"font-weight: 400;\">Buenas tardes\u00a0 <\/span><span style=\"font-weight: 400;\">&lt;&lt;nombre&gt;&gt;<\/span> <span style=\"font-weight: 400;\">\ud83d\udc4b\ud83c\udffb Te escribe nuevamente<\/span><i><span style=\"font-weight: 400;\"> XXXXXX<\/span><\/i><\/p>\n<p><span style=\"font-weight: 400;\">\u00bfPudiste analizar nuestra propuesta acad\u00e9mica? \u00bfTomaste alguna decisi\u00f3n al respecto o quiz\u00e1s te qued\u00f3 alguna duda por charlar?<\/span><\/p>\n<p><span style=\"font-weight: 400;\">\ud83d\udcdd Me comunico sobre todo, porque nos quedan pocos cupos y el inicio de clases est\u00e1 cerca.<\/span><\/p>\n<p><span style=\"font-weight: 400;\">Quedo a la espera de tu respuesta \ud83d\ude01<\/span><\/p>\n<h1 style=\"text-align: center;\"><\/h1>\n","protected":false},"excerpt":{"rendered":"<p>Saludo Inicial \u00a1Hola\u00a0 &lt;&lt;nombre&gt;&gt; \ud83d\udc4b\ud83c\udffc! Soy &lt;&lt;nombre del asesor&gt;&gt;, asesor educativo de la Universidad Cat\u00f3lica de Cuyo.\u00a0 Recibimos tu inter\u00e9s para estudiar con nosotros, \u00bfpodr\u00edas se\u00f1alarme en qu\u00e9 programa est\u00e1s interesado? Estoy a disposici\u00f3n para sacar todas tus dudas y ayudarte a aplicar a tus&#8230;<\/p>\n","protected":false},"author":16,"featured_media":0,"parent":0,"menu_order":0,"comment_status":"closed","ping_status":"closed","template":"","meta":{"footnotes":""},"class_list":["post-3064","page","type-page","status-publish","hentry"],"aioseo_notices":[],"_links":{"self":[{"href":"https:\/\/sic.nodscloud.com\/nodsglobal\/wp-json\/wp\/v2\/pages\/3064","targetHints":{"allow":["GET"]}}],"collection":[{"href":"https:\/\/sic.nodscloud.com\/nodsglobal\/wp-json\/wp\/v2\/pages"}],"about":[{"href":"https:\/\/sic.nodscloud.com\/nodsglobal\/wp-json\/wp\/v2\/types\/page"}],"author":[{"embeddable":true,"href":"https:\/\/sic.nodscloud.com\/nodsglobal\/wp-json\/wp\/v2\/users\/16"}],"replies":[{"embeddable":true,"href":"https:\/\/sic.nodscloud.com\/nodsglobal\/wp-json\/wp\/v2\/comments?post=3064"}],"version-history":[{"count":4,"href":"https:\/\/sic.nodscloud.com\/nodsglobal\/wp-json\/wp\/v2\/pages\/3064\/revisions"}],"predecessor-version":[{"id":3882,"href":"https:\/\/sic.nodscloud.com\/nodsglobal\/wp-json\/wp\/v2\/pages\/3064\/revisions\/3882"}],"wp:attachment":[{"href":"https:\/\/sic.nodscloud.com\/nodsglobal\/wp-json\/wp\/v2\/media?parent=3064"}],"curies":[{"name":"wp","href":"https:\/\/api.w.org\/{rel}","templated":true}]}}