
{"id":3143,"date":"2022-08-25T15:12:39","date_gmt":"2022-08-25T15:12:39","guid":{"rendered":"https:\/\/sic.nodscloud.com\/nodsglobal\/?page_id=3143"},"modified":"2022-08-25T15:23:27","modified_gmt":"2022-08-25T15:23:27","slug":"eco-coaching-preguntas-frecuentes","status":"publish","type":"page","link":"https:\/\/sic.nodscloud.com\/nodsglobal\/eco-coaching-preguntas-frecuentes\/","title":{"rendered":"ECO COACHING &#8211; Preguntas frecuentes"},"content":{"rendered":"<h1 style=\"text-align: center;\"><b>Preguntas frecuentes <\/b><\/h1>\n<h1 style=\"text-align: center;\"><b>ECO COACHING<\/b><\/h1>\n<p>&nbsp;<\/p>\n<p>&nbsp;<\/p>\n<p><span style=\"color: #ff6600;\"><b>COACHING ONTOL\u00d3GICO<\/b><\/span><\/p>\n<p><b>1-\u00bfPor qu\u00e9 estudiar en Eco Coaching?<\/b><\/p>\n<p><span style=\"font-weight: 500;\">Eco Coaching surge del ejercicio de la profesi\u00f3n, al observar que hab\u00eda un espacio donde pod\u00edamos intervenir para ser posibilidad y puente.<br \/>\n<\/span><span style=\"font-weight: 500;\">Eco Coaching ofrece Diplomados, la carrera y orientaciones ligadas al coaching, tiene como prop\u00f3sito llevar esta disciplina a todas las personas para entrenar \u201cel ser en el hacer\u00bb.<br \/>\n<\/span><span style=\"font-weight: 500;\">En la actualidad contamos con diversas propuestas siendo pioneros al capacitar en educaci\u00f3n emocional a equipos de trabajo.<\/span><\/p>\n<p>&nbsp;<\/p>\n<p><b>2-\u00bfA qui\u00e9nes va dirigido?<\/b><\/p>\n<ul>\n<li><span style=\"font-weight: 500;\">Edad m\u00ednima: 18 a\u00f1os al finalizar la cursada.<br \/>\n<\/span><span style=\"font-weight: 500;\">Estudios requeridos: Secundario completo.<\/span><\/li>\n<\/ul>\n<p>&nbsp;<\/p>\n<p><b>3-\u00bfCon qu\u00e9 certificaci\u00f3n cuentan los cursos? \u00bfQu\u00e9 tipo de certificado entregan?<br \/>\n<\/b><span style=\"font-weight: 500;\">El certificado como COACH ONTOL\u00d3GICO PROFESIONAL es emitido por la <\/span><span style=\"font-weight: 500;\">Consultora Eco Coaching SAS y el Aval Internacional por la Asociaci\u00f3n Euroamericana de Profesionales en Ciencias Humanas y Sociales (AEAPro), la cual es fundadora de FICOP.<\/span><\/p>\n<p>&nbsp;<\/p>\n<p><b>4- \u00bfCu\u00e1les son los alcances del t\u00edtulo?<br \/>\n<\/b><span style=\"font-weight: 500;\">En el ejercicio profesional como Coach Ontol\u00f3gico podr\u00e1s asistir a individuos y <\/span><span style=\"font-weight: 500;\">empresas, realizar capacitaciones, liderar espacios conversacionales y entrenar equipos para que mejoren su performance.<\/span><\/p>\n<p><span style=\"font-weight: 500;\">Trabajar\u00e1s interviniendo en los dominios del lenguaje, el cuerpo y las emociones, con competencias espec\u00edficas y gen\u00e9ricas orientadas a la concreci\u00f3n de los objetivos que estos propongan.<\/span><\/p>\n<p><span style=\"font-weight: 500;\">El espacio de coaching se da en sesiones acotadas en un per\u00edodo de tiempo establecido previamente entre las partes. El Coaching, como disciplina se emplea para acompa\u00f1ar a los individuos a funcionar en un nuevo entorno, mejorar sus competencias, desarrollar habilidades cognitivas, evolucionar a nivel de identidad y crecer. Es, por tanto, una herramienta para la transformaci\u00f3n.<\/span><\/p>\n<p>&nbsp;<\/p>\n<p><b>5-\u00bfC\u00f3mo es el cursado de cada curso? \u00bfC\u00f3mo se dicta el contenido en el aula virtual?<br \/>\n<\/b><span style=\"font-weight: 500;\">La propuesta es una modalidad VIRTUAL y SINCR\u00d3NICA. Contar\u00e1s al mismo tiempo, con soporte tecnol\u00f3gico, a trav\u00e9s de la App Eco Coaching Academia, donde podr\u00e1s ver todo el material bibliogr\u00e1fico dictado en clases e interactuar con el staff y tutores especializados.<\/span><\/p>\n<p><span style=\"font-weight: 500;\">Las clases son obligatorias con 80% de asistencia, reconociendo el valor de la INTERACCI\u00d3N en sala y la pr\u00e1ctica tutorada. Se evaluar\u00e1n casos espec\u00edficos de ausencias, contando para revisi\u00f3n y recuperaci\u00f3n con grabaci\u00f3n de las clases.<\/span><\/p>\n<p><span style=\"font-weight: 500;\">Al mismo tiempo, durante el ciclo lectivo se dictar\u00e1n SEMINARIOS obligatorios, que reforzar\u00e1n conocimientos indispensables para el ejercicio de esta profesi\u00f3n.<\/span><span style=\"font-weight: 500;\"><br \/>\n<\/span><span style=\"font-weight: 500;\"><br \/>\n<\/span><span style=\"font-weight: 500;\">Son clases semanales.<br \/>\n<\/span><span style=\"font-weight: 500;\">Comienza el 23 de agosto.<br \/>\n<\/span><span style=\"font-weight: 500;\">Horario: de 19 a 22 hs. (ARG).<\/span><\/p>\n<p><span style=\"font-weight: 500;\">Para todos los alumnos que ingresen de manera tard\u00eda al programa, c<\/span><span style=\"font-weight: 500;\">ontar\u00e1n con seguimiento y apoyo personalizado<\/span><\/p>\n<p>&nbsp;<\/p>\n<p><b>6-\u00bfLas clases son en vivo, o quedan grabadas?<br \/>\n<\/b><b><\/b><span style=\"font-weight: 500;\">Todas las clases son en vivo, ya que son una experiencia en s\u00ed mismas, donde cada alumno podr\u00e1 interactuar con los tutores y comunidad Asimismo, en el caso de que no pueda participar, quedan grabadas y disponibles en la APP de Eco Coaching.<\/span><\/p>\n<p>&nbsp;<\/p>\n<p><b>7-\u00bfC\u00f3mo se miden las asistencias? \u00bfPorcentaje de faltas?<br \/>\n<\/b><span style=\"font-weight: 500;\">Las clases son obligatorias con 80% de asistencia, reconociendo el valor de la INTERACCI\u00d3N en sala y la pr\u00e1ctica tutorada. Se evaluar\u00e1n casos espec\u00edficos de ausencias, contando para revisi\u00f3n y recuperaci\u00f3n con grabaci\u00f3n de las clases.<\/span><\/p>\n<p>&nbsp;<\/p>\n<p><b>8-\u00bfSe brinda material de estudio?<br \/>\n<\/b><span style=\"font-weight: 500;\">En la APP exclusiva de Eco Coaching Academia, los alumnos tendr\u00e1n disponible todo el material bibliogr\u00e1fico, foros, art\u00edculos, videos y dem\u00e1s recursos impartidos en clases, como as\u00ed tambi\u00e9n podr\u00e1n acceder todas las veces que requieran a las clases grabadas.<\/span><\/p>\n<p>&nbsp;<\/p>\n<p><b>9-\u00bfC\u00f3mo es la din\u00e1mica de los encuentros?<br \/>\n<\/b><span style=\"font-weight: 500;\">Aprendizaje 100% experiencial, pr\u00e1ctico e interactivo. Evaluaci\u00f3n continua y sistem\u00e1tica en cada instancia.<\/span><\/p>\n<p>&nbsp;<\/p>\n<p>&nbsp;<\/p>\n<p>&nbsp;<\/p>\n<p><span style=\"color: #ff6600;\"><b>DIPLOMATURA INTELIGENCIA EMOCIONAL<\/b><\/span><b><\/b><\/p>\n<p><b>1-\u00bfPor qu\u00e9 estudiar en Eco Coaching?<br \/>\n<\/b><span style=\"font-weight: 500;\">Eco Coaching surge del ejercicio de la profesi\u00f3n, al observar que hab\u00eda un espacio donde pod\u00edamos intervenir para ser posibilidad y puente.<\/span><\/p>\n<p><span style=\"font-weight: 500;\">Eco Coaching ofrece Diplomados, la carrera y orientaciones ligadas al coaching, tiene como prop\u00f3sito llevar esta disciplina a todas las personas para entrenar \u201cel ser en el hacer\u00bb.\u00a0<\/span><\/p>\n<p><span style=\"font-weight: 500;\">En la actualidad contamos con diversas propuestas siendo pioneros al capacitar en educaci\u00f3n emocional a equipos de trabajo.<\/span><\/p>\n<p>&nbsp;<\/p>\n<p><b>2-\u00bfA quienes va dirigido?<br \/>\n<\/b><span style=\"font-weight: 500;\">Edad m\u00ednima: 18 a\u00f1os al finalizar la cursada.<br \/>\n<\/span><span style=\"font-weight: 500;\">Estudios requeridos: Secundario completo.<\/span><\/p>\n<p>&nbsp;<\/p>\n<p><b>3-\u00bfCon qu\u00e9 certificaci\u00f3n cuentan los cursos? \u00bfQu\u00e9 tipo de certificado entregan?<\/b><\/p>\n<p><span style=\"font-weight: 500;\">La Diplomatura tiene doble certificaci\u00f3n a nivel Argentina:\u00a0<\/span><\/p>\n<ul>\n<li style=\"font-weight: 500;\" aria-level=\"1\"><b>Universidad Nacional del Chaco Austral <\/b><span style=\"font-weight: 500;\">y adem\u00e1s de la Asociaci\u00f3n Euroamericana de Profesionales en Ciencias Humanas y ABAPro | Sociales<\/span><\/li>\n<li style=\"font-weight: 500;\" aria-level=\"1\"><b>Coaching &amp; Counseling: <\/b><span style=\"font-weight: 500;\">esta certificaci\u00f3n tambi\u00e9n la tiene el programa de coaching.<\/span><\/li>\n<\/ul>\n<p>&nbsp;<\/p>\n<p>&nbsp;<\/p>\n<p><b>4-\u00bfCu\u00e1les son los alcances del t\u00edtulo?<br \/>\n<\/b><span style=\"font-weight: 500;\">Tiene como objetivo el desarrollo de habilidades que van m\u00e1s all\u00e1 de la inteligencia cognitiva y las habilidades t\u00e9cnicas de los l\u00edderes.<br \/>\n<\/span><span style=\"font-weight: 500;\">Desarrollo de habilidades blandas.<\/span><\/p>\n<p><span style=\"font-weight: 500;\">Est\u00e1 dise\u00f1ada para que aprendas sobre Inteligencia emocional y puedas aplicarla en tu vida personal con la finalidad de aumentar tu salud emocional, impactando adem\u00e1s en todas aquellas personas que te rodean.<\/span><\/p>\n<p><span style=\"font-weight: 500;\">Luego del cursado podr\u00e1s:<\/span><\/p>\n<p><span style=\"font-weight: 500;\">&#8211; Comprender qu\u00e9 es y por qu\u00e9 es importante la inteligencia emocional, la autenticidad y liderazgo para alcanzar la plenitud.<\/span><\/p>\n<p><span style=\"font-weight: 500;\">&#8211; Identificar, gestionar y elegir desde qu\u00e9 emocionalidad comunicarte con vos mismo\/a.<\/span><\/p>\n<p><span style=\"font-weight: 500;\">&#8211; Mejorar tus v\u00ednculos a partir de intervenir la manera en que te comunicas con quienes te rodean.<\/span><\/p>\n<p><span style=\"font-weight: 500;\">&#8211; Distinguir y entender qu\u00e9 son las emociones para empatizar con tu entorno.<\/span><\/p>\n<p><span style=\"font-weight: 500;\">&#8211; Gestionar la incertidumbre.<\/span><\/p>\n<p><span style=\"font-weight: 500;\">&#8211; Contar con herramientas de auto observaci\u00f3n para desarrollar el liderazgo y autogesti\u00f3n emocional.<\/span><\/p>\n<p>&nbsp;<\/p>\n<p><b>5-\u00bfC\u00f3mo es el cursado de cada curso? \u00bfC\u00f3mo se dicta el contenido en el aula virtual?<br \/>\n<\/b><span style=\"font-weight: 500;\">La propuesta es una modalidad VIRTUAL y SINCR\u00d3NICA. Contar\u00e1s al mismo tiempo con soporte tecnol\u00f3gico, a trav\u00e9s de la App Eco Coaching Academia, donde podr\u00e1s ver todo el material bibliogr\u00e1fico dictado en clases e interactuar con el staff y tutores especializados.<\/span><\/p>\n<p><b>&gt;<\/b><span style=\"font-weight: 500;\"> Clases quincenales de 3 hs.\u00a0<\/span><\/p>\n<p><b>&gt; <\/b><span style=\"font-weight: 500;\">Comienza el 18 de agosto<\/span><\/p>\n<p><b>&gt; <\/b><span style=\"font-weight: 500;\">Horario: de 18 a 21 (ARG).<\/span><\/p>\n<blockquote><p><b><\/b><span style=\"font-weight: 500;\">Carga horaria: 30 hs<\/span><\/p><\/blockquote>\n<p>&nbsp;<\/p>\n<p><b>6-\u00bfLas clases son en vivo, o quedan grabadas?<br \/>\n<\/b><b><\/b><span style=\"font-weight: 500;\">Todas las clases son en vivo, ya que son una experiencia en s\u00ed mismas, donde cada alumno podr\u00e1 interactuar con los tutores y comunidad Asimismo, en el caso de que no pueda participar, quedan grabadas y disponibles en la APP de Eco Coaching.<\/span><\/p>\n<p>&nbsp;<\/p>\n<p><b>7-\u00bfC\u00f3mo se miden las asistencias? \u00bfPorcentaje de faltas?<br \/>\n<\/b><span style=\"font-weight: 500;\">No tenemos info sobre esta diplomatura &#8211; A consultar<\/span><\/p>\n<p>&nbsp;<\/p>\n<p><b>8-\u00bfSe brinda material de estudio?<br \/>\n<\/b><span style=\"font-weight: 500;\">En la APP exclusiva de EcoCoaching, los alumnos tendr\u00e1n disponible todo el material bibliogr\u00e1fico, foros, art\u00edculos, videos y dem\u00e1s recursos impartidos en clases, como as\u00ed tambi\u00e9n podr\u00e1n acceder todas las veces que requieran a las clases grabadas.<\/span><\/p>\n<p>&nbsp;<\/p>\n<p><b>9-\u00bfC\u00f3mo es la din\u00e1mica de los encuentros?<br \/>\n<\/b><span style=\"font-weight: 500;\">\u00a0Aprendizaje 100% experiencial, pr\u00e1ctico e interactivo. Evaluaci\u00f3n continua y sistem\u00e1tica en cada instancia.<\/span><\/p>\n<p>&nbsp;<\/p>\n<p>&nbsp;<\/p>\n<p>&nbsp;<\/p>\n<p>&nbsp;<\/p>\n<p>&nbsp;<\/p>\n<p>&nbsp;<\/p>\n<p>.<\/p>\n","protected":false},"excerpt":{"rendered":"<p>Preguntas frecuentes ECO COACHING &nbsp; &nbsp; COACHING ONTOL\u00d3GICO 1-\u00bfPor qu\u00e9 estudiar en Eco Coaching? Eco Coaching surge del ejercicio de la profesi\u00f3n, al observar que hab\u00eda un espacio donde pod\u00edamos intervenir para ser posibilidad y puente. Eco Coaching ofrece Diplomados, la carrera y orientaciones ligadas&#8230;<\/p>\n","protected":false},"author":16,"featured_media":0,"parent":0,"menu_order":0,"comment_status":"closed","ping_status":"closed","template":"","meta":{"footnotes":""},"class_list":["post-3143","page","type-page","status-publish","hentry"],"aioseo_notices":[],"_links":{"self":[{"href":"https:\/\/sic.nodscloud.com\/nodsglobal\/wp-json\/wp\/v2\/pages\/3143","targetHints":{"allow":["GET"]}}],"collection":[{"href":"https:\/\/sic.nodscloud.com\/nodsglobal\/wp-json\/wp\/v2\/pages"}],"about":[{"href":"https:\/\/sic.nodscloud.com\/nodsglobal\/wp-json\/wp\/v2\/types\/page"}],"author":[{"embeddable":true,"href":"https:\/\/sic.nodscloud.com\/nodsglobal\/wp-json\/wp\/v2\/users\/16"}],"replies":[{"embeddable":true,"href":"https:\/\/sic.nodscloud.com\/nodsglobal\/wp-json\/wp\/v2\/comments?post=3143"}],"version-history":[{"count":3,"href":"https:\/\/sic.nodscloud.com\/nodsglobal\/wp-json\/wp\/v2\/pages\/3143\/revisions"}],"predecessor-version":[{"id":3148,"href":"https:\/\/sic.nodscloud.com\/nodsglobal\/wp-json\/wp\/v2\/pages\/3143\/revisions\/3148"}],"wp:attachment":[{"href":"https:\/\/sic.nodscloud.com\/nodsglobal\/wp-json\/wp\/v2\/media?parent=3143"}],"curies":[{"name":"wp","href":"https:\/\/api.w.org\/{rel}","templated":true}]}}