
{"id":3204,"date":"2022-10-11T20:18:20","date_gmt":"2022-10-11T20:18:20","guid":{"rendered":"https:\/\/sic.nodscloud.com\/nodsglobal\/?page_id=3204"},"modified":"2022-10-11T20:18:20","modified_gmt":"2022-10-11T20:18:20","slug":"javeriana-guion-in","status":"publish","type":"page","link":"https:\/\/sic.nodscloud.com\/nodsglobal\/javeriana-guion-in\/","title":{"rendered":"Javeriana &#8211; Guion IN"},"content":{"rendered":"<h1 style=\"text-align: center;\">Guion IN<\/h1>\n<h1 style=\"text-align: center;\">Javeriana<\/h1>\n<p>&nbsp;<\/p>\n<p>&nbsp;<\/p>\n<h4><b>Saludo inicial<\/b><\/h4>\n<p><span style=\"font-weight: 400;\">&#8211; Buenos d\u00edas\/buenas tardes, bienvenido a la Universidad Javeriana, habla con <\/span><span style=\"color: #ff0000;\">(nombre del asesor)<\/span><span style=\"font-weight: 400;\">.\u00a0 \u00bfCon quien tengo el gusto de hablar? \u00bfEn qu\u00e9 le puedo ayudar?<\/span><\/p>\n<p>&nbsp;<\/p>\n<p>&nbsp;<\/p>\n<h4><b>Respuesta 1 <span style=\"color: #ff0000;\">(esperar respuesta del lead y si la consulta corresponde a alg\u00fan tema diferente a informaci\u00f3n comercial\u00a0 indicar lo siguiente) &#8230;<\/span><\/b><\/h4>\n<p><span style=\"color: #ff0000;\">&#8211; (nombre del lead)<\/span><span style=\"font-weight: 400;\"> te entiendo y te confirmo, esta l\u00ednea es solo para asesor\u00eda comercial y\u00a0 acompa\u00f1amiento en los procesos de inscripci\u00f3n a pregrados y posgrados, para la solicitud que me\u00a0 indicas es necesario que te comuniques nuevamente y marques la opci\u00f3n o extensi\u00f3n <span style=\"color: #ff0000;\">(xxxxxxx)<\/span> gracias\u00a0 por comunicarte que tengas buen d\u00eda <span style=\"color: #ff0000;\">(tarde-noche)<\/span><\/span><\/p>\n<p><span style=\"font-weight: 400;\">Para informaci\u00f3n sobre servicios, bienestar estudiantil, certificados, procesos de admisi\u00f3n en curso o\u00a0 informaci\u00f3n general por favor cuelgue, marque nuevamente al 3208320 y digite la opci\u00f3n 2.\u00a0<\/span><\/p>\n<p><span style=\"font-weight: 400;\">Para informaci\u00f3n relacionada con pagos, cr\u00e9ditos y apoyo financiero marque 2\u00a0<\/span><\/p>\n<p><span style=\"font-weight: 400;\">Para informaci\u00f3n sobre programas de pregrado o posgrado, o asesor\u00eda en procesos de inscripci\u00f3n\u00a0 marque 3\u00a0<\/span><\/p>\n<p>&nbsp;<\/p>\n<p>&nbsp;<\/p>\n<h4><b>Respuesta 2\u00a0 <span style=\"color: #ff0000;\">(en caso que corresponda a nuestra gesti\u00f3n)<\/span><\/b><\/h4>\n<p><span style=\"font-weight: 400;\">&#8211; Perfecto con mucho gusto le informar\u00e9, antes me gustar\u00eda comentarle que esta llamada puede estar siendo grabada y monitoreada a los efectos de la calidad de nuestro servicio.<\/span><\/p>\n<p>&nbsp;<\/p>\n<p>&nbsp;<\/p>\n<h4><b>Saludo final<\/b><\/h4>\n<p><span style=\"color: #ff0000;\">&#8211; (Nombre del lead)<\/span><span style=\"font-weight: 400;\">, fue un gusto atenderle el d\u00eda de hoy, recuerde que habl\u00f3 con <\/span><b>(nombre del asesor)<\/b><span style=\"font-weight: 400;\"> de la Universidad Javeriana que tenga buen d\u00eda. Espero que la informaci\u00f3n ofrecida haya sido pertinente y sea \u00fatil para usted.<\/span><\/p>\n<p>&nbsp;<\/p>\n<p>&nbsp;<\/p>\n<p>&nbsp;<\/p>\n<p>.<\/p>\n<p>&nbsp;<\/p>\n","protected":false},"excerpt":{"rendered":"<p>Guion IN Javeriana &nbsp; &nbsp; Saludo inicial &#8211; Buenos d\u00edas\/buenas tardes, bienvenido a la Universidad Javeriana, habla con (nombre del asesor).\u00a0 \u00bfCon quien tengo el gusto de hablar? \u00bfEn qu\u00e9 le puedo ayudar? &nbsp; &nbsp; Respuesta 1 (esperar respuesta del lead y si la consulta&#8230;<\/p>\n","protected":false},"author":16,"featured_media":0,"parent":0,"menu_order":0,"comment_status":"closed","ping_status":"closed","template":"","meta":{"footnotes":""},"class_list":["post-3204","page","type-page","status-publish","hentry"],"aioseo_notices":[],"_links":{"self":[{"href":"https:\/\/sic.nodscloud.com\/nodsglobal\/wp-json\/wp\/v2\/pages\/3204","targetHints":{"allow":["GET"]}}],"collection":[{"href":"https:\/\/sic.nodscloud.com\/nodsglobal\/wp-json\/wp\/v2\/pages"}],"about":[{"href":"https:\/\/sic.nodscloud.com\/nodsglobal\/wp-json\/wp\/v2\/types\/page"}],"author":[{"embeddable":true,"href":"https:\/\/sic.nodscloud.com\/nodsglobal\/wp-json\/wp\/v2\/users\/16"}],"replies":[{"embeddable":true,"href":"https:\/\/sic.nodscloud.com\/nodsglobal\/wp-json\/wp\/v2\/comments?post=3204"}],"version-history":[{"count":1,"href":"https:\/\/sic.nodscloud.com\/nodsglobal\/wp-json\/wp\/v2\/pages\/3204\/revisions"}],"predecessor-version":[{"id":3205,"href":"https:\/\/sic.nodscloud.com\/nodsglobal\/wp-json\/wp\/v2\/pages\/3204\/revisions\/3205"}],"wp:attachment":[{"href":"https:\/\/sic.nodscloud.com\/nodsglobal\/wp-json\/wp\/v2\/media?parent=3204"}],"curies":[{"name":"wp","href":"https:\/\/api.w.org\/{rel}","templated":true}]}}