
{"id":3582,"date":"2023-11-22T16:28:14","date_gmt":"2023-11-22T16:28:14","guid":{"rendered":"https:\/\/sic.nodscloud.com\/nodsglobal\/?page_id=3582"},"modified":"2024-11-29T22:07:20","modified_gmt":"2024-11-29T22:07:20","slug":"neurociencia-y-mindfulness-2","status":"publish","type":"page","link":"https:\/\/sic.nodscloud.com\/nodsglobal\/neurociencia-y-mindfulness-2\/","title":{"rendered":"Neurociencia y Mindfulness"},"content":{"rendered":"<p><img fetchpriority=\"high\" decoding=\"async\" class=\"alignnone size-full wp-image-3774 aligncenter\" src=\"https:\/\/sic.nodscloud.com\/nodsglobal\/wp-content\/uploads\/sites\/3\/2023\/11\/logo-uniandes.png\" alt=\"\" width=\"542\" height=\"310\" srcset=\"https:\/\/sic.nodscloud.com\/nodsglobal\/wp-content\/uploads\/sites\/3\/2023\/11\/logo-uniandes.png 542w, https:\/\/sic.nodscloud.com\/nodsglobal\/wp-content\/uploads\/sites\/3\/2023\/11\/logo-uniandes-300x172.png 300w, https:\/\/sic.nodscloud.com\/nodsglobal\/wp-content\/uploads\/sites\/3\/2023\/11\/logo-uniandes-345x198.png 345w\" sizes=\"(max-width: 542px) 100vw, 542px\" \/><\/p>\n<p style=\"text-align: left;\"><strong>Nombre de Programa\/Campa\u00f1a: <span style=\"color: #0000ff;\"><u>Neurociencia y Mindfulness: alto performance y equilibrio mental<\/u><\/span><\/strong><\/p>\n<p>Landing page: <a href=\"https:\/\/online.uniandes.edu.co\/programas\/neurociencia-y-mindfulness\/\" target=\"_blank\" rel=\"noopener\">https:\/\/online.uniandes.edu.co\/programas\/neurociencia-y-mindfulness\/<\/a><\/p>\n<p><strong>Universidad: <\/strong><u>Universidad de los Andes \u2013 Executive Education<\/u><\/p>\n<p>&nbsp;<\/p>\n<table width=\"370\">\n<tbody>\n<tr>\n<td width=\"354\">&nbsp;<\/p>\n<table width=\"370\">\n<tbody>\n<tr>\n<td width=\"354\">Fecha de Lanzamiento:\u00a0 <strong>Noviembre 2024<\/strong><\/p>\n<p>Inicio de clases: <strong>Marzo 2025<\/strong><\/td>\n<\/tr>\n<\/tbody>\n<\/table>\n<\/td>\n<td width=\"16\"><\/td>\n<\/tr>\n<\/tbody>\n<\/table>\n<p>&nbsp;<\/p>\n<table width=\"736\">\n<tbody>\n<tr>\n<td width=\"154\"><strong>Descripci\u00f3n\/<\/strong><\/p>\n<p><strong>Justificaci\u00f3n<\/strong><\/td>\n<td width=\"582\"><strong><span style=\"color: #0000ff;\">PROGRAMA: Neurociencia y Mindfulness: alto performance y equilibrio mental<\/span><\/strong><\/p>\n<p>10 Cursos \u2013 200 horas (100 sincronico \/100 asincr\u00f3nico)<\/p>\n<p>&nbsp;<\/p>\n<p>La neurociencia y el mindfulness son disciplinas que est\u00e1n revolucionando la forma en la que entendemos el cerebro y la mente. Por una parte, la neurociencia nos proporciona el conocimiento sobre c\u00f3mo funciona el cerebro y, por otra parte, el mindfulness nos ense\u00f1a c\u00f3mo entrenar la mente para que permanezca enfocada en el momento presente.<\/p>\n<p>&nbsp;<\/p>\n<p>En el contexto organizacional, la uni\u00f3n de estas 2 disciplinas contribuye a la mejora del desempe\u00f1o al crear un entorno de trabajo m\u00e1s saludable, caracterizado por la adecuada gesti\u00f3n del estr\u00e9s y la atenci\u00f3n plena durante la ejecuci\u00f3n de las acciones planeadas.<\/p>\n<p>&nbsp;<\/p>\n<p>Con este panorama claro, este programa les permitir\u00e1 a los participantes fortalecer su resiliencia y lograr autogestionar sus emociones, partiendo de las pr\u00e1cticas y herramientas que posibilita la neurociencia y el mindfulness.<\/p>\n<p><strong>\u00a0<\/strong><\/p>\n<p>Su principal objetivo es Mejorar el desempe\u00f1o en entornos laborales, fortaleciendo la resiliencia y la autogesti\u00f3n de las emociones a trav\u00e9s de la neurociencia y de herramientas y pr\u00e1cticas enfocadas en la salud mental.<\/p>\n<p><strong>\u00a0<\/strong><\/p>\n<p><strong>\u00bfQu\u00e9 tiene de especial el programa?<\/strong><\/p>\n<p><strong>\u00a0<\/strong><\/p>\n<p>La neurociencia y el mindfulness son disciplinas que est\u00e1n revolucionando la forma en que entendemos el cerebro y la mente. La neurociencia nos proporciona conocimiento de c\u00f3mo funciona el cerebro, mientras que el mindfulness nos ense\u00f1a c\u00f3mo entrenar la mente para ser m\u00e1s presente, enfocada y compasiva.<\/p>\n<p>&nbsp;<\/p>\n<p>En el mundo empresarial, la neurociencia y el mindfulness unidas pueden ayudar a los l\u00edderes a tomar mejores decisiones, mejorar su rendimiento y crear un entorno de trabajo m\u00e1s saludable y productivo.<\/p>\n<p>&nbsp;<\/p>\n<p>El conocimiento del funcionamiento del cerebro y las herramientas para su mejor dominio puede ayudar a los l\u00edderes a tomar mejores decisiones, gestionar el estr\u00e9s y evitar el agotamiento. Por su parte entender las pr\u00e1cticas de mindfulness para prestar atenci\u00f3n al momento presente sin juzgar contribuye a que los l\u00edderes puedan tener mejores niveles de atenci\u00f3n plena, concentraci\u00f3n que favorecen la empat\u00eda y la creatividad.<\/p>\n<p>&nbsp;<\/td>\n<\/tr>\n<tr>\n<td colspan=\"2\" width=\"736\"><strong>\u00a0<\/strong><\/p>\n<p><strong>Informaci\u00f3n clave<\/strong><\/td>\n<\/tr>\n<tr>\n<td width=\"154\"><\/td>\n<td width=\"582\"><\/td>\n<\/tr>\n<tr>\n<td width=\"154\"><\/td>\n<td width=\"582\"><\/td>\n<\/tr>\n<tr>\n<td width=\"154\"><strong>\u00a0<\/strong><\/p>\n<p><strong>\u00a0<\/strong><\/p>\n<p><strong>Grupo Objetivo:<\/strong><\/td>\n<td width=\"582\">Este programa est\u00e1 dirigido a ejecutivos, profesionales y emprendedores de Colombia y LATAM que desean fortalecer sus competencias para la mejor toma de decisiones para el crecimiento de sus negocios.<\/p>\n<p>&nbsp;<\/p>\n<p>\u00b7\u00a0\u00a0\u00a0\u00a0\u00a0\u00a0\u00a0\u00a0 Clase alta (Estratos 5 o 6, no excluyente)<\/p>\n<p>\u00b7\u00a0\u00a0\u00a0\u00a0\u00a0\u00a0\u00a0\u00a0 Con mentalidad emprendedora o con emprendimientos en proceso<\/p>\n<p>\u00b7\u00a0\u00a0\u00a0\u00a0\u00a0\u00a0\u00a0\u00a0 Ejecutivos Senior y profesionales de los 2 primeros niveles de la organizaci\u00f3n<\/p>\n<p>\u00b7\u00a0\u00a0\u00a0\u00a0\u00a0\u00a0\u00a0\u00a0 Profesionales de alto potencial de desarrollo<\/p>\n<p>\u00b7\u00a0\u00a0\u00a0\u00a0\u00a0\u00a0\u00a0\u00a0 L\u00edderes corporativos<\/p>\n<p>\u00b7\u00a0\u00a0\u00a0\u00a0\u00a0\u00a0\u00a0\u00a0 Emprendedores<\/td>\n<\/tr>\n<tr>\n<td width=\"154\"><strong>Perfil del egresado:<\/strong><\/td>\n<td width=\"582\">a)\u00a0\u00a0 La neurociencia aplicada a los negocios: El participante comprender\u00e1 c\u00f3mo funcionan los cerebros de las personas en situaciones laborales y c\u00f3mo aplicar este conocimientos para mejorar la toma de decisiones, la comunicaci\u00f3n y la gesti\u00f3n de equipos.<\/p>\n<p>b)\u00a0\u00a0 Mindfulness y Liderazgo: aprender a cultivar la conciencia plena (mindfulness) para la pr\u00e1ctica del liderazgo, esto incluye la autorreflexi\u00f3n, autogesti\u00f3n emocional y la empat\u00eda hacia los dem\u00e1s. As\u00ed como gestionar el estr\u00e9s y la presi\u00f3n con t\u00e9cnicas de mindfulness y estrategias basadas en la neurociencia para manejar la presi\u00f3n y la carga de trabajo en entornos empresariales exigentes.<\/p>\n<p>&nbsp;<\/p>\n<p>c)\u00a0\u00a0 Mejorar la gesti\u00f3n organizacional: El participante comprender\u00e1 c\u00f3mo las decisiones son influenciadas por la mente y contar\u00e1 con estrategias para tomar decisiones efectivas basadas en datos. Como parte de esta gesti\u00f3n ser\u00e1 fundamental mejorar la comunicaci\u00f3n y la empat\u00eda entre equipos logrando alineaciones con los prop\u00f3sitos del negocio y culturas organizacionales sanas.<\/p>\n<p>d)\u00a0\u00a0 Fomentar la innovaci\u00f3n: Se dar\u00e1n herramientas y conocimiento que permita utilizar la neurociencia y el mindfulness para estimular la creatividad y la innovaci\u00f3n en el entorno empresarial.<\/p>\n<p>e)\u00a0\u00a0 Desarrollar resiliencia: Ayudar a los l\u00edderes a fortalecer su capacidad para recuperarse de desaf\u00edos y fracasos, utilizando principios de mindfulness y neurociencia para construir resiliencia personal y organizacional.<\/td>\n<\/tr>\n<tr>\n<td width=\"154\"><\/td>\n<td width=\"582\"><\/td>\n<\/tr>\n<tr>\n<td width=\"154\"><strong>Mensaje central<\/strong><\/p>\n<p><strong>\u00a0<\/strong><\/p>\n<p><strong>\u00a0<\/strong><\/td>\n<td width=\"582\">\u00danica universidad de en Colombia cuya Acreditaci\u00f3n de Alta Calidad ha sido renovada por el m\u00e1ximo periodo disponible (10 a\u00f1os).<\/p>\n<p>&nbsp;<\/p>\n<p>La Facultad de Administraci\u00f3n de la Universidad de los Andes, es la \u00fanica en Colombia que cuenta con la Triple Corona de acreditaciones internacionales: AACSB, EQUIS y AMBA. Solo 1% de las escuelas de negocio a nivel mundial cuentan con esta distinci\u00f3n.<\/p>\n<p>&nbsp;<\/p>\n<p>Executive Education de la Facultad de Administraci\u00f3n de la Universidad de los Andes, es la \u00fanica en Colombia en ser reconocida en el ranking de Financial Times (ver <a href=\"https:\/\/rankings.ft.com\/home\/executive-education\">https:\/\/rankings.ft.com\/home\/executive-education<\/a>):<\/p>\n<p>&nbsp;<\/p>\n<p>Executive Education (General) \u2013 Top 40 del mundo<\/p>\n<p>Executive Education Open Programmes &#8211; #28 del mundo<\/p>\n<p>&nbsp;<\/td>\n<\/tr>\n<tr>\n<td width=\"154\"><strong>Resultados que queremos generar en la audiencia<\/strong><\/p>\n<p><strong>\u00a0<\/strong><\/p>\n<p><strong>Pensar, sentir, hacer <\/strong><\/td>\n<td width=\"582\">&nbsp;<\/p>\n<p><u>Pensar:<\/u> queremos que piense que el Programa <em>\u201cNeurociencia y Mindfulness: alto performance y equilibrio mental\u201d<\/em> es una excelente opci\u00f3n para desarrollar habilidades, conocimientos y aptitudes en la aplicaci\u00f3n de los diferentes fundamentos, teor\u00edas, enfoques, m\u00e9todos y t\u00e9cnicas que forman parte del objeto de estudio de las ciencias administrativas.<\/p>\n<p><u>\u00a0<\/u><\/p>\n<p><u>Sentir<\/u>: Queremos que se sientan interesados por conocer m\u00e1s del programa y que conf\u00eden en el la experiencia y el respaldo de la marca<\/p>\n<p>&nbsp;<\/p>\n<p><u>Hacer<\/u>: Queremos que los candidatos se registren en nuestro formulario, nos permitan contactarlos para brindarles toda la informaci\u00f3n del programa y decidan matricularse en el programa.<\/p>\n<p>&nbsp;<\/td>\n<\/tr>\n<tr>\n<td width=\"154\"><\/td>\n<td width=\"582\"><\/td>\n<\/tr>\n<tr>\n<td width=\"154\"><\/td>\n<td width=\"582\"><\/td>\n<\/tr>\n<tr>\n<td colspan=\"2\" width=\"736\"><\/td>\n<\/tr>\n<tr>\n<td width=\"154\"><\/td>\n<td width=\"582\"><\/td>\n<\/tr>\n<\/tbody>\n<\/table>\n<p>&nbsp;<\/p>\n<table width=\"732\">\n<tbody>\n<tr>\n<td colspan=\"3\" width=\"732\"><strong>Estructura del Programa<\/strong><\/td>\n<\/tr>\n<tr>\n<td width=\"144\"><strong>Nombre programa<\/strong><\/td>\n<td width=\"78\"><strong>Horas<\/strong><\/td>\n<td width=\"510\"><strong>Descripci\u00f3n<\/strong><\/td>\n<\/tr>\n<tr>\n<td width=\"144\">Liderazgo con Prop\u00f3sito<\/td>\n<td width=\"78\">20<\/td>\n<td width=\"510\">Liderar con autenticidad y conectar con el prop\u00f3sito personal y con el de la organizaci\u00f3n, para guiar a los equipos hacia un crecimiento sostenible y significativo.<\/p>\n<p>Administraci\u00f3n<\/td>\n<\/tr>\n<tr>\n<td width=\"144\">Neurociencia para ambientes laborales<\/td>\n<td width=\"78\">20<\/td>\n<td width=\"510\">Est\u00e1 pendiente el objetivo (a cargo del docente designado para el curso).<\/p>\n<p>Administraci\u00f3n<\/td>\n<\/tr>\n<tr>\n<td width=\"144\">Cerebro a nuestro favor: neurociencia aplicada a inteligencia emocional<\/td>\n<td width=\"78\">20<\/td>\n<td width=\"510\">Comprender los fundamentos de la neurociencia contempor\u00e1nea teniendo en cuenta las bases evolutivas de las emociones para el desarrollo de la inteligencia emocional y las habilidades sociales necesarias en el ambiente laboral.<\/p>\n<p>Salud<\/td>\n<\/tr>\n<tr>\n<td width=\"144\">\u00c9tica: inteligencia moral en la era digital<\/td>\n<td width=\"78\">20<\/td>\n<td width=\"510\">Identificar los principales desaf\u00edos \u00e9ticos que los profesionales deben enfrentar en la era de las terceras y cuartas revoluciones, y de la cultura de la posverdad, para que su toma de decisi\u00f3n se realice mediante el factor intr\u00ednsecamente humano de la inteligencia moral.<\/p>\n<p>Administraci\u00f3n<\/td>\n<\/tr>\n<tr>\n<td width=\"144\">Inteligencia emocional y autoconsciencia (Psicolog\u00eda Positiva)<\/td>\n<td width=\"78\">20<\/td>\n<td width=\"510\">Reconocer los fen\u00f3menos positivos de la existencia humana, con fundamento cient\u00edfico y m\u00e9todos de aplicaci\u00f3n, que potenciar\u00e1n la capacidad humana de vivir de manera virtuosa y maximizar las experiencias de la felicidad en la cotidianidad.<\/p>\n<p>Administraci\u00f3n<\/td>\n<\/tr>\n<tr>\n<td width=\"144\">Positividad y resiliencia humana: anticuerpos de la mente<\/td>\n<td width=\"78\">20<\/td>\n<td width=\"510\">Incorporar el optimismo y la aceptaci\u00f3n, para estar en la capacidad de sobreponerse en momentos dif\u00edciles.<\/p>\n<p>Salud<\/td>\n<\/tr>\n<tr>\n<td width=\"144\">Mindfulness y trabajo: Habilidades Psicosociales para el desarrollo de carrera con sentido y prop\u00f3sito<\/td>\n<td width=\"78\">20<\/td>\n<td width=\"510\">Emplear t\u00e9cnicas de mindfulness para el desarrollo personal, que permitan mejorar el rendimiento, la concentraci\u00f3n, la salud f\u00edsica y mental, y la felicidad en el trabajo.<\/p>\n<p>Salud<\/td>\n<\/tr>\n<tr>\n<td width=\"144\">Detox Digital<\/td>\n<td width=\"78\">20<\/td>\n<td width=\"510\">Est\u00e1 pendiente el objetivo (a cargo del docente designado para el curso).<\/p>\n<p>Salud<\/td>\n<\/tr>\n<tr>\n<td width=\"144\">Terapias de 4ta generaci\u00f3n<\/td>\n<td width=\"78\">20<\/td>\n<td width=\"510\">Est\u00e1 pendiente el objetivo (a cargo del docente designado para el curso).<\/p>\n<p>Salud<\/p>\n<p>&nbsp;<\/td>\n<\/tr>\n<tr>\n<td width=\"144\">The Geek Way: Pensamientos radicales que conducen a resultados extraordinarios<\/td>\n<td width=\"78\">20<\/td>\n<td width=\"510\">Brindar una perspectiva provocadora de c\u00f3mo se deben liderar organizaciones efectivas combinando teor\u00eda de administraci\u00f3n, estrategia competitiva, la ciencia de la evoluci\u00f3n, la psicolog\u00eda, historia militar, cultural y la antropolog\u00eda.<\/p>\n<p>Administraci\u00f3n<\/p>\n<p>&nbsp;<\/td>\n<\/tr>\n<\/tbody>\n<\/table>\n<p><b>Requisitos de aprobaci\u00f3n<\/b><\/p>\n<p><span style=\"font-weight: 400;\">Los alumnos aprobar\u00e1n \u00fanicamente cumpliendo los siguientes requisitos:\u00a0<\/span><\/p>\n<ol>\n<li style=\"font-weight: 400;\" aria-level=\"1\"><span style=\"font-weight: 400;\">Asistir a m\u00ednimo el 75% de los encuentros sincr\u00f3nicos con los profesores del curso.\u00a0<\/span><\/li>\n<li style=\"font-weight: 400;\" aria-level=\"1\"><span style=\"font-weight: 400;\">Desarrollar al 100% las actividades asincr\u00f3nicas\u00a0<\/span><\/li>\n<li style=\"font-weight: 400;\" aria-level=\"1\"><span style=\"font-weight: 400;\">Contar con una nota mayor o igual a 3,5<\/span><\/li>\n<\/ol>\n<p>&nbsp;<\/p>\n<p><b>Plataformas utilizadas\u00a0<\/b><\/p>\n<p>&nbsp;<\/p>\n<p><span style=\"font-weight: 400;\">El programa se desarrollar\u00e1 por medios digitales de manera asincr\u00f3nica, a trav\u00e9s de plataformas de aprendizaje LXP., la cual es operada por CREXE y con encuentros sincr\u00f3nicos por medio de Zoom, igualmente operada a trav\u00e9s de LXP.<\/span><\/p>\n<p>&nbsp;<\/p>\n","protected":false},"excerpt":{"rendered":"<p>Nombre de Programa\/Campa\u00f1a: Neurociencia y Mindfulness: alto performance y equilibrio mental Landing page: https:\/\/online.uniandes.edu.co\/programas\/neurociencia-y-mindfulness\/ Universidad: Universidad de los Andes \u2013 Executive Education &nbsp; &nbsp; Fecha de Lanzamiento:\u00a0 Noviembre 2024 Inicio de clases: Marzo 2025 &nbsp; Descripci\u00f3n\/ Justificaci\u00f3n PROGRAMA: Neurociencia y Mindfulness: alto performance y equilibrio&#8230;<\/p>\n","protected":false},"author":16,"featured_media":0,"parent":0,"menu_order":0,"comment_status":"closed","ping_status":"closed","template":"","meta":{"footnotes":""},"class_list":["post-3582","page","type-page","status-publish","hentry"],"aioseo_notices":[],"_links":{"self":[{"href":"https:\/\/sic.nodscloud.com\/nodsglobal\/wp-json\/wp\/v2\/pages\/3582","targetHints":{"allow":["GET"]}}],"collection":[{"href":"https:\/\/sic.nodscloud.com\/nodsglobal\/wp-json\/wp\/v2\/pages"}],"about":[{"href":"https:\/\/sic.nodscloud.com\/nodsglobal\/wp-json\/wp\/v2\/types\/page"}],"author":[{"embeddable":true,"href":"https:\/\/sic.nodscloud.com\/nodsglobal\/wp-json\/wp\/v2\/users\/16"}],"replies":[{"embeddable":true,"href":"https:\/\/sic.nodscloud.com\/nodsglobal\/wp-json\/wp\/v2\/comments?post=3582"}],"version-history":[{"count":12,"href":"https:\/\/sic.nodscloud.com\/nodsglobal\/wp-json\/wp\/v2\/pages\/3582\/revisions"}],"predecessor-version":[{"id":5931,"href":"https:\/\/sic.nodscloud.com\/nodsglobal\/wp-json\/wp\/v2\/pages\/3582\/revisions\/5931"}],"wp:attachment":[{"href":"https:\/\/sic.nodscloud.com\/nodsglobal\/wp-json\/wp\/v2\/media?parent=3582"}],"curies":[{"name":"wp","href":"https:\/\/api.w.org\/{rel}","templated":true}]}}