
{"id":3678,"date":"2023-11-24T17:33:28","date_gmt":"2023-11-24T17:33:28","guid":{"rendered":"https:\/\/sic.nodscloud.com\/nodsglobal\/?page_id=3678"},"modified":"2025-03-21T19:54:51","modified_gmt":"2025-03-21T19:54:51","slug":"global-mind","status":"publish","type":"page","link":"https:\/\/sic.nodscloud.com\/nodsglobal\/global-mind\/","title":{"rendered":"Global Mind"},"content":{"rendered":"<blockquote class=\"wp-embedded-content\" data-secret=\"KMXn0RDz0a\"><p><a href=\"https:\/\/drshaunashapiro.com\/\">Home<\/a><\/p><\/blockquote>\n<p><iframe class=\"wp-embedded-content\" sandbox=\"allow-scripts\" security=\"restricted\" style=\"position: absolute; visibility: hidden;\" title=\"&#8220;Home&#8221; &#8212; Shauna Shapiro\" src=\"https:\/\/drshaunashapiro.com\/embed\/#?secret=ofxdHKX33o#?secret=KMXn0RDz0a\" data-secret=\"KMXn0RDz0a\" width=\"600\" height=\"338\" frameborder=\"0\" marginwidth=\"0\" marginheight=\"0\" scrolling=\"no\"><\/iframe><\/p>\n<p><strong><img fetchpriority=\"high\" decoding=\"async\" class=\"alignnone size-full wp-image-3774 aligncenter\" src=\"https:\/\/sic.nodscloud.com\/nodsglobal\/wp-content\/uploads\/sites\/3\/2023\/11\/logo-uniandes.png\" alt=\"\" width=\"542\" height=\"310\" srcset=\"https:\/\/sic.nodscloud.com\/nodsglobal\/wp-content\/uploads\/sites\/3\/2023\/11\/logo-uniandes.png 542w, https:\/\/sic.nodscloud.com\/nodsglobal\/wp-content\/uploads\/sites\/3\/2023\/11\/logo-uniandes-300x172.png 300w, https:\/\/sic.nodscloud.com\/nodsglobal\/wp-content\/uploads\/sites\/3\/2023\/11\/logo-uniandes-345x198.png 345w\" sizes=\"(max-width: 542px) 100vw, 542px\" \/><\/strong><\/p>\n<h1 style=\"text-align: center\"><strong><span style=\"color: #008000\">GLOBAL MIND<\/span><\/strong><\/h1>\n<p>&nbsp;<\/p>\n<p>&nbsp;<\/p>\n<p><img decoding=\"async\" class=\"wp-image-3680 alignleft\" src=\"https:\/\/sic.nodscloud.com\/nodsglobal\/wp-content\/uploads\/sites\/3\/2023\/11\/Andrew-McAfee-204x300.jpg\" alt=\"\" width=\"345\" height=\"507\" srcset=\"https:\/\/sic.nodscloud.com\/nodsglobal\/wp-content\/uploads\/sites\/3\/2023\/11\/Andrew-McAfee-204x300.jpg 204w, https:\/\/sic.nodscloud.com\/nodsglobal\/wp-content\/uploads\/sites\/3\/2023\/11\/Andrew-McAfee-696x1024.jpg 696w, https:\/\/sic.nodscloud.com\/nodsglobal\/wp-content\/uploads\/sites\/3\/2023\/11\/Andrew-McAfee-768x1129.jpg 768w, https:\/\/sic.nodscloud.com\/nodsglobal\/wp-content\/uploads\/sites\/3\/2023\/11\/Andrew-McAfee-1045x1536.jpg 1045w, https:\/\/sic.nodscloud.com\/nodsglobal\/wp-content\/uploads\/sites\/3\/2023\/11\/Andrew-McAfee-1393x2048.jpg 1393w, https:\/\/sic.nodscloud.com\/nodsglobal\/wp-content\/uploads\/sites\/3\/2023\/11\/Andrew-McAfee-700x1029.jpg 700w, https:\/\/sic.nodscloud.com\/nodsglobal\/wp-content\/uploads\/sites\/3\/2023\/11\/Andrew-McAfee-scaled.jpg 1741w\" sizes=\"(max-width: 345px) 100vw, 345px\" \/><\/p>\n<h2><span style=\"color: #808080\"><span style=\"color: #000000\">Andrew McAfee<\/span><\/span><\/h2>\n<h5>\uf0b7 <span style=\"color: #808080\"><span style=\"color: #000000\">Andrew McAfee:<\/span> Cofundador y Codirector de la Iniciativa de la Econom\u00eda Digital del MIT y<\/span><br \/>\n<span style=\"color: #808080\">Cient\u00edfico Principal de Investigaci\u00f3n en la Escuela de Administraci\u00f3n Sloan del MIT.<\/span><br \/>\n<span style=\"color: #808080\">McAfee Investiga y estudia c\u00f3mo las tecnolog\u00edas digitales est\u00e1n transformando el mundo.<\/span><br \/>\n<span style=\"color: #808080\">\uf0b7<span style=\"color: #000000\"> The Geek Way:<\/span> Su pr\u00f3ximo libro revela c\u00f3mo las empresas Geek se destacan al ser m\u00e1s<\/span><br \/>\n<span style=\"color: #808080\">flexibles, r\u00e1pidas, basadas en evidencia, igualitarias, argumentativas y aut\u00f3nomas que las de la <\/span><span style=\"color: #808080\">Era Industrial.<\/span><br \/>\n<span style=\"color: #000000\">\uf0b7 Libros destacados:The Second Machine Machine<\/span><span style=\"color: #808080\"><span style=\"color: #000000\">\u00a0<\/span>coescrito con Erik Brynjolfsson, todos con un \u00e9xito en ventas significativo.<\/span><br \/>\n<span style=\"color: #808080\">\uf0b7 <span style=\"color: #000000\">Reconocimiento internacional:<\/span> McAfee y Brynjolfsson figuran en la lista Thinkers50 de los<\/span><br \/>\n<span style=\"color: #808080\">principales pensadores de gesti\u00f3n del mundo y en el grupo pol\u00edtico 50 de personas que est\u00e1n<\/span><br \/>\n<span style=\"color: #808080\">transformando la pol\u00edtica estadounidense.<\/span><br \/>\n<span style=\"color: #808080\">\uf0b7 <span style=\"color: #000000\">Contribuciones a publicaciones de renombre:<\/span> Ha escrito para publicaciones como Foreign<\/span><br \/>\n<span style=\"color: #808080\">Affairs, Harvard Business Review, The Economist, The Wall Street Journal y The New York Times.<\/span><br \/>\n<span style=\"color: #808080\">\uf0b7 <span style=\"color: #000000\">Orador destacado:<\/span> Ha compartido su trabajo en medios como CNN y 60 Minutes, as\u00ed como en<\/span><br \/>\n<span style=\"color: #808080\">eventos como el Foro Econ\u00f3mico Mundial, TED y el Festival de Ideas de Aspen.<\/span><br \/>\n<span style=\"color: #808080\"><span style=\"color: #000000\">\uf0b7 Educaci\u00f3n:<\/span> Se form\u00f3 en el MIT y Harvard.<\/span><\/h5>\n<p>&nbsp;<\/p>\n<p>&nbsp;<\/p>\n<h3><img decoding=\"async\" class=\"wp-image-3682 alignleft\" src=\"https:\/\/sic.nodscloud.com\/nodsglobal\/wp-content\/uploads\/sites\/3\/2023\/11\/Pic-1-200x300.jpg\" alt=\"\" width=\"351\" height=\"527\" srcset=\"https:\/\/sic.nodscloud.com\/nodsglobal\/wp-content\/uploads\/sites\/3\/2023\/11\/Pic-1-200x300.jpg 200w, https:\/\/sic.nodscloud.com\/nodsglobal\/wp-content\/uploads\/sites\/3\/2023\/11\/Pic-1-682x1024.jpg 682w, https:\/\/sic.nodscloud.com\/nodsglobal\/wp-content\/uploads\/sites\/3\/2023\/11\/Pic-1-768x1154.jpg 768w, https:\/\/sic.nodscloud.com\/nodsglobal\/wp-content\/uploads\/sites\/3\/2023\/11\/Pic-1-1023x1536.jpg 1023w, https:\/\/sic.nodscloud.com\/nodsglobal\/wp-content\/uploads\/sites\/3\/2023\/11\/Pic-1-700x1052.jpg 700w, https:\/\/sic.nodscloud.com\/nodsglobal\/wp-content\/uploads\/sites\/3\/2023\/11\/Pic-1.jpg 1153w\" sizes=\"(max-width: 351px) 100vw, 351px\" \/><\/h3>\n<h3><span style=\"color: #000000\"><strong>JAMES C. HUNTER<\/strong><\/span><\/h3>\n<h5 style=\"text-align: left\"><span style=\"color: #808080\">\uf0b7 <span style=\"color: #000000\">Consultor y autor<\/span> de best-sellers como La Paradoja<\/span><br \/>\n<span style=\"color: #808080\">\uf0b7 <span style=\"color: #000000\">Autor de tres (3) libros de gran \u00e9xito internacional<\/span> que han vendido m\u00e1s de 5,5 millones<\/span><br \/>\n<span style=\"color: #808080\">de copias.<\/span><br \/>\n<span style=\"color: #808080\">\uf0b7 <span style=\"color: #000000\">Conferencista<\/span>, reconocido por dirigirse a audiencias de todo el mundo sobre temas de<\/span><br \/>\n<span style=\"color: #808080\">liderazgo, cultura y creaci\u00f3n de equipos de alto rendimiento.<\/span><br \/>\n<span style=\"color: #808080\">\uf0b7 <span style=\"color: #000000\">Tiene m\u00e1s de 30 a\u00f1os de experiencia<\/span> en consultor\u00eda sobre liderazgo y equipos de alto<\/span><br \/>\n<span style=\"color: #808080\">desempe\u00f1o.<\/span><br \/>\n<span style=\"color: #808080\">\uf0b7 Sus clientes incluyen muchas de las organizaciones m\u00e1s admiradas del mundo, como el<\/span><br \/>\n<span style=\"color: #808080\">FBI, American Express, Johnson &amp;amp; Johnson, Marriott, Nestl\u00e9, Procter &amp; Gamble, la Agencia<\/span><br \/>\n<span style=\"color: #808080\">de Inteligencia de Defensa y las cuatro (4) ramas de las Fuerzas Armadas de los Estados<\/span><\/h5>\n<h5 style=\"text-align: left\"><span style=\"color: #808080\">Unidos<\/span><\/h5>\n<p>&nbsp;<\/p>\n<p>&nbsp;<\/p>\n<p>&nbsp;<\/p>\n<p>&nbsp;<\/p>\n<p>&nbsp;<\/p>\n<p>&nbsp;<\/p>\n<p>&nbsp;<\/p>\n<p>&nbsp;<\/p>\n<p>&nbsp;<\/p>\n<p>&nbsp;<\/p>\n<p>&nbsp;<\/p>\n<p>&nbsp;<\/p>\n<h3><a href=\"https:\/\/drshaunashapiro.com\/\"><img loading=\"lazy\" decoding=\"async\" class=\"alignleft wp-image-6679 size-medium\" src=\"https:\/\/sic.nodscloud.com\/nodsglobal\/wp-content\/uploads\/sites\/3\/2025\/03\/Shauna-Shapiro-202x300.png\" alt=\"\" width=\"202\" height=\"300\" srcset=\"https:\/\/sic.nodscloud.com\/nodsglobal\/wp-content\/uploads\/sites\/3\/2025\/03\/Shauna-Shapiro-202x300.png 202w, https:\/\/sic.nodscloud.com\/nodsglobal\/wp-content\/uploads\/sites\/3\/2025\/03\/Shauna-Shapiro.png 275w\" sizes=\"(max-width: 202px) 100vw, 202px\" \/><\/a><\/h3>\n<h3><span style=\"color: #000000\"><strong>Shauna Shapiro <\/strong><\/span><\/h3>\n<h5><span style=\"color: #000000\"><strong>(Curso co-creado:\u00a0 Mindfulness)<\/strong><\/span><\/h5>\n<h5><span style=\"color: #808080\">Shauna Shapiro, PhD, es psic\u00f3loga cl\u00ednica y autora de \u00e9xitos de ventas. Su conferencia TEDx \u00abEl poder de la atenci\u00f3n plena\u00bb ha sido reproducida m\u00e1s de 3 millones de veces.<\/span><\/h5>\n<h5>+ info:\u00a0<a href=\"https:\/\/drshaunashapiro.com\/\" data-saferedirecturl=\"https:\/\/www.google.com\/url?q=https:\/\/drshaunashapiro.com\/&amp;source=gmail&amp;ust=1742667568253000&amp;usg=AOvVaw3qxOjBiK-KwfK8BX__lxsS\">https:\/\/drshaunashapiro.com\/<\/a><\/h5>\n<p>&nbsp;<\/p>\n<p>&nbsp;<\/p>\n<p>&nbsp;<\/p>\n<p>&nbsp;<\/p>\n<p>&nbsp;<\/p>\n<p>&nbsp;<\/p>\n<p>&nbsp;<\/p>\n<p>&nbsp;<\/p>\n<p>&nbsp;<\/p>\n<p><img loading=\"lazy\" decoding=\"async\" class=\"size-medium wp-image-6678 alignleft\" src=\"https:\/\/sic.nodscloud.com\/nodsglobal\/wp-content\/uploads\/sites\/3\/2025\/03\/AudraPUCPR-Dec-2021-1-268x300.jpg\" alt=\"\" width=\"268\" height=\"300\" srcset=\"https:\/\/sic.nodscloud.com\/nodsglobal\/wp-content\/uploads\/sites\/3\/2025\/03\/AudraPUCPR-Dec-2021-1-268x300.jpg 268w, https:\/\/sic.nodscloud.com\/nodsglobal\/wp-content\/uploads\/sites\/3\/2025\/03\/AudraPUCPR-Dec-2021-1-914x1024.jpg 914w, https:\/\/sic.nodscloud.com\/nodsglobal\/wp-content\/uploads\/sites\/3\/2025\/03\/AudraPUCPR-Dec-2021-1-768x860.jpg 768w, https:\/\/sic.nodscloud.com\/nodsglobal\/wp-content\/uploads\/sites\/3\/2025\/03\/AudraPUCPR-Dec-2021-1-700x784.jpg 700w, https:\/\/sic.nodscloud.com\/nodsglobal\/wp-content\/uploads\/sites\/3\/2025\/03\/AudraPUCPR-Dec-2021-1.jpg 948w\" sizes=\"(max-width: 268px) 100vw, 268px\" \/><\/p>\n<p>&nbsp;<\/p>\n<p><strong>Audra Proctor (Curso co-creado: Gesti\u00f3n del Cambio)<\/strong>: <strong><span style=\"color: #808080\">CEO &#8211; Directora ejecutiva de Changefirst, organizaci\u00f3n que trabaja en las herramientas de gesti\u00f3n de cambio, manejo de datos y tecnolog\u00eda, promoviendo el cambio transformacional en empresas p\u00fablicas y privadas. Durante m\u00e1s de 27 a\u00f1os, ha ayudado a los l\u00edderes a mejorar la planificaci\u00f3n y la ejecuci\u00f3n de los proyectos de cambio con una mayor colaboraci\u00f3n. Co-autora del libro \u00abEnterprise Change Management\u00bb. + info:<\/span><\/strong> <a href=\"https:\/\/www.linkedin.com\/in\/audraproctor\/?originalSubdomain=uk\">https:\/\/www.linkedin.com\/in\/audraproctor\/?originalSubdomain=uk<\/a><\/p>\n<p>&nbsp;<\/p>\n<p>&nbsp;<\/p>\n<p>&nbsp;<\/p>\n<p>&nbsp;<\/p>\n<p>&nbsp;<\/p>\n<p>&nbsp;<\/p>\n<p>&nbsp;<\/p>\n<p>&nbsp;<\/p>\n<p>&nbsp;<\/p>\n<p><img loading=\"lazy\" decoding=\"async\" class=\"size-medium wp-image-6676 alignleft\" src=\"https:\/\/sic.nodscloud.com\/nodsglobal\/wp-content\/uploads\/sites\/3\/2025\/03\/jurgen-appelo-540x790px-205x300.jpg\" alt=\"\" width=\"205\" height=\"300\" srcset=\"https:\/\/sic.nodscloud.com\/nodsglobal\/wp-content\/uploads\/sites\/3\/2025\/03\/jurgen-appelo-540x790px-205x300.jpg 205w, https:\/\/sic.nodscloud.com\/nodsglobal\/wp-content\/uploads\/sites\/3\/2025\/03\/jurgen-appelo-540x790px.jpg 540w\" sizes=\"(max-width: 205px) 100vw, 205px\" \/><\/p>\n<p>&nbsp;<\/p>\n<p><span style=\"color: #000000\"><strong>Jurgen Appelo (Curso co-creador)<\/strong>:<\/span> <strong><span style=\"color: #808080\">Nuevos tiempos, nuevos liderazgos)<\/span><\/strong><br \/>\n<strong><span style=\"color: #808080\">Autor, conferencista y emprendedor especializado en ayudar a las organizaciones a prosperar en el siglo XXI, destac\u00e1ndose por el modelo UnFix de dise\u00f1o organizacional e innovaci\u00f3n continua, con trabajos destacados como \u00abManagement 3.0&#8243; y \u00abManaging for Happiness\u00bb. Reconocido por Inc.com como uno de los principales especialistas y ponentes en liderazgo.<\/span><\/strong><br \/>\n<strong><span style=\"color: #808080\">+info:\u00a0<\/span><\/strong>https:\/\/grupobcc.com\/co\/speakers\/jurgen-appelo\/<\/p>\n","protected":false},"excerpt":{"rendered":"<p>Home GLOBAL MIND &nbsp; &nbsp; Andrew McAfee \uf0b7 Andrew McAfee: Cofundador y Codirector de la Iniciativa de la Econom\u00eda Digital del MIT y Cient\u00edfico Principal de Investigaci\u00f3n en la Escuela de Administraci\u00f3n Sloan del MIT. McAfee Investiga y estudia c\u00f3mo las tecnolog\u00edas digitales est\u00e1n transformando&#8230;<\/p>\n","protected":false},"author":16,"featured_media":0,"parent":0,"menu_order":0,"comment_status":"closed","ping_status":"closed","template":"","meta":{"footnotes":""},"class_list":["post-3678","page","type-page","status-publish","hentry"],"aioseo_notices":[],"_links":{"self":[{"href":"https:\/\/sic.nodscloud.com\/nodsglobal\/wp-json\/wp\/v2\/pages\/3678","targetHints":{"allow":["GET"]}}],"collection":[{"href":"https:\/\/sic.nodscloud.com\/nodsglobal\/wp-json\/wp\/v2\/pages"}],"about":[{"href":"https:\/\/sic.nodscloud.com\/nodsglobal\/wp-json\/wp\/v2\/types\/page"}],"author":[{"embeddable":true,"href":"https:\/\/sic.nodscloud.com\/nodsglobal\/wp-json\/wp\/v2\/users\/16"}],"replies":[{"embeddable":true,"href":"https:\/\/sic.nodscloud.com\/nodsglobal\/wp-json\/wp\/v2\/comments?post=3678"}],"version-history":[{"count":14,"href":"https:\/\/sic.nodscloud.com\/nodsglobal\/wp-json\/wp\/v2\/pages\/3678\/revisions"}],"predecessor-version":[{"id":4662,"href":"https:\/\/sic.nodscloud.com\/nodsglobal\/wp-json\/wp\/v2\/pages\/3678\/revisions\/4662"}],"wp:attachment":[{"href":"https:\/\/sic.nodscloud.com\/nodsglobal\/wp-json\/wp\/v2\/media?parent=3678"}],"curies":[{"name":"wp","href":"https:\/\/api.w.org\/{rel}","templated":true}]}}