
{"id":3865,"date":"2023-12-19T14:45:21","date_gmt":"2023-12-19T14:45:21","guid":{"rendered":"https:\/\/sic.nodscloud.com\/nodsglobal\/?page_id=3865"},"modified":"2024-05-31T13:03:05","modified_gmt":"2024-05-31T13:03:05","slug":"calendario-academico-2024","status":"publish","type":"page","link":"https:\/\/sic.nodscloud.com\/nodsglobal\/calendario-academico-2024\/","title":{"rendered":"Calendario Acad\u00e9mico 2024"},"content":{"rendered":"<p><strong>ANEXO N\u00ba II<\/strong><\/p>\n<p><strong>Resoluci\u00f3n N\u00ba\u00a0 -CS- 2023<\/strong><\/p>\n<p><strong>s\/ Aprobaci\u00f3n Calendario Acad\u00e9mico 2024<\/strong><\/p>\n<p><span style=\"color: #0000ff;\"><strong>Todas las Facultades menos :<\/strong><\/span> <span style=\"color: #000000;\"><strong>Facultad de Filosof\u00eda y Humanidades y Escuela de Seguridad<\/strong><\/span><\/p>\n<p><strong><u>CICLO LECTIVO 2024 MODALIDAD PRESENCIAL Y DISTANCIA<\/u><\/strong><\/p>\n<p><strong><img fetchpriority=\"high\" decoding=\"async\" class=\"alignnone size-full wp-image-4778\" src=\"https:\/\/sic.nodscloud.com\/nodsglobal\/wp-content\/uploads\/sites\/3\/2024\/05\/calendario.png\" alt=\"\" width=\"749\" height=\"858\" srcset=\"https:\/\/sic.nodscloud.com\/nodsglobal\/wp-content\/uploads\/sites\/3\/2024\/05\/calendario.png 749w, https:\/\/sic.nodscloud.com\/nodsglobal\/wp-content\/uploads\/sites\/3\/2024\/05\/calendario-262x300.png 262w, https:\/\/sic.nodscloud.com\/nodsglobal\/wp-content\/uploads\/sites\/3\/2024\/05\/calendario-700x802.png 700w\" sizes=\"(max-width: 749px) 100vw, 749px\" \/>ANEXO N\u00ba IV<\/strong><\/p>\n<p><strong>Resoluci\u00f3n N\u00ba \u2026. -CS- 2024<\/strong><\/p>\n<p><strong>s\/ Aprobaci\u00f3n Calendario Acad\u00e9mico 2024<\/strong><\/p>\n<p><strong>\u00a0<\/strong><\/p>\n<p><span style=\"color: #ff6600;\"><strong>Modalidad a Distancia- Facultad de Filosof\u00eda y Humanidades<\/strong><\/span><\/p>\n<p><strong>Adecuaciones Calendario Acad\u00e9mico 2024<\/strong><\/p>\n<p><img decoding=\"async\" class=\"alignnone size-full wp-image-3871\" src=\"https:\/\/sic.nodscloud.com\/nodsglobal\/wp-content\/uploads\/sites\/3\/2023\/12\/foto-2.png\" alt=\"\" width=\"736\" height=\"874\" srcset=\"https:\/\/sic.nodscloud.com\/nodsglobal\/wp-content\/uploads\/sites\/3\/2023\/12\/foto-2.png 736w, https:\/\/sic.nodscloud.com\/nodsglobal\/wp-content\/uploads\/sites\/3\/2023\/12\/foto-2-253x300.png 253w, https:\/\/sic.nodscloud.com\/nodsglobal\/wp-content\/uploads\/sites\/3\/2023\/12\/foto-2-700x831.png 700w\" sizes=\"(max-width: 736px) 100vw, 736px\" \/><\/p>\n<p>&nbsp;<\/p>\n<p><strong>Anexo N\u00ba V<\/strong><\/p>\n<p><strong>Resoluci\u00f3n N\u00ba \u2026. -CS- 2024<\/strong><\/p>\n<p><strong>s\/ Aprobaci\u00f3n Calendario Acad\u00e9mico 2024<\/strong><\/p>\n<p>&nbsp;<\/p>\n<p><span style=\"color: #ff0000;\"><strong>Escuela de Seguridad<\/strong><\/span><strong><br \/>\nAdecuaci\u00f3n Calendario Acad\u00e9mico 2024 Modalidad a Distancia<\/strong><\/p>\n<p><img decoding=\"async\" class=\"alignnone size-full wp-image-3872\" src=\"https:\/\/sic.nodscloud.com\/nodsglobal\/wp-content\/uploads\/sites\/3\/2023\/12\/foto-3.png\" alt=\"\" width=\"720\" height=\"476\" srcset=\"https:\/\/sic.nodscloud.com\/nodsglobal\/wp-content\/uploads\/sites\/3\/2023\/12\/foto-3.png 720w, https:\/\/sic.nodscloud.com\/nodsglobal\/wp-content\/uploads\/sites\/3\/2023\/12\/foto-3-300x198.png 300w, https:\/\/sic.nodscloud.com\/nodsglobal\/wp-content\/uploads\/sites\/3\/2023\/12\/foto-3-700x463.png 700w\" sizes=\"(max-width: 720px) 100vw, 720px\" \/><\/p>\n","protected":false},"excerpt":{"rendered":"<p>ANEXO N\u00ba II Resoluci\u00f3n N\u00ba\u00a0 -CS- 2023 s\/ Aprobaci\u00f3n Calendario Acad\u00e9mico 2024 Todas las Facultades menos : Facultad de Filosof\u00eda y Humanidades y Escuela de Seguridad CICLO LECTIVO 2024 MODALIDAD PRESENCIAL Y DISTANCIA ANEXO N\u00ba IV Resoluci\u00f3n N\u00ba \u2026. -CS- 2024 s\/ Aprobaci\u00f3n Calendario Acad\u00e9mico&#8230;<\/p>\n","protected":false},"author":16,"featured_media":0,"parent":0,"menu_order":0,"comment_status":"closed","ping_status":"closed","template":"","meta":{"footnotes":""},"class_list":["post-3865","page","type-page","status-publish","hentry"],"aioseo_notices":[],"_links":{"self":[{"href":"https:\/\/sic.nodscloud.com\/nodsglobal\/wp-json\/wp\/v2\/pages\/3865","targetHints":{"allow":["GET"]}}],"collection":[{"href":"https:\/\/sic.nodscloud.com\/nodsglobal\/wp-json\/wp\/v2\/pages"}],"about":[{"href":"https:\/\/sic.nodscloud.com\/nodsglobal\/wp-json\/wp\/v2\/types\/page"}],"author":[{"embeddable":true,"href":"https:\/\/sic.nodscloud.com\/nodsglobal\/wp-json\/wp\/v2\/users\/16"}],"replies":[{"embeddable":true,"href":"https:\/\/sic.nodscloud.com\/nodsglobal\/wp-json\/wp\/v2\/comments?post=3865"}],"version-history":[{"count":4,"href":"https:\/\/sic.nodscloud.com\/nodsglobal\/wp-json\/wp\/v2\/pages\/3865\/revisions"}],"predecessor-version":[{"id":4779,"href":"https:\/\/sic.nodscloud.com\/nodsglobal\/wp-json\/wp\/v2\/pages\/3865\/revisions\/4779"}],"wp:attachment":[{"href":"https:\/\/sic.nodscloud.com\/nodsglobal\/wp-json\/wp\/v2\/media?parent=3865"}],"curies":[{"name":"wp","href":"https:\/\/api.w.org\/{rel}","templated":true}]}}