
{"id":3991,"date":"2024-01-11T16:53:25","date_gmt":"2024-01-11T16:53:25","guid":{"rendered":"https:\/\/sic.nodscloud.com\/nodsglobal\/?page_id=3991"},"modified":"2024-04-04T19:08:12","modified_gmt":"2024-04-04T19:08:12","slug":"portfolio-academico-2","status":"publish","type":"page","link":"https:\/\/sic.nodscloud.com\/nodsglobal\/portfolio-academico-2\/","title":{"rendered":"Portfolio Acad\u00e9mico"},"content":{"rendered":"<h1><\/h1>\n<h1 style=\"text-align: center;\"><strong><span style=\"color: #008000;\"><img fetchpriority=\"high\" decoding=\"async\" class=\"alignnone size-large wp-image-4086\" src=\"https:\/\/sic.nodscloud.com\/nodsglobal\/wp-content\/uploads\/sites\/3\/2024\/02\/ranking-1-1024x387.png\" alt=\"\" width=\"1024\" height=\"387\" srcset=\"https:\/\/sic.nodscloud.com\/nodsglobal\/wp-content\/uploads\/sites\/3\/2024\/02\/ranking-1-1024x387.png 1024w, https:\/\/sic.nodscloud.com\/nodsglobal\/wp-content\/uploads\/sites\/3\/2024\/02\/ranking-1-300x113.png 300w, https:\/\/sic.nodscloud.com\/nodsglobal\/wp-content\/uploads\/sites\/3\/2024\/02\/ranking-1-768x290.png 768w, https:\/\/sic.nodscloud.com\/nodsglobal\/wp-content\/uploads\/sites\/3\/2024\/02\/ranking-1-700x265.png 700w, https:\/\/sic.nodscloud.com\/nodsglobal\/wp-content\/uploads\/sites\/3\/2024\/02\/ranking-1.png 1219w\" sizes=\"(max-width: 1024px) 100vw, 1024px\" \/>UNIVERSIDAD DEL CONO SUR <\/span><\/strong><\/h1>\n<h1 style=\"text-align: center;\"><strong><span style=\"color: #008000;\">DE LAS\u00a0<\/span><span style=\"color: #008000;\">AMERICAS<\/span><\/strong><\/h1>\n<p>&nbsp;<\/p>\n<p>&nbsp;<\/p>\n<p class=\"cvGsUA direction-ltr align-justify para-style-body\"><span class=\"OYPEnA text-decoration-none text-strikethrough-none\">La Universidad del Cono Sur de las Am\u00e9ricas concibe la educaci\u00f3n como un medio privilegiado de socializaci\u00f3n y desarrollo humano y como un factor estrat\u00e9gico para un crecimiento econ\u00f3mico con equidad que permita superar la pobreza y la desigual distribuci\u00f3n de la riqueza.<\/span><\/p>\n<p>&nbsp;<\/p>\n<p class=\"cvGsUA direction-ltr align-justify para-style-body\"><span class=\"OYPEnA text-decoration-none text-strikethrough-none\">En este contexto, considera que las iniciativas de promover una educaci\u00f3n superior de alta calidad, por su funci\u00f3n de formar profesionales, generar nuevos conceptos y conocimientos mediante la investigaci\u00f3n cient\u00edfica y tecnol\u00f3gica, y llevar adelante proyectos de servicio a la comunidad, tienen una clara prioridad.<\/span><\/p>\n<p>&nbsp;<\/p>\n<p class=\"cvGsUA direction-ltr align-justify para-style-body\"><span class=\"OYPEnA text-decoration-none text-strikethrough-none\">La Universidad del Cono Sur de las Am\u00e9ricas define la educaci\u00f3n como el proceso de generaci\u00f3n de conocimientos y de promoci\u00f3n del desarrollo integral de potencialidades humanas, en sus aspectos f\u00edsicos, intelectuales y espirituales, con una clara orientaci\u00f3n al saber ser, saber hacer, saber aprender, saber emprender y saber convivir.<\/span><\/p>\n<p>&nbsp;<\/p>\n<p class=\"cvGsUA direction-ltr align-justify para-style-body\"><span class=\"OYPEnA text-decoration-none text-strikethrough-none\">Esto es creer que el progresivo descubrimiento y cultivo de los talentos, facultades y cualidades morales latentes en todo ser humano, implica una participaci\u00f3n activa de todos los actores y se constituye como la base esencial de una sociedad m\u00e1s justa, equitativa y democr\u00e1tica.<\/span><\/p>\n<p>&nbsp;<\/p>\n<h2><span style=\"color: #008000;\">Misi\u00f3n<\/span><\/h2>\n<p><span class=\"OYPEnA text-decoration-none text-strikethrough-none\">\u00abLa Universidad del Cono Sur de las Am\u00e9ricas es una instituci\u00f3n sin fines de lucro, dedicada a formar profesionales l\u00edderes \u00e9ticos, emprendedores y con responsabilidad social para servir a la comunidad nacional e internacional, mediante una educaci\u00f3n integral de calidad, orientada a la investigaci\u00f3n e innovaci\u00f3n\u00bb<\/span><\/p>\n<p>&nbsp;<\/p>\n<h2><span style=\"color: #008000;\">Visi\u00f3n\u00a0<\/span><\/h2>\n<p><span class=\"OYPEnA text-decoration-none text-strikethrough-none\">\u00abSer una universidad emprendedora, reconocida por su prestigio y excelencia acad\u00e9mica\u00bb<\/span><\/p>\n<p>&nbsp;<\/p>\n<h2><span style=\"color: #008000;\">Valores<\/span><\/h2>\n<p><span class=\"OYPEnA text-decoration-none text-strikethrough-none\">Respeto,<\/span> <span class=\"OYPEnA text-decoration-none text-strikethrough-none\">Integridad, Compromiso, Responsabilidad, Liderazgo, Empat\u00eda.<\/span><\/p>\n<p>&nbsp;<\/p>\n<h2><span style=\"color: #008000;\"><strong>\u00bfPor que estudiar Nuestras Licenciaturas?<\/strong><\/span><\/h2>\n<p class=\"cvGsUA direction-ltr align-center para-style-body\"><strong><span class=\"OYPEnA text-decoration-none text-strikethrough-none\">Reconocimiento en el Mercado Laboral<\/span><\/strong><\/p>\n<p class=\"cvGsUA direction-ltr align-center para-style-body\"><span class=\"OYPEnA text-decoration-none text-strikethrough-none\">\u00b7La posesi\u00f3n de una licenciatura aumenta la visibilidad y credibilidad en el mercado laboral.<\/span><\/p>\n<p class=\"cvGsUA direction-ltr align-center para-style-body\"><span class=\"OYPEnA text-decoration-none text-strikethrough-none\">\u00b7Las empresas suelen valorar a los candidatos con educaci\u00f3n universitaria en la toma de decisiones de contrataci\u00f3n.<\/span><\/p>\n<p>&nbsp;<\/p>\n<p class=\"cvGsUA direction-ltr align-center para-style-body\"><strong><span class=\"OYPEnA text-decoration-none text-strikethrough-none\">Desarrollo de Habilidades T\u00e9cnicas y Pr\u00e1cticas<\/span><\/strong><\/p>\n<p class=\"cvGsUA direction-ltr align-center para-style-body\"><span class=\"OYPEnA text-decoration-none text-strikethrough-none\">\u00b7Adquisici\u00f3n de habilidades t\u00e9cnicas y pr\u00e1cticas directamente aplicables al \u00e1mbito laboral.<\/span><\/p>\n<p class=\"cvGsUA direction-ltr align-center para-style-body\"><span class=\"OYPEnA text-decoration-none text-strikethrough-none\">\u00b7Conexi\u00f3n entre la teor\u00eda y la pr\u00e1ctica para enfrentar desaf\u00edos reales en la profesi\u00f3n.<\/span><\/p>\n<p>&nbsp;<\/p>\n<p class=\"cvGsUA direction-ltr align-center para-style-body\"><strong><span class=\"OYPEnA text-decoration-none text-strikethrough-none\">Habilidades de Comunicaci\u00f3n y Colaboraci\u00f3n<\/span><\/strong><\/p>\n<p class=\"cvGsUA direction-ltr align-center para-style-body\"><span class=\"OYPEnA text-decoration-none text-strikethrough-none\">\u00b7Interacci\u00f3n constante con profesores y compa\u00f1eros desarrolla habilidades de comunicaci\u00f3n efectiva y trabajo en equipo.<\/span><\/p>\n<p class=\"cvGsUA direction-ltr align-center para-style-body\"><span class=\"OYPEnA text-decoration-none text-strikethrough-none\">\u00b7Competencias esenciales en cualquier entorno profesional.<\/span><\/p>\n<p class=\"cvGsUA direction-ltr align-center para-style-body\"><span class=\"OYPEnA text-decoration-none text-strikethrough-none\">Pensamiento Cr\u00edtico y Resoluci\u00f3n de Problemas<\/span><\/p>\n<p class=\"cvGsUA direction-ltr align-center para-style-body\"><span class=\"OYPEnA text-decoration-none text-strikethrough-none\">La resoluci\u00f3n de problemas complejos y el pensamiento cr\u00edtico se fomentan a trav\u00e9s de desaf\u00edos acad\u00e9micos.<\/span><\/p>\n<p>&nbsp;<\/p>\n<p>&nbsp;<\/p>\n<p>&nbsp;<\/p>\n<p>&nbsp;<\/p>\n<hr \/>\n<h1><span style=\"color: #008000;\"><strong>Programas Acad\u00e9micos<\/strong><\/span><\/h1>\n<p>&nbsp;<\/p>\n<h3><strong><span class=\"OYPEnA text-decoration-none text-strikethrough-none\">Licenciatura en Administraci\u00f3n de Empresas<\/span><\/strong><\/h3>\n<p>&nbsp;<\/p>\n<h3><strong><span class=\"OYPEnA text-decoration-none text-strikethrough-none\">Licenciatura en Comercio Internacional y Administraci\u00f3n Aduanera<\/span><\/strong><\/h3>\n<p>&nbsp;<\/p>\n<h3><del><strong><span class=\"OYPEnA text-decoration-none text-strikethrough-none\">Licenciatura en Contabilidad y Auditoria<\/span><\/strong><\/del><\/h3>\n<p>&nbsp;<\/p>\n<h3><del><strong><span class=\"OYPEnA text-decoration-none text-strikethrough-none\">Licenciatura en Psicolog\u00eda Empresarial<\/span><\/strong><\/del><\/h3>\n<p>&nbsp;<\/p>\n<h3><del><strong><span class=\"OYPEnA text-decoration-none text-strikethrough-none\">Licenciatura en Pedagog\u00eda\u00a0<\/span><\/strong><\/del><\/h3>\n<hr \/>\n<p>&nbsp;<\/p>\n<h3><span style=\"color: #008000;\"><strong><span class=\"OYPEnA text-decoration-none text-strikethrough-none\">Licenciatura en Administraci\u00f3n de Empresas<\/span><\/strong><\/span><\/h3>\n<p>&nbsp;<\/p>\n<p><span class=\"OYPEnA text-decoration-none text-strikethrough-none\">Ofrecer una formaci\u00f3n integral, \u00e9tica, t\u00e9cnica y socialmente responsable con una visi\u00f3n emprendedora del psic\u00f3logo empresarial para desempe\u00f1ar un rol estrat\u00e9gico en la administraci\u00f3n y gesti\u00f3n de personas en cualquier tipo de organizaci\u00f3n con s\u00f3lidos conocimientos desde las diferentes teor\u00edas, t\u00e9cnicas y m\u00e9todos basados en la ciencia. Formar profesionales l\u00edderes, con valores y comprometidos con el bienestar psicol\u00f3gico del talento humano y la gesti\u00f3n organizacional, capaces de integrar el saber conocer, el saber hacer, el saber ser, el saber convivir y el saber emprender.<\/span><\/p>\n<p>&nbsp;<\/p>\n<p><strong>Ficha T\u00e9cnica\u00a0<\/strong><\/p>\n<ul>\n<li><span class=\"OYPEnA text-decoration-none text-strikethrough-none\">T\u00edtulo de grado: <\/span><span class=\"OYPEnA text-decoration-none text-strikethrough-none\">Licenciado\/a en Administraci\u00f3n de empresas<\/span><\/li>\n<li><span class=\"OYPEnA text-decoration-none text-strikethrough-none\">Duraci\u00f3n:<\/span> 4<span class=\"OYPEnA text-decoration-none text-strikethrough-none\"> a\u00f1os \/ 8 Ciclos<\/span><\/li>\n<li><span class=\"OYPEnA text-decoration-none text-strikethrough-none\">Campus Virtuales:<\/span> <span class=\"OYPEnA text-decoration-none text-strikethrough-none\">Clases Grabadas<\/span><\/li>\n<li><span class=\"OYPEnA text-decoration-none text-strikethrough-none\">Modalidad de Ex\u00e1menes:<\/span> <span class=\"OYPEnA text-decoration-none text-strikethrough-none\">Virtuales<\/span><\/li>\n<li><span class=\"OYPEnA text-decoration-none text-strikethrough-none\">Fecha de Inicio:<\/span><span class=\"OYPEnA text-decoration-none text-strikethrough-none\"> 07-Mayo<\/span><\/li>\n<li><span class=\"OYPEnA text-decoration-none text-strikethrough-none\">Horario:<\/span> <span class=\"OYPEnA text-decoration-none text-strikethrough-none\">Lunes a viernes \/ a disposici\u00f3n del alumno<\/span><\/li>\n<li><span class=\"OYPEnA text-decoration-none text-strikethrough-none\">Matricula: <\/span><span class=\"OYPEnA text-decoration-none text-strikethrough-none\">500.000 Gs Alumnos Antiguos \/ Gratis Alumnos nuevos<\/span><\/li>\n<li><span class=\"OYPEnA text-decoration-none text-strikethrough-none\">Cuota:<\/span> <span class=\"OYPEnA text-decoration-none text-strikethrough-none\">235.000 Gs por Materia *Mensual<\/span><\/li>\n<\/ul>\n<p>&nbsp;<\/p>\n<p><strong>Plan de Estudios<\/strong><\/p>\n<p><img decoding=\"async\" class=\"alignnone wp-image-4052\" src=\"https:\/\/sic.nodscloud.com\/nodsglobal\/wp-content\/uploads\/sites\/3\/2024\/02\/Administr.png\" alt=\"\" width=\"495\" height=\"371\" srcset=\"https:\/\/sic.nodscloud.com\/nodsglobal\/wp-content\/uploads\/sites\/3\/2024\/02\/Administr.png 1024w, https:\/\/sic.nodscloud.com\/nodsglobal\/wp-content\/uploads\/sites\/3\/2024\/02\/Administr-300x225.png 300w, https:\/\/sic.nodscloud.com\/nodsglobal\/wp-content\/uploads\/sites\/3\/2024\/02\/Administr-768x576.png 768w, https:\/\/sic.nodscloud.com\/nodsglobal\/wp-content\/uploads\/sites\/3\/2024\/02\/Administr-800x600.png 800w, https:\/\/sic.nodscloud.com\/nodsglobal\/wp-content\/uploads\/sites\/3\/2024\/02\/Administr-700x525.png 700w\" sizes=\"(max-width: 495px) 100vw, 495px\" \/><\/p>\n<p><strong>Requisitos de Ingreso<\/strong><\/p>\n<ul>\n<li><span class=\"OYPEnA text-decoration-none text-strikethrough-none\">Certificado de Estudios (Visado por el M.E.C)<\/span><\/li>\n<li><span class=\"OYPEnA text-decoration-none text-strikethrough-none\">1 Fotocopia de C\u00e9dula (autenticada por escriban\u00eda)<\/span><\/li>\n<li><span class=\"OYPEnA text-decoration-none text-strikethrough-none\">1 Foto tipo carnet.<\/span><\/li>\n<\/ul>\n<p>&nbsp;<\/p>\n<p>&nbsp;<\/p>\n<hr \/>\n<h3><\/h3>\n<p>&nbsp;<\/p>\n<h3><span style=\"color: #008000;\"><strong><span class=\"OYPEnA text-decoration-none text-strikethrough-none\">Licenciatura en Comercio Internacional y Administraci\u00f3n Aduanera<\/span><\/strong><\/span><\/h3>\n<p>&nbsp;<\/p>\n<p><span class=\"OYPEnA text-decoration-none text-strikethrough-none\">Formar profesionales generadores de ideas emprendedoras con conocimientos, destrezas, actitudes y valores para ejercer la profesi\u00f3n en todo tipo de organizaci\u00f3n del \u00e1rea comercial internacional, con pensamiento cr\u00edtico, capacidad de liderazgo e involucrado con la problem\u00e1tica econ\u00f3mica, comercial, social y cultural tanto nacional, regional como internacional. Se pueden desempe\u00f1ar con \u00e9xito en la gesti\u00f3n de organizaciones p\u00fablicas y privadas, desarrollar proyectos de creaci\u00f3n de empresas que contribuyan a mejorar las condiciones econ\u00f3micas, sociales y culturales del pa\u00eds.<\/span><\/p>\n<p>&nbsp;<\/p>\n<p><strong>Ficha\u00a0<\/strong><b>T\u00e9cnica<\/b><\/p>\n<ul>\n<li><span class=\"OYPEnA text-decoration-none text-strikethrough-none\">T\u00edtulo de grado:<\/span> <span class=\"OYPEnA text-decoration-none text-strikethrough-none\">Licenciado\/a en Comercio Internacional y Adm. Aduanera<\/span><\/li>\n<li><span class=\"OYPEnA text-decoration-none text-strikethrough-none\">Duraci\u00f3n:<\/span> 4<span class=\"OYPEnA text-decoration-none text-strikethrough-none\"> a\u00f1os \/ 8 Ciclos<\/span><\/li>\n<li><span class=\"OYPEnA text-decoration-none text-strikethrough-none\">Campus Virtuales:<\/span> <span class=\"OYPEnA text-decoration-none text-strikethrough-none\">Clases Grabadas<\/span><\/li>\n<li><span class=\"OYPEnA text-decoration-none text-strikethrough-none\">Modalidad de Ex\u00e1menes:<\/span> <span class=\"OYPEnA text-decoration-none text-strikethrough-none\">Virtuales<\/span><\/li>\n<li><span class=\"OYPEnA text-decoration-none text-strikethrough-none\">Fecha de Inicio:<\/span><span class=\"OYPEnA text-decoration-none text-strikethrough-none\"> 07-Mayo<\/span><\/li>\n<li><span class=\"OYPEnA text-decoration-none text-strikethrough-none\">Horario:<\/span> <span class=\"OYPEnA text-decoration-none text-strikethrough-none\">Lunes a viernes \/ a disposici\u00f3n del alumno<\/span><\/li>\n<li><span class=\"OYPEnA text-decoration-none text-strikethrough-none\">Matricula: <\/span><span class=\"OYPEnA text-decoration-none text-strikethrough-none\">500.000 GS Alumnos Antiguos \/ Gratis Alumnos nuevos<\/span><\/li>\n<li><span class=\"OYPEnA text-decoration-none text-strikethrough-none\">Cuota:<\/span> <span class=\"OYPEnA text-decoration-none text-strikethrough-none\">235.000 Gs por Materia *Mensual<\/span><\/li>\n<\/ul>\n<p>&nbsp;<\/p>\n<p><strong>Plan de Estudios<\/strong><\/p>\n<p><strong><img decoding=\"async\" class=\"alignnone wp-image-4053\" src=\"https:\/\/sic.nodscloud.com\/nodsglobal\/wp-content\/uploads\/sites\/3\/2024\/02\/comercio.png\" alt=\"\" width=\"496\" height=\"372\" srcset=\"https:\/\/sic.nodscloud.com\/nodsglobal\/wp-content\/uploads\/sites\/3\/2024\/02\/comercio.png 1024w, https:\/\/sic.nodscloud.com\/nodsglobal\/wp-content\/uploads\/sites\/3\/2024\/02\/comercio-300x225.png 300w, https:\/\/sic.nodscloud.com\/nodsglobal\/wp-content\/uploads\/sites\/3\/2024\/02\/comercio-768x576.png 768w, https:\/\/sic.nodscloud.com\/nodsglobal\/wp-content\/uploads\/sites\/3\/2024\/02\/comercio-800x600.png 800w, https:\/\/sic.nodscloud.com\/nodsglobal\/wp-content\/uploads\/sites\/3\/2024\/02\/comercio-700x525.png 700w\" sizes=\"(max-width: 496px) 100vw, 496px\" \/><\/strong><\/p>\n<p><strong>Requisitos de Ingreso<\/strong><\/p>\n<ul>\n<li><span class=\"OYPEnA text-decoration-none text-strikethrough-none\">Certificado de Estudios (Visado por el M.E.C)<\/span><\/li>\n<li><span class=\"OYPEnA text-decoration-none text-strikethrough-none\">1 Fotocopia de C\u00e9dula (autenticada por escriban\u00eda)<\/span><\/li>\n<li><span class=\"OYPEnA text-decoration-none text-strikethrough-none\">1 Foto tipo carnet.<\/span><\/li>\n<\/ul>\n<hr \/>\n<p>&nbsp;<\/p>\n<p>&nbsp;<\/p>\n","protected":false},"excerpt":{"rendered":"<p>UNIVERSIDAD DEL CONO SUR DE LAS\u00a0AMERICAS &nbsp; &nbsp; La Universidad del Cono Sur de las Am\u00e9ricas concibe la educaci\u00f3n como un medio privilegiado de socializaci\u00f3n y desarrollo humano y como un factor estrat\u00e9gico para un crecimiento econ\u00f3mico con equidad que permita superar la pobreza y&#8230;<\/p>\n","protected":false},"author":16,"featured_media":0,"parent":0,"menu_order":0,"comment_status":"closed","ping_status":"closed","template":"","meta":{"footnotes":""},"class_list":["post-3991","page","type-page","status-publish","hentry"],"aioseo_notices":[],"_links":{"self":[{"href":"https:\/\/sic.nodscloud.com\/nodsglobal\/wp-json\/wp\/v2\/pages\/3991","targetHints":{"allow":["GET"]}}],"collection":[{"href":"https:\/\/sic.nodscloud.com\/nodsglobal\/wp-json\/wp\/v2\/pages"}],"about":[{"href":"https:\/\/sic.nodscloud.com\/nodsglobal\/wp-json\/wp\/v2\/types\/page"}],"author":[{"embeddable":true,"href":"https:\/\/sic.nodscloud.com\/nodsglobal\/wp-json\/wp\/v2\/users\/16"}],"replies":[{"embeddable":true,"href":"https:\/\/sic.nodscloud.com\/nodsglobal\/wp-json\/wp\/v2\/comments?post=3991"}],"version-history":[{"count":12,"href":"https:\/\/sic.nodscloud.com\/nodsglobal\/wp-json\/wp\/v2\/pages\/3991\/revisions"}],"predecessor-version":[{"id":4148,"href":"https:\/\/sic.nodscloud.com\/nodsglobal\/wp-json\/wp\/v2\/pages\/3991\/revisions\/4148"}],"wp:attachment":[{"href":"https:\/\/sic.nodscloud.com\/nodsglobal\/wp-json\/wp\/v2\/media?parent=3991"}],"curies":[{"name":"wp","href":"https:\/\/api.w.org\/{rel}","templated":true}]}}