
{"id":4070,"date":"2024-02-06T15:09:49","date_gmt":"2024-02-06T15:09:49","guid":{"rendered":"https:\/\/sic.nodscloud.com\/nodsglobal\/?page_id=4070"},"modified":"2024-02-06T16:50:26","modified_gmt":"2024-02-06T16:50:26","slug":"plantillas-de-whatsapp","status":"publish","type":"page","link":"https:\/\/sic.nodscloud.com\/nodsglobal\/plantillas-de-whatsapp\/","title":{"rendered":"Plantillas de Whatsapp"},"content":{"rendered":"<p>&nbsp;<\/p>\n<h1 style=\"text-align: center;\"><strong><span style=\"color: #008000;\">CANAL DE WHATASPP<\/span><\/strong><\/h1>\n<p><strong>Saludo Inicial<\/strong><\/p>\n<p>\u00a1Hola &lt;&lt;nombre&gt;&gt; \ud83d\udc4b\ud83c\udffc! Soy &lt;&lt;nombre del asesor&gt;&gt;, asesor educativo de la Universidad del cono sur de las Am\u00e9ricas.<\/p>\n<p>Hemos recibido su inter\u00e9s en estudiar con nosotros.<\/p>\n<p>Estoy a disposici\u00f3n para resolver todas sus dudas y ayudarle en el proceso de aplicaci\u00f3n a sus estudios. \ud83d\ude4c\ud83c\udffb Antes de comenzar, \u00bfpodr\u00eda indicarme los siguientes datos?<\/p>\n<p>\ud83d\ude0a Nombre\/Apellido<\/p>\n<p>\ud83e\uddd1\u200d\ud83d\udcbb Carrera que le interesa<\/p>\n<p>\ud83d\udce9 Email<\/p>\n<p>\ud83d\udcf2 \u260e\ufe0f \u00bfQuiere que acordemos un llamado telef\u00f3nico o prefiere recibir asesoramiento por este medio?<\/p>\n<p><strong>\u00a0<\/strong><\/p>\n<p><strong>\u00a0<\/strong><\/p>\n<p><strong>Mensaje de re contacto <\/strong><\/p>\n<p>Un gusto saludarle nuevamente. Quer\u00edamos confirmar si pudo analizar nuestra propuesta acad\u00e9mica. \u00bfTom\u00f3 alguna decisi\u00f3n al respecto o quiz\u00e1s le qued\u00f3 alguna duda por revisar?<\/p>\n<p>Me comunico, especialmente, debido a la proximidad del inicio de clases.<\/p>\n<p>Quedo a la espera de su respuesta \ud83d\ude01<\/p>\n<p><strong>\u00a0<\/strong><\/p>\n<p><strong>\u00a0<\/strong><\/p>\n<p><strong>\u00a0<\/strong><\/p>\n<p><strong>\u00a0<\/strong><\/p>\n<p><strong>Saludo de despedida <u>CON venta<\/u><\/strong><\/p>\n<p>&nbsp;<\/p>\n<p>\u00a1Fue un gusto charlar con usted, XXXX! \u00a1Tom\u00f3 una excelente decisi\u00f3n! Somos la mejor opci\u00f3n para su futuro profesional \ud83d\ude01<\/p>\n<p>&nbsp;<\/p>\n<p>Cualquier consulta o duda que haya quedado pendiente, puede resolverla conmigo en este canal cuando lo desee.<\/p>\n<p>\ud83d\ude4c\ud83c\udffb \u00a1Que tenga una excelente semana\/d\u00eda!<\/p>\n<p><strong>\u00a0<\/strong><\/p>\n<p><strong>Saludo de despedida <u>SIN venta, pero potencial.<\/u><\/strong><\/p>\n<p>&nbsp;<\/p>\n<p>\u00a1Fue un gusto conversar con usted, XXXX!<\/p>\n<p>Agradecemos su inter\u00e9s, le pido que cualquier consulta o duda que haya quedado pendiente, utilice este canal para resolver la misma conmigo.<\/p>\n<p>\ud83d\ude4c\ud83c\udffb Adem\u00e1s, como pactamos, le llamar\u00e9\/escribir\u00e9 el XX\/XX para que podamos ver si analiz\u00f3 la propuesta.<\/p>\n<p>\u00a1Que tenga una excelente semana\/d\u00eda!<\/p>\n<p>&nbsp;<\/p>\n<p>&nbsp;<\/p>\n<p>&nbsp;<\/p>\n<p><strong>Informaci\u00f3n del programa<\/strong><\/p>\n<p>&nbsp;<\/p>\n<p>\ud83d\udcf2 A trav\u00e9s de este medio, le enviar\u00e9 m\u00e1s informaci\u00f3n acerca de la Licenciatura en XXXXXXXXXX y le contar\u00e9 sobre los beneficios de estudiar en nuestra Universidad.<\/p>\n<p><strong><u>Informaci\u00f3n seg\u00fan corresponda el programa:<\/u><\/strong><\/p>\n<p>&nbsp;<\/p>\n<p>\ud83c\udf10Modalidad: Virtual<\/p>\n<p>\ud83d\udcbbPortal del alumno<\/p>\n<p>\ud83d\udcc6Fecha de inicio:<\/p>\n<p>\u23f3Duraci\u00f3n:<\/p>\n<p>\ud83d\udcddMenci\u00f3n de ACREDITACI\u00d3N (Cones) y HABILITACI\u00d3N (Anaes)<\/p>\n<p>\ud83d\udce9 Requisitos:<\/p>\n<p>&nbsp;<\/p>\n<ol>\n<li>CERTIFICADO DE ESTUDIO (Visado por la M.E.C)<\/li>\n<li>1 FOTOCOPIA DE C\u00c9DULA (Autenticada por escriban\u00eda)<\/li>\n<li>1 FOTO TIPO CARNET.<\/li>\n<\/ol>\n<p>&nbsp;<\/p>\n<p>\u00bfTiene alguna duda con respecto a lo que le coment\u00e9? \ud83d\ude01<\/p>\n<p>Estoy a disposici\u00f3n para ayudarle en cualquier consulta que tenga al respecto.<\/p>\n<p>&nbsp;<\/p>\n<p><strong>Precios: Solamente informamos sobre matriculaci\u00f3n exonerada y valor por 2 materias al \u00faltimo: (a excepci\u00f3n de expreso pedido del aspirante)<\/strong><\/p>\n<p>&nbsp;<\/p>\n<p>&nbsp;<\/p>\n<p>A continuaci\u00f3n, le comparto el detalle de los costos:<\/p>\n<p>Matr\u00edcula: Exonerada por ser alumno nuevo.<\/p>\n<p>Arancel: $&#8230;&#8230;&#8230;&#8230;.. (por materia)<\/p>\n<p>Como requisito debe inscribirse a un m\u00ednimo de 2 materias por bimestre.<\/p>\n<p>Medios de pago: Transferencia bancaria a la cuenta de la universidad o presencialmente.<\/p>\n<p>&nbsp;<\/p>\n<p><strong>\u00a0<\/strong><\/p>\n<p><strong>\u00a0<\/strong><\/p>\n<p><strong>Mensaje de demora de respuesta. consulta:<\/strong><\/p>\n<p>-Dentro de las 24 horas h\u00e1biles estaremos brindando una respuesta a su consulta. \u00a1Saludos!<\/p>\n<p>-Respecto a su consulta puede haber una demora de 24 horas h\u00e1biles en la respuesta, le pedimos disculpas.<\/p>\n<p>-Gracias por comunicarse con nosotros, a la brevedad responderemos a su consulta, puede haber una demora de hasta 24 horas h\u00e1biles.<\/p>\n<p>&nbsp;<\/p>\n<p><strong>\u00a0<\/strong><\/p>\n<p><strong>No hemos podido contactarnos<\/strong><\/p>\n<p>\u00a1Hola &lt;&lt;nombre&gt;&gt;!\ud83d\udc4b\ud83c\udffb<\/p>\n<p>Mi nombre es &lt;&lt;nombre del asesor&gt;&gt;, asesor educativo de la Universidad del Cono Sur de las Am\u00e9ricas. He recibido su inter\u00e9s por la Licenciatura en XXXXXXXXX. Intent\u00e9 comunicarme telef\u00f3nicamente para brindarle m\u00e1s informaci\u00f3n, pero no tuve \u00e9xito.<\/p>\n<p>\u23f0 Si as\u00ed lo desea, ind\u00edqueme un horario de su comodidad para comunicarme nuevamente y brindarle toda la informaci\u00f3n necesaria. O, por el contrario, si la comunicaci\u00f3n le resulta m\u00e1s c\u00f3moda por ac\u00e1, \u00a1podemos seguir por este medio! \ud83d\udcdd<\/p>\n<p>&nbsp;<\/p>\n<p><strong>Mensaje de Recupero<\/strong><\/p>\n<p>&nbsp;<\/p>\n<p>Buenas tardes, &lt;&lt;nombre&gt;&gt; \ud83d\udc4b\ud83c\udffb Me contacto nuevamente, mi nombre es XXXXXX.<\/p>\n<p>Quer\u00eda confirmar si tuvo posibilidades de analizar nuestra propuesta acad\u00e9mica. \u00bfTom\u00f3 alguna decisi\u00f3n al respecto o quiz\u00e1s le qued\u00f3 alguna duda por revisar? \ud83d\udcdd Me comunico, principalmente debido a que el inicio de clases se acerca.<\/p>\n<p>Quedo a la espera de su respuesta \ud83d\ude01<\/p>\n<p>&nbsp;<\/p>\n<p>&nbsp;<\/p>\n","protected":false},"excerpt":{"rendered":"<p>&nbsp; CANAL DE WHATASPP Saludo Inicial \u00a1Hola &lt;&lt;nombre&gt;&gt; \ud83d\udc4b\ud83c\udffc! Soy &lt;&lt;nombre del asesor&gt;&gt;, asesor educativo de la Universidad del cono sur de las Am\u00e9ricas. Hemos recibido su inter\u00e9s en estudiar con nosotros. Estoy a disposici\u00f3n para resolver todas sus dudas y ayudarle en el proceso&#8230;<\/p>\n","protected":false},"author":16,"featured_media":0,"parent":0,"menu_order":0,"comment_status":"closed","ping_status":"closed","template":"","meta":{"footnotes":""},"class_list":["post-4070","page","type-page","status-publish","hentry"],"aioseo_notices":[],"_links":{"self":[{"href":"https:\/\/sic.nodscloud.com\/nodsglobal\/wp-json\/wp\/v2\/pages\/4070","targetHints":{"allow":["GET"]}}],"collection":[{"href":"https:\/\/sic.nodscloud.com\/nodsglobal\/wp-json\/wp\/v2\/pages"}],"about":[{"href":"https:\/\/sic.nodscloud.com\/nodsglobal\/wp-json\/wp\/v2\/types\/page"}],"author":[{"embeddable":true,"href":"https:\/\/sic.nodscloud.com\/nodsglobal\/wp-json\/wp\/v2\/users\/16"}],"replies":[{"embeddable":true,"href":"https:\/\/sic.nodscloud.com\/nodsglobal\/wp-json\/wp\/v2\/comments?post=4070"}],"version-history":[{"count":4,"href":"https:\/\/sic.nodscloud.com\/nodsglobal\/wp-json\/wp\/v2\/pages\/4070\/revisions"}],"predecessor-version":[{"id":4079,"href":"https:\/\/sic.nodscloud.com\/nodsglobal\/wp-json\/wp\/v2\/pages\/4070\/revisions\/4079"}],"wp:attachment":[{"href":"https:\/\/sic.nodscloud.com\/nodsglobal\/wp-json\/wp\/v2\/media?parent=4070"}],"curies":[{"name":"wp","href":"https:\/\/api.w.org\/{rel}","templated":true}]}}