
{"id":4117,"date":"2024-02-15T20:04:48","date_gmt":"2024-02-15T20:04:48","guid":{"rendered":"https:\/\/sic.nodscloud.com\/nodsglobal\/?page_id=4117"},"modified":"2024-08-08T20:24:14","modified_gmt":"2024-08-08T20:24:14","slug":"requisitos-de-aprobacion","status":"publish","type":"page","link":"https:\/\/sic.nodscloud.com\/nodsglobal\/requisitos-de-aprobacion\/","title":{"rendered":"Pol\u00edticas Acad\u00e9micas Financieras y Normas"},"content":{"rendered":"<h1 style=\"text-align: center;\"><strong><span style=\"color: #008000;\"><img fetchpriority=\"high\" decoding=\"async\" class=\"alignnone size-full wp-image-3774\" src=\"https:\/\/sic.nodscloud.com\/nodsglobal\/wp-content\/uploads\/sites\/3\/2023\/11\/logo-uniandes.png\" alt=\"\" width=\"542\" height=\"310\" srcset=\"https:\/\/sic.nodscloud.com\/nodsglobal\/wp-content\/uploads\/sites\/3\/2023\/11\/logo-uniandes.png 542w, https:\/\/sic.nodscloud.com\/nodsglobal\/wp-content\/uploads\/sites\/3\/2023\/11\/logo-uniandes-300x172.png 300w, https:\/\/sic.nodscloud.com\/nodsglobal\/wp-content\/uploads\/sites\/3\/2023\/11\/logo-uniandes-345x198.png 345w\" sizes=\"(max-width: 542px) 100vw, 542px\" \/><\/span><\/strong><\/h1>\n<h1 style=\"text-align: center;\"><span style=\"color: #008000;\"><strong>Pol\u00edticas Acad\u00e9micas Financieras y Normas<\/strong><\/span><\/h1>\n<h2><\/h2>\n<h2 style=\"text-align: center;\"><a href=\"https:\/\/sic.nodscloud.com\/nodsglobal\/wp-content\/uploads\/sites\/3\/2024\/08\/PoliticaAcademicaFinanciera_CreXe_V5-2.pdf\" target=\"_blank\" rel=\"noopener\"><span style=\"color: #0000ff;\">Ver Aqu\u00ed\u00a0<\/span><\/a><\/h2>\n<p>&nbsp;<\/p>\n<p>&nbsp;<\/p>\n","protected":false},"excerpt":{"rendered":"<p>Pol\u00edticas Acad\u00e9micas Financieras y Normas Ver Aqu\u00ed\u00a0 &nbsp; &nbsp;<\/p>\n","protected":false},"author":16,"featured_media":0,"parent":0,"menu_order":0,"comment_status":"closed","ping_status":"closed","template":"","meta":{"footnotes":""},"class_list":["post-4117","page","type-page","status-publish","hentry"],"aioseo_notices":[],"_links":{"self":[{"href":"https:\/\/sic.nodscloud.com\/nodsglobal\/wp-json\/wp\/v2\/pages\/4117","targetHints":{"allow":["GET"]}}],"collection":[{"href":"https:\/\/sic.nodscloud.com\/nodsglobal\/wp-json\/wp\/v2\/pages"}],"about":[{"href":"https:\/\/sic.nodscloud.com\/nodsglobal\/wp-json\/wp\/v2\/types\/page"}],"author":[{"embeddable":true,"href":"https:\/\/sic.nodscloud.com\/nodsglobal\/wp-json\/wp\/v2\/users\/16"}],"replies":[{"embeddable":true,"href":"https:\/\/sic.nodscloud.com\/nodsglobal\/wp-json\/wp\/v2\/comments?post=4117"}],"version-history":[{"count":5,"href":"https:\/\/sic.nodscloud.com\/nodsglobal\/wp-json\/wp\/v2\/pages\/4117\/revisions"}],"predecessor-version":[{"id":4630,"href":"https:\/\/sic.nodscloud.com\/nodsglobal\/wp-json\/wp\/v2\/pages\/4117\/revisions\/4630"}],"wp:attachment":[{"href":"https:\/\/sic.nodscloud.com\/nodsglobal\/wp-json\/wp\/v2\/media?parent=4117"}],"curies":[{"name":"wp","href":"https:\/\/api.w.org\/{rel}","templated":true}]}}