
{"id":4648,"date":"2024-05-17T14:51:39","date_gmt":"2024-05-17T14:51:39","guid":{"rendered":"https:\/\/sic.nodscloud.com\/nodsglobal\/?page_id=4648"},"modified":"2024-05-27T18:06:30","modified_gmt":"2024-05-27T18:06:30","slug":"speech-de-venta-2","status":"publish","type":"page","link":"https:\/\/sic.nodscloud.com\/nodsglobal\/speech-de-venta-2\/","title":{"rendered":"Speech de Venta"},"content":{"rendered":"<p><img fetchpriority=\"high\" decoding=\"async\" class=\"alignnone size-full wp-image-4203 aligncenter\" src=\"https:\/\/sic.nodscloud.com\/nodsglobal\/wp-content\/uploads\/sites\/3\/2024\/04\/images.png\" alt=\"\" width=\"483\" height=\"104\" srcset=\"https:\/\/sic.nodscloud.com\/nodsglobal\/wp-content\/uploads\/sites\/3\/2024\/04\/images.png 483w, https:\/\/sic.nodscloud.com\/nodsglobal\/wp-content\/uploads\/sites\/3\/2024\/04\/images-300x65.png 300w\" sizes=\"(max-width: 483px) 100vw, 483px\" \/><\/p>\n<p>&nbsp;<\/p>\n<p><img decoding=\"async\" class=\"wp-image-4688 aligncenter\" src=\"https:\/\/sic.nodscloud.com\/nodsglobal\/wp-content\/uploads\/sites\/3\/2024\/05\/WhatsApp-Image-2024-05-27-at-2.55.21-PM-791x1024.jpeg\" alt=\"\" width=\"392\" height=\"508\" srcset=\"https:\/\/sic.nodscloud.com\/nodsglobal\/wp-content\/uploads\/sites\/3\/2024\/05\/WhatsApp-Image-2024-05-27-at-2.55.21-PM-791x1024.jpeg 791w, https:\/\/sic.nodscloud.com\/nodsglobal\/wp-content\/uploads\/sites\/3\/2024\/05\/WhatsApp-Image-2024-05-27-at-2.55.21-PM-232x300.jpeg 232w, https:\/\/sic.nodscloud.com\/nodsglobal\/wp-content\/uploads\/sites\/3\/2024\/05\/WhatsApp-Image-2024-05-27-at-2.55.21-PM-768x994.jpeg 768w, https:\/\/sic.nodscloud.com\/nodsglobal\/wp-content\/uploads\/sites\/3\/2024\/05\/WhatsApp-Image-2024-05-27-at-2.55.21-PM-1187x1536.jpeg 1187w, https:\/\/sic.nodscloud.com\/nodsglobal\/wp-content\/uploads\/sites\/3\/2024\/05\/WhatsApp-Image-2024-05-27-at-2.55.21-PM-700x906.jpeg 700w, https:\/\/sic.nodscloud.com\/nodsglobal\/wp-content\/uploads\/sites\/3\/2024\/05\/WhatsApp-Image-2024-05-27-at-2.55.21-PM.jpeg 1236w\" sizes=\"(max-width: 392px) 100vw, 392px\" \/><\/p>\n<p>&nbsp;<\/p>\n<p><strong><u>Script On Aliat MAYO C2.5&#8230;<\/u><\/strong><\/p>\n<p><span style=\"color: #008000;\"><strong>Presentaci\u00f3n <\/strong><\/span><\/p>\n<p><strong><u>Asesor:<\/u><\/strong> \u00a1Buen d\u00eda, Daniela! Soy Javier S\u00e1nchez de la Universidad ETAC.\u00a0 Me da gusto saludarte.<br \/>\n<strong><u>Asesor:<\/u><\/strong> Me pongo en contacto contigo, ya que sabemos que est\u00e1s interesada en estudiar con nosotros la licenciatura de Administraci\u00f3n de Empresas 100% en l\u00ednea y <strong><u>me gustar\u00eda platicarte de la promoci\u00f3n especial que obtendr\u00edas si te inscribes en esta semana.<\/u><\/strong><\/p>\n<p>&nbsp;<\/p>\n<p>&nbsp;<\/p>\n<hr \/>\n<p><span style=\"color: #008000;\"><strong>Perfilamiento<\/strong><\/span><\/p>\n<p><strong><u>Asesor:<\/u> <\/strong>\u00bfCuentas con tu certificado de bachillerato? Si la respuesta es <strong>s\u00ed<\/strong> continuamos con la llamada.<\/p>\n<p>Si responde que <strong>no<\/strong>, preguntamos:<\/p>\n<p><strong><u>Asesor<\/u><\/strong>: \u00bfEn cu\u00e1nto tiempo lo tienes? Porque es importante que lo tengas en menos de 3 meses para poder continuar con tus estudios.<\/p>\n<p><strong><u>ETAPA DE ESCUCHA ACTIVA HACIA EL PROSPECTO<\/u><\/strong><\/p>\n<p>&nbsp;<\/p>\n<hr \/>\n<p><span style=\"color: #008000;\"><strong>Sondeo <\/strong><\/span><\/p>\n<p><strong><u>Identificar si es un prospecto que puede iniciar por una equivalencia en caso de que aplique.<\/u><\/strong><\/p>\n<p><strong><u>Asesor: <\/u><\/strong>\u00bfPor qu\u00e9 te gustar\u00eda estudiar esta licenciatura? \u00bfPor qu\u00e9 est\u00e1s interesado en realizar tus estudios en l\u00ednea?<\/p>\n<hr \/>\n<p>&nbsp;<\/p>\n<p><span style=\"color: #008000;\"><strong>Demostraci\u00f3n de producto (Beneficios Aliat) <\/strong><\/span><\/p>\n<p><strong><u>Asesor:<\/u><\/strong> (Nombre del prospecto), te comento que el modelo de estudios en (marca), informaci\u00f3n del ciclo a ofertar (C2.5) en l\u00ednea <strong><u>es el modelo educativo m\u00e1s flexible del mercado, t\u00fa no te adaptas a la universidad, la universidad se adapta a ti.<\/u><\/strong> Con nosotros estudias a tu ritmo, a la hora y lugar que prefieras. Y solo necesitas de 2 a 3 horas a la semana para estudiar tu carrera.<\/p>\n<p><strong><u>Aclarar dudas que tenga el prospecto<\/u><\/strong><\/p>\n<p><strong><u>Asesor: <\/u><\/strong>Daniela, hasta este momento, \u00bftienes alguna duda de la informaci\u00f3n?<\/p>\n<ol>\n<li><strong><u>Dudas de beneficios revisar lista de beneficios.<\/u><\/strong><\/li>\n<li><strong><u>Dudas de costos revisar Calculadora de descuentos.<\/u><\/strong><\/li>\n<li><strong><u>Dudas de calidad acad\u00e9mica enumerar cuales son nuestras <em>ventajas competitivas.<\/em><\/u><\/strong><\/li>\n<\/ol>\n<p>&nbsp;<\/p>\n<hr \/>\n<p><span style=\"color: #008000;\"><strong>Negociaci\u00f3n <\/strong><\/span><\/p>\n<p><strong>Ejemplo 1 Licenciaturas nuevos prospectos:<\/strong><\/p>\n<p><strong><u>Asesor:<\/u><\/strong> <em>\u201cNormalmente la inscripci\u00f3n tiene un costo de <\/em><strong><em>$3865<\/em><\/strong><em>, y las colegiaturas de <\/em><strong><em>$3902<\/em><\/strong><em>, <\/em><strong><em>pero aprovechando la promoci\u00f3n por realizar el pago de inscripci\u00f3n de manera anticipada por $399\/$888<\/em><\/strong><em> vas a recibir un a\u00f1o completo de descuentos en donde tus mensualidades quedar\u00edan por tan solo $1990<\/em><\/p>\n<p><em>\u00a1Lo padre de que decidas inscribirte en este momento <strong>es que ya no te preocupas por realizar alg\u00fan pago en mayo y junio, ya que hasta el mes de julio es cuando estar\u00edas realizando el pago de tu primera mensualidad de $539 y la segunda por $539 en el mes de agosto! <\/strong><\/em><\/p>\n<p><strong><em>Como <\/em><\/strong><strong><em>todas las dem\u00e1s promociones, esta tiene una vigencia y para que puedas adquirirla te recomiendo 100% comenzar con tu proceso de inscripci\u00f3n lo antes posible<\/em><\/strong><em>, debido a que aplica siempre y cuando te inscribas en esta semana. <\/em><\/p>\n<p><em><u>ALIAT se compromete a trav\u00e9s de un dictamen de descuentos, garantizarte el cumplimiento de esta promoci\u00f3n por un a\u00f1o, lo cual deber\u00e1s leer, firmar y envi\u00e1rmelo<\/u><\/em><\/p>\n<p><strong>Cierre:<\/strong><em> (Nombre del prospecto), <strong>\u00bfqu\u00e9 te parece esta incre\u00edble oferta especial?<\/strong> <\/em><strong><em>\u00bfTe gustar\u00eda aprovecharla y asegurar tu lugar para el pr\u00f3ximo ciclo escolar?\u00a0<\/em><\/strong><em>Para realizar el pago en l\u00ednea solo necesito unos cuantos datos para poder generar tu matr\u00edcula de estudiante\u2026 Me proporcionas por favor tu nombre completo\u2026 <\/em><\/p>\n<p><strong>Cierre 2 (Cierre con solicitud de documentos): <\/strong><\/p>\n<p>\u00bfC\u00f3mo te gustar\u00eda realizar tu pago, por nuestro portal institucional o por transferencia?<\/p>\n<p><strong><u>Explica plan de descuentos anual:<\/u><\/strong><\/p>\n<p><strong><u>Asesor:<\/u><\/strong> A partir del segundo cuatrimestre y lo que resta de tu primer a\u00f1o tus colegiaturas quedar\u00e1n congeladas con una inversi\u00f3n de $1990.<br \/>\n<strong><u>Asesor:<\/u><\/strong> Posterior al a\u00f1o podr\u00e1s participar para obtener una beca sobre las colegiaturas oficiales, nuestra intenci\u00f3n <strong>es apoyarte buscando <\/strong>que jam\u00e1s pagues los montos de inversi\u00f3n total, siempre y cuando cumplas los requisitos de la convocatoria con el <strong><u>objetivo de que la cuesti\u00f3n econ\u00f3mica no sea un factor determinante para que puedas empezar con tus estudios profesionales<\/u><\/strong>.<\/p>\n<p>&nbsp;<\/p>\n<p>&nbsp;<\/p>\n<hr \/>\n<p><strong><span style=\"color: #008000;\">Manejo de objeciones<\/span> <\/strong><\/p>\n<p><strong>Escuchar atentamente y sondear necesidad real de objeci\u00f3n. <\/strong><\/p>\n<p><strong>Validar la objeci\u00f3n, utilizar preguntas como: <\/strong><\/p>\n<p><strong><u>Asesor:<\/u> <\/strong>\u00bfEntonces lo \u00fanico que te detiene para inscribirte en este momento es ___? R: S\u00ed.<\/p>\n<p><strong>Soluci\u00f3n de la objeci\u00f3n:<\/strong> Se menciona un beneficio que cubra la necesidad del cliente <strong><u>(Revisar objecionario).<\/u><\/strong><\/p>\n<p>&nbsp;<\/p>\n<p>&nbsp;<\/p>\n<hr \/>\n<p><span style=\"color: #008000;\"><strong>Solicitud de referidos<\/strong><\/span><\/p>\n<p><strong><u>Asesor:<\/u><\/strong> <strong><u>\u00bfTe interesa adquirir hasta un 70% de descuento adicional a tus colegiaturas?<\/u><\/strong> Solo tienes que recomendarnos a personas que est\u00e9n interesadas en estudiar y por cada recomendado que se inscriba te damos un 10% en las colegiaturas del cuatrimestre en curso<strong><u>. Lo \u00fanico que requiero es que me proporciones su nombre y su n\u00famero de tel\u00e9fono para poder contactarlo. \u00bfCu\u00e1l es su nombre y n\u00famero de tel\u00e9fono?<\/u><\/strong><\/p>\n<p>&nbsp;<\/p>\n<p>&nbsp;<\/p>\n<hr \/>\n<p><span style=\"color: #008000;\"><strong>Despedida &#8211; Seguimientos<\/strong><\/span><\/p>\n<p><strong><u>Asesor:<\/u><\/strong> te recuerdo mi nombre (nombre del ejecutivo) de la Universidad (marca). \u00a1Qu\u00e9 tengas un excelente d\u00eda!<\/p>\n<hr \/>\n<p>&nbsp;<\/p>\n<p>&nbsp;<\/p>\n<h2><strong><span style=\"color: #008000;\">Frases de impacto: Ciclo 2.5<\/span><\/strong><\/h2>\n<p>\u25cf \u201cComienza con solo dos materias y disfruta de una adaptaci\u00f3n suave y sin estr\u00e9s a nuestra modalidad educativa\u201d.<br \/>\n\u25cf \u201cNo esperes hasta septiembre para iniciar a estudiar, comienza el 1\u00b0 de julio con una inversi\u00f3n m\u00ednima de tan solo $399\u201d.<br \/>\n\u25cf \u201cSolo invierte hoy $399, no pagas nada en junio, sino que hasta el mes de julio realizar\u00edas el pago de tu primera mensualidad\u201d.<br \/>\n\u25cf \u201cLas principales ventajas son la posibilidad de empezar tus estudios sin esperar m\u00e1s tiempo, una inversi\u00f3n inicial muy accesible y la flexibilidad de cursar solo 2 materias al inicio, lo que te permite adaptarte al ritmo universitario sin sentirte abrumado\u201d.<\/p>\n<p>&nbsp;<\/p>\n","protected":false},"excerpt":{"rendered":"<p>&nbsp; &nbsp; Script On Aliat MAYO C2.5&#8230; Presentaci\u00f3n Asesor: \u00a1Buen d\u00eda, Daniela! Soy Javier S\u00e1nchez de la Universidad ETAC.\u00a0 Me da gusto saludarte. Asesor: Me pongo en contacto contigo, ya que sabemos que est\u00e1s interesada en estudiar con nosotros la licenciatura de Administraci\u00f3n de Empresas&#8230;<\/p>\n","protected":false},"author":16,"featured_media":0,"parent":0,"menu_order":0,"comment_status":"closed","ping_status":"closed","template":"","meta":{"footnotes":""},"class_list":["post-4648","page","type-page","status-publish","hentry"],"aioseo_notices":[],"_links":{"self":[{"href":"https:\/\/sic.nodscloud.com\/nodsglobal\/wp-json\/wp\/v2\/pages\/4648","targetHints":{"allow":["GET"]}}],"collection":[{"href":"https:\/\/sic.nodscloud.com\/nodsglobal\/wp-json\/wp\/v2\/pages"}],"about":[{"href":"https:\/\/sic.nodscloud.com\/nodsglobal\/wp-json\/wp\/v2\/types\/page"}],"author":[{"embeddable":true,"href":"https:\/\/sic.nodscloud.com\/nodsglobal\/wp-json\/wp\/v2\/users\/16"}],"replies":[{"embeddable":true,"href":"https:\/\/sic.nodscloud.com\/nodsglobal\/wp-json\/wp\/v2\/comments?post=4648"}],"version-history":[{"count":5,"href":"https:\/\/sic.nodscloud.com\/nodsglobal\/wp-json\/wp\/v2\/pages\/4648\/revisions"}],"predecessor-version":[{"id":4689,"href":"https:\/\/sic.nodscloud.com\/nodsglobal\/wp-json\/wp\/v2\/pages\/4648\/revisions\/4689"}],"wp:attachment":[{"href":"https:\/\/sic.nodscloud.com\/nodsglobal\/wp-json\/wp\/v2\/media?parent=4648"}],"curies":[{"name":"wp","href":"https:\/\/api.w.org\/{rel}","templated":true}]}}