
{"id":4704,"date":"2024-05-28T19:17:28","date_gmt":"2024-05-28T19:17:28","guid":{"rendered":"https:\/\/sic.nodscloud.com\/nodsglobal\/?page_id=4704"},"modified":"2024-06-03T14:32:04","modified_gmt":"2024-06-03T14:32:04","slug":"metodologia-what-if","status":"publish","type":"page","link":"https:\/\/sic.nodscloud.com\/nodsglobal\/metodologia-what-if\/","title":{"rendered":"Metodolog\u00eda What if?"},"content":{"rendered":"<p>[vc_row css_animation=\u00bb\u00bb row_type=\u00bbrow\u00bb use_row_as_full_screen_section=\u00bbno\u00bb type=\u00bbfull_width\u00bb angled_section=\u00bbno\u00bb text_align=\u00bbleft\u00bb background_image_as_pattern=\u00bbwithout_pattern\u00bb][vc_column][vc_column_text]<img fetchpriority=\"high\" decoding=\"async\" class=\" wp-image-4672 aligncenter\" src=\"https:\/\/sic.nodscloud.com\/nodsglobal\/wp-content\/uploads\/sites\/3\/2024\/05\/logo-fontana.png\" alt=\"\" width=\"426\" height=\"169\" srcset=\"https:\/\/sic.nodscloud.com\/nodsglobal\/wp-content\/uploads\/sites\/3\/2024\/05\/logo-fontana.png 650w, https:\/\/sic.nodscloud.com\/nodsglobal\/wp-content\/uploads\/sites\/3\/2024\/05\/logo-fontana-300x119.png 300w\" sizes=\"(max-width: 426px) 100vw, 426px\" \/><\/p>\n<p>&nbsp;<\/p>\n<h1 style=\"text-align: center;\"><span style=\"color: #008000;\"><strong>Metodolog\u00eda What if?<\/strong><\/span><\/h1>\n<p>&nbsp;<\/p>\n<p>&nbsp;<\/p>\n<div class=\"item titulo clearfix\">\n<h2 class=\"titulo-contenido blue\"><span style=\"color: #008000;\"><strong>Conoce nuestro modelo pedag\u00f3gico<\/strong><\/span><\/h2>\n<\/div>\n<div class=\"item parrafo clearfix\">\n<p>A trav\u00e9s de la metodolog\u00eda What If? nuestros estudiantes desarrollan un pensamiento cr\u00edtico para solucionar desaf\u00edos desde otro punto de vista.<\/p>\n<p>As\u00ed comunicamos, inspiramos y diferenciamos nuestra visi\u00f3n y creencias.<\/p>\n<\/div>\n<p>&nbsp;<\/p>\n<p>[vc_row css_animation=\u00bb\u00bb row_type=\u00bbrow\u00bb use_row_as_full_screen_section=\u00bbno\u00bb type=\u00bbfull_width\u00bb angled_section=\u00bbno\u00bb text_align=\u00bbleft\u00bb background_image_as_pattern=\u00bbwithout_pattern\u00bb][vc_column][vc_video link=\u00bbhttps:\/\/youtu.be\/uF9TwWeWO34&#8243; el_width=\u00bb80&#8243;]<\/p>\n<p>&nbsp;<\/p>\n<div class=\"item titulo clearfix\">\n<h2 class=\"titulo-contenido blue\"><span style=\"color: #008000;\"><strong>Creatividad<\/strong><\/span><\/h2>\n<\/div>\n<div class=\"item parrafo clearfix\">\n<p class=\"p1\">La creatividad permite encontrar un camino directo al prop\u00f3sito personal y por ende a la felicidad.<\/p>\n<p class=\"p1\">En el aprendizaje es una herramienta que potencializa la construcci\u00f3n de conocimiento desde la integraci\u00f3n de los saberes.<\/p>\n<p class=\"p1\"><strong style=\"color: #008000;\">\u00bfQu\u00e9 nos hace diferentes? <\/strong><\/p>\n<p>&nbsp;<\/p>\n<p>&nbsp;<\/p>\n<h2 class=\"p1\" style=\"text-align: center;\"><strong style=\"color: #008000;\">Talleres vs. Clases<\/strong><\/h2>\n<\/div>\n<div class=\"item bullets clearfix\">\n<div class=\"bullet\">\n<div class=\"texto\">\n<p><img decoding=\"async\" class=\"size-full wp-image-4796 aligncenter\" src=\"https:\/\/sic.nodscloud.com\/nodsglobal\/wp-content\/uploads\/sites\/3\/2024\/06\/7-verbos-1.png\" alt=\"\" width=\"370\" height=\"292\" srcset=\"https:\/\/sic.nodscloud.com\/nodsglobal\/wp-content\/uploads\/sites\/3\/2024\/06\/7-verbos-1.png 370w, https:\/\/sic.nodscloud.com\/nodsglobal\/wp-content\/uploads\/sites\/3\/2024\/06\/7-verbos-1-300x237.png 300w\" sizes=\"(max-width: 370px) 100vw, 370px\" \/><\/p>\n<p>&nbsp;<\/p>\n<p>Nuestra metodolog\u00eda What If? incorpora el concepto de talleres como nuevos espacios de co-creaci\u00f3n con los estudiantes que a diferencia de las clases tradicionales promueven el trabajo colaborativo, el rol activo de los estudiantes y el pensamiento creativo.<\/p>\n<\/div>\n<\/div>\n<p>&nbsp;<\/p>\n<div class=\"bullet\">\n<p>&nbsp;<\/p>\n<\/div>\n<\/div>\n<p>[vc_video link=\u00bbhttps:\/\/youtu.be\/sq3iyrGrUQ8&#8243; el_width=\u00bb80&#8243; align=\u00bbcenter\u00bb][\/vc_column][\/vc_row][vc_row css_animation=\u00bb\u00bb row_type=\u00bbrow\u00bb use_row_as_full_screen_section=\u00bbno\u00bb type=\u00bbfull_width\u00bb angled_section=\u00bbno\u00bb text_align=\u00bbleft\u00bb background_image_as_pattern=\u00bbwithout_pattern\u00bb]<\/p>\n<p>&nbsp;<\/p>\n<div class=\"item titulo clearfix\">\n<h2 class=\"titulo-contenido blue\"><strong><span style=\"color: #008000;\">Felicidad<\/span><\/strong><\/h2>\n<\/div>\n<div class=\"item parrafo clearfix\">\n<p>Es el escenario en donde los talentos y habilidades est\u00e1n al servicio del crecimiento personal e intelectual. Es la posibilidad de construir el prop\u00f3sito personal desde la certeza del propio potencial para impactar positivamente al mundo.<\/p>\n<\/div>\n<p>&nbsp;<\/p>\n<div class=\"item parrafo clearfix\">\n<p><strong>\u00bf<span style=\"color: #008000;\">Qu\u00e9 nos hace diferentes?<\/span><\/strong><\/p>\n<\/div>\n<div class=\"item bullets clearfix\">\n<div class=\"bullet\">\n<div class=\"texto\">\n<p><span style=\"color: #008000;\"><strong>Taller del Ser<\/strong><\/span><\/p>\n<p>El programa \u201cTaller del Ser\u201d fue dise\u00f1ado con el fin de desarrollar en nuestros estudiantes, habilidades para la construcci\u00f3n de su Best Self.<\/p>\n<p>&nbsp;<\/p>\n<p>El programa pretende desarrollar tres grandes habilidades: Consciencia de s\u00ed mismo, Autogesti\u00f3n y Consciencia Social.<\/p>\n<p>&nbsp;<\/p>\n<p><span style=\"color: #008000;\"><strong>\u00bfQu\u00e9 pasar\u00eda si me conecto con mi ser,<\/strong><\/span><br \/>\n<span style=\"color: #008000;\"><strong>con los otros y con el entorno para\u00a0construir mi prop\u00f3sito de vida?<\/strong><\/span><\/p>\n<\/div>\n<\/div>\n<\/div>\n<p>&nbsp;<\/p>\n<div class=\"item titulo clearfix\">\n<h2 class=\"titulo-contenido blue\"><strong><span style=\"color: #008000;\">Sostenibilidad<\/span><\/strong><\/h2>\n<\/div>\n<div class=\"item parrafo clearfix\">\n<p>Es una relaci\u00f3n responsable con el medio ambiente considerando un futuro posible mediante el consumo responsable y la reflexi\u00f3n sobre el impacto social y econ\u00f3mico de nuestras acciones.<\/p>\n<\/div>\n<div class=\"item parrafo clearfix\">\n<p><span style=\"color: #008000;\"><strong>\u00bfQu\u00e9 nos hace diferentes?<\/strong><\/span><\/p>\n<p>&nbsp;<\/p>\n<\/div>\n<div class=\"item bullets clearfix\">\n<div class=\"bullet\">\n<p>&nbsp;<\/p>\n<div class=\"texto\">\n<p><span style=\"color: #008000;\"><strong>Primer colegio certificado carbono neutro de Colombia.<\/strong><\/span><\/p>\n<p>&nbsp;<\/p>\n<p>&nbsp;<\/p>\n<p>Generamos como organizaci\u00f3n una cultura de consumo sostenible y medici\u00f3n de los impactos de nuestra operaci\u00f3n en el entorno nos ha llevado al colegio a ser certificado como el primer colegio Carbono Neutro de Colombia.<\/p>\n<\/div>\n<\/div>\n<div class=\"bullet\"><\/div>\n<div class=\"bullet\">\n<div class=\"texto\">\n<p>&nbsp;<\/p>\n<p><span style=\"color: #008000;\"><strong>Econom\u00eda circular<\/strong><\/span><\/p>\n<p>Siguiendo los tres pilares de nuestro modelo pedag\u00f3gico What If? y teniendo en cuenta el contexto mundial y local con respecto al desarrollo sostenible enmarcados en el Plan de Desarrollo 2018 \u2013 2022 en Colombia, en el Gimnasio Fontana iniciamos la planeaci\u00f3n de estrategias enfocadas en promover, dentro de nuestra comunidad una cultura de la econom\u00eda circular.<\/p>\n<p>&nbsp;<\/p>\n<p>Buscamos generar un flujo sostenible en el uso de recursos como los materiales, los alimentos, el agua y la energ\u00eda, entre otros.<\/p>\n<\/div>\n<\/div>\n<div class=\"bullet\">\n<p>&nbsp;<\/p>\n<div class=\"texto\">\n<p><span style=\"color: #008000;\"><strong>Objetivos de Desarrollo Sostenible<\/strong><\/span><\/p>\n<p>&nbsp;<\/p>\n<p>Buscamos a trav\u00e9s de la educaci\u00f3n en sostenibilidad que nuestros estudiantes entiendan los desaf\u00edos del mundo actual y\u00a0 creen proyectos que impacten de forma positiva a partir de:<\/p>\n<p>&nbsp;<\/p>\n<p>Proyectos en los cuales se trabajan los Objetivos de Desarrollo Sostenible de la ONU.<\/p>\n<p>&nbsp;<\/p>\n<p>Cursos de extensi\u00f3n para los\u00a0 estudiantes de 10\u00b0 y 11\u00b0 enfocados en temas sostenibles.<\/p>\n<\/div>\n<p>&nbsp;<\/p>\n<\/div>\n<h2 style=\"text-align: center;\"><span style=\"color: #008000;\"><strong>RUTA CREATIVA-PROFESORES\/ESTUDIANTES<\/strong><\/span><\/h2>\n<p><img decoding=\"async\" class=\"size-full wp-image-4795 aligncenter\" src=\"https:\/\/sic.nodscloud.com\/nodsglobal\/wp-content\/uploads\/sites\/3\/2024\/06\/7-verbos.png\" alt=\"\" width=\"355\" height=\"324\" srcset=\"https:\/\/sic.nodscloud.com\/nodsglobal\/wp-content\/uploads\/sites\/3\/2024\/06\/7-verbos.png 355w, https:\/\/sic.nodscloud.com\/nodsglobal\/wp-content\/uploads\/sites\/3\/2024\/06\/7-verbos-300x274.png 300w\" sizes=\"(max-width: 355px) 100vw, 355px\" \/><br \/>\nLa ruta creativa nos permite a partir de la pr\u00e1ctica de 7 verbos (conectar, explorar, preguntar, integrar, dudar, innovar y crecer) desarrollar las habilidades creativas y generar productos de car\u00e1cter individual, colectivo o universal desde un ambiente de aprendizaje que facilite el proceso creativo.<\/p>\n<p>&nbsp;<\/p>\n<p>&nbsp;<\/p>\n<p><span style=\"color: #008000;\"><strong>CARACTER\u00cdSTICAS DE LA RUTA CREATIVA<\/strong><\/span><\/p>\n<\/div>\n<p>&nbsp;<\/p>\n<p>&nbsp;<\/p>\n<div class=\"item bullets clearfix\">\n<p>\uf0a7 Representa la complejidad desde la cual se aborda el concepto de creatividad, es decir considera las habilidades, el proceso, el ambiente y el producto.<br \/>\n\uf0a7 Aporta elementos metodol\u00f3gicos para el dise\u00f1o de las experiencias de aprendizaje.<br \/>\n\uf0a7 Es flexible y din\u00e1mica en cuanto no es un proceso lineal sino interconectado de acuerdo a la manera como fluyen las necesidades del acto educativo.<br \/>\n\uf0a7 Tiene como fundamento la pregunta.<br \/>\n\uf0a7 Se construye a partir del di\u00e1logo de la triada estudiante-conocimiento-docente en el contexto de la complejidad.<br \/>\n\uf0a7 Genera un proceso continuo de reflexi\u00f3n y de meta-cognici\u00f3n.<br \/>\n\uf0a7 Convoca a las sensaciones y a las emociones como parte fundamental del proceso.<\/p>\n<\/div>\n","protected":false},"excerpt":{"rendered":"<p>[vc_row css_animation=\u00bb\u00bb row_type=\u00bbrow\u00bb use_row_as_full_screen_section=\u00bbno\u00bb type=\u00bbfull_width\u00bb angled_section=\u00bbno\u00bb text_align=\u00bbleft\u00bb background_image_as_pattern=\u00bbwithout_pattern\u00bb][vc_column][vc_column_text] &nbsp; Metodolog\u00eda What if? &nbsp; &nbsp; Conoce nuestro modelo pedag\u00f3gico A trav\u00e9s de la metodolog\u00eda What If? nuestros estudiantes desarrollan un pensamiento cr\u00edtico para solucionar desaf\u00edos desde otro punto de vista. As\u00ed comunicamos, inspiramos y diferenciamos nuestra&#8230;<\/p>\n","protected":false},"author":16,"featured_media":0,"parent":0,"menu_order":0,"comment_status":"closed","ping_status":"closed","template":"","meta":{"footnotes":""},"class_list":["post-4704","page","type-page","status-publish","hentry"],"aioseo_notices":[],"_links":{"self":[{"href":"https:\/\/sic.nodscloud.com\/nodsglobal\/wp-json\/wp\/v2\/pages\/4704","targetHints":{"allow":["GET"]}}],"collection":[{"href":"https:\/\/sic.nodscloud.com\/nodsglobal\/wp-json\/wp\/v2\/pages"}],"about":[{"href":"https:\/\/sic.nodscloud.com\/nodsglobal\/wp-json\/wp\/v2\/types\/page"}],"author":[{"embeddable":true,"href":"https:\/\/sic.nodscloud.com\/nodsglobal\/wp-json\/wp\/v2\/users\/16"}],"replies":[{"embeddable":true,"href":"https:\/\/sic.nodscloud.com\/nodsglobal\/wp-json\/wp\/v2\/comments?post=4704"}],"version-history":[{"count":14,"href":"https:\/\/sic.nodscloud.com\/nodsglobal\/wp-json\/wp\/v2\/pages\/4704\/revisions"}],"predecessor-version":[{"id":4797,"href":"https:\/\/sic.nodscloud.com\/nodsglobal\/wp-json\/wp\/v2\/pages\/4704\/revisions\/4797"}],"wp:attachment":[{"href":"https:\/\/sic.nodscloud.com\/nodsglobal\/wp-json\/wp\/v2\/media?parent=4704"}],"curies":[{"name":"wp","href":"https:\/\/api.w.org\/{rel}","templated":true}]}}