
{"id":4902,"date":"2024-07-22T13:36:52","date_gmt":"2024-07-22T13:36:52","guid":{"rendered":"https:\/\/sic.nodscloud.com\/nodsglobal\/?page_id=4902"},"modified":"2024-08-19T13:20:01","modified_gmt":"2024-08-19T13:20:01","slug":"portafolio-acadmico","status":"publish","type":"page","link":"https:\/\/sic.nodscloud.com\/nodsglobal\/portafolio-acadmico\/","title":{"rendered":"Portafolio Acad\u00e9mico"},"content":{"rendered":"<p><img decoding=\"async\" class=\"wp-image-4903 aligncenter\" src=\"https:\/\/sic.nodscloud.com\/nodsglobal\/wp-content\/uploads\/sites\/3\/2024\/07\/faro_dark-1024x356.png\" alt=\"\" width=\"302\" height=\"105\" srcset=\"https:\/\/sic.nodscloud.com\/nodsglobal\/wp-content\/uploads\/sites\/3\/2024\/07\/faro_dark-1024x356.png 1024w, https:\/\/sic.nodscloud.com\/nodsglobal\/wp-content\/uploads\/sites\/3\/2024\/07\/faro_dark-300x104.png 300w, https:\/\/sic.nodscloud.com\/nodsglobal\/wp-content\/uploads\/sites\/3\/2024\/07\/faro_dark-768x267.png 768w, https:\/\/sic.nodscloud.com\/nodsglobal\/wp-content\/uploads\/sites\/3\/2024\/07\/faro_dark-1536x535.png 1536w, https:\/\/sic.nodscloud.com\/nodsglobal\/wp-content\/uploads\/sites\/3\/2024\/07\/faro_dark-2048x713.png 2048w, https:\/\/sic.nodscloud.com\/nodsglobal\/wp-content\/uploads\/sites\/3\/2024\/07\/faro_dark-700x244.png 700w\" sizes=\"(max-width: 302px) 100vw, 302px\" \/><\/p>\n<h1 style=\"text-align: center;\"><strong><span style=\"color: #008000;\">Portafolio Acad\u00e9mico<\/span><\/strong><\/h1>\n<p>&nbsp;<\/p>\n<h3 style=\"text-align: center;\"><strong><span class=\"OYPEnA font-feature-liga-off font-feature-clig-off font-feature-calt-off text-decoration-none text-strikethrough-none\" style=\"color: #008000;\">\u00bfQuienes Somos?<\/span><\/strong><\/h3>\n<p>&nbsp;<\/p>\n<p><span class=\"OYPEnA font-feature-liga-off font-feature-clig-off font-feature-calt-off text-decoration-none text-strikethrough-none\">Somos una compa\u00f1\u00eda internacional especializada en la formaci\u00f3n online en salud y ciencias sociales. Con nuestros m\u00e1s de 20 a\u00f1os de experiencia, contamos con un cat\u00e1logo formativo de m\u00e1s de 2.000 cursos, m\u00e1steres, expertos y diplomados, caracterizados por estar acreditados por universidades y organismos p\u00fablicos y por un contenido de calidad, din\u00e1mico y actualizado.<\/span><\/p>\n<p>&nbsp;<\/p>\n<h3><span style=\"color: #008000;\"><b>Misi\u00f3n<\/b><\/span><\/h3>\n<p><span class=\"OYPEnA font-feature-liga-off font-feature-clig-off font-feature-calt-off text-decoration-none text-strikethrough-none\">Queremos acelerar la transformaci\u00f3n de la sociedad a trav\u00e9s de la innovaci\u00f3n tecnol\u00f3gica creando experiencias de aprendizaje \u00fanicas.<\/span><\/p>\n<p>&nbsp;<\/p>\n<h3><span style=\"color: #008000;\"><b>Visi\u00f3n<\/b><\/span><\/h3>\n<p><span class=\"OYPEnA font-feature-liga-off font-feature-clig-off font-feature-calt-off text-decoration-none text-strikethrough-none\">Impulsamos la globalizaci\u00f3n del conocimiento en el \u00e1rea de la salud a trav\u00e9s de la innovaci\u00f3n tecnol\u00f3gica construyendo alianzas con organizaciones l\u00edderes que comparten nuestra visi\u00f3n.<\/span><\/p>\n<p>&nbsp;<\/p>\n<p>&nbsp;<\/p>\n<div>\n<h3 style=\"text-align: center;\"><span style=\"color: #008000;\"><strong>MARCAS<\/strong><\/span><\/h3>\n<hr \/>\n<p style=\"text-align: left;\" data-wp-editing=\"1\"><img decoding=\"async\" class=\"alignleft\" src=\"https:\/\/www.faroedtech.com\/assets\/img\/marcas\/FA_logo.svg\" alt=\"Formaci\u00f3n Alcal\u00e1\" width=\"74\" height=\"94\" \/>Formaci\u00f3n Alcal\u00e1 es una empresa especializada en la formaci\u00f3n continua online para el personal profesional de la salud. Nuestra misi\u00f3n es ofrecer programas de capacitaci\u00f3n innovadores y de alta calidad, para que los profesionales de la salud puedan desarrollar sus habilidades y conocimientos en un entorno digital, c\u00f3modo y flexible. Nos enfocamos en la formaci\u00f3n de m\u00e9dicos, enfermeros, fisioterapeutas, odont\u00f3logos, farmac\u00e9uticos y otros profesionales de la salud<\/p>\n<\/div>\n<hr \/>\n<p>&nbsp;<\/p>\n<div>\n<p style=\"text-align: left;\"><img decoding=\"async\" class=\"alignleft\" src=\"https:\/\/www.faroedtech.com\/assets\/img\/marcas\/ESHE_logo.png\" alt=\"Formaci\u00f3n Alcal\u00e1\" width=\"92\" height=\"96\" \/><\/p>\n<p>es l\u00edder en formaci\u00f3n digital en salud, ofreciendo una amplia variedad de programas a nivel internacional especializados y acreditados para profesionales de enfermer\u00eda, medicina, fisioterapia, psicolog\u00eda y farmacia.<\/p>\n<\/div>\n<p>&nbsp;<\/p>\n<p>&nbsp;<\/p>\n<div>\n<hr \/>\n<p style=\"text-align: left;\"><img loading=\"lazy\" decoding=\"async\" class=\"alignleft\" src=\"https:\/\/www.faroedtech.com\/assets\/img\/marcas\/HYPATIA_logo.png\" alt=\"Hypatia\" width=\"104\" height=\"60\" \/>Hypatia Education es la plataforma educativa de referencia para formadores y docentes, comprometida con la excelencia acad\u00e9mica y el aprendizaje continuo.<\/p>\n<\/div>\n<p>&nbsp;<\/p>\n<p>&nbsp;<\/p>\n<hr \/>\n<div style=\"text-align: left;\">\n<p><img loading=\"lazy\" decoding=\"async\" class=\"alignleft\" src=\"https:\/\/www.faroedtech.com\/assets\/img\/marcas\/faro_languages.svg\" alt=\"FHE\" width=\"85\" height=\"64\" \/>En Faro Languages tenemos como misi\u00f3n brindar formaci\u00f3n en ingl\u00e9s que ayude a los profesionales a adquirir las habilidades ling\u00fc\u00edsticas necesarias para tener \u00e9xito en el mundo empresarial y mejorar sus oportunidades laborales. Ofrecemos una amplia gama de formaciones en l\u00ednea para todos los niveles brindando una experiencia educativa de alta calidad, utilizando las \u00faltimas tecnolog\u00edas de aprendizaje en l\u00ednea.<\/p>\n<hr \/>\n<p><img loading=\"lazy\" decoding=\"async\" class=\"alignleft\" src=\"https:\/\/www.faroedtech.com\/assets\/img\/marcas\/FBS_logo.png\" alt=\"FBS\" width=\"74\" height=\"74\" \/>Faro Business School es una escuela de negocios digital centrada en fomentar modelos de gesti\u00f3n y liderazgo responsable y sostenible en el \u00e1rea de la salud.<\/p>\n<\/div>\n<p>&nbsp;<\/p>\n<p>&nbsp;<\/p>\n<hr \/>\n<p>&nbsp;<\/p>\n<p>&nbsp;<\/p>\n<h3><strong>Nos Avalan<\/strong><\/h3>\n<p>&nbsp;<\/p>\n<p><img loading=\"lazy\" decoding=\"async\" class=\"size-large wp-image-5070 aligncenter\" src=\"https:\/\/sic.nodscloud.com\/nodsglobal\/wp-content\/uploads\/sites\/3\/2024\/08\/avalan-1024x255.png\" alt=\"\" width=\"1024\" height=\"255\" srcset=\"https:\/\/sic.nodscloud.com\/nodsglobal\/wp-content\/uploads\/sites\/3\/2024\/08\/avalan-1024x255.png 1024w, https:\/\/sic.nodscloud.com\/nodsglobal\/wp-content\/uploads\/sites\/3\/2024\/08\/avalan-300x75.png 300w, https:\/\/sic.nodscloud.com\/nodsglobal\/wp-content\/uploads\/sites\/3\/2024\/08\/avalan-768x191.png 768w, https:\/\/sic.nodscloud.com\/nodsglobal\/wp-content\/uploads\/sites\/3\/2024\/08\/avalan-700x174.png 700w, https:\/\/sic.nodscloud.com\/nodsglobal\/wp-content\/uploads\/sites\/3\/2024\/08\/avalan.png 1142w\" sizes=\"(max-width: 1024px) 100vw, 1024px\" \/><\/p>\n<div>\n<p>&nbsp;<\/p>\n<\/div>\n","protected":false},"excerpt":{"rendered":"<p>Portafolio Acad\u00e9mico &nbsp; \u00bfQuienes Somos? &nbsp; Somos una compa\u00f1\u00eda internacional especializada en la formaci\u00f3n online en salud y ciencias sociales. Con nuestros m\u00e1s de 20 a\u00f1os de experiencia, contamos con un cat\u00e1logo formativo de m\u00e1s de 2.000 cursos, m\u00e1steres, expertos y diplomados, caracterizados por estar&#8230;<\/p>\n","protected":false},"author":16,"featured_media":0,"parent":0,"menu_order":0,"comment_status":"closed","ping_status":"closed","template":"","meta":{"footnotes":""},"class_list":["post-4902","page","type-page","status-publish","hentry"],"aioseo_notices":[],"_links":{"self":[{"href":"https:\/\/sic.nodscloud.com\/nodsglobal\/wp-json\/wp\/v2\/pages\/4902","targetHints":{"allow":["GET"]}}],"collection":[{"href":"https:\/\/sic.nodscloud.com\/nodsglobal\/wp-json\/wp\/v2\/pages"}],"about":[{"href":"https:\/\/sic.nodscloud.com\/nodsglobal\/wp-json\/wp\/v2\/types\/page"}],"author":[{"embeddable":true,"href":"https:\/\/sic.nodscloud.com\/nodsglobal\/wp-json\/wp\/v2\/users\/16"}],"replies":[{"embeddable":true,"href":"https:\/\/sic.nodscloud.com\/nodsglobal\/wp-json\/wp\/v2\/comments?post=4902"}],"version-history":[{"count":16,"href":"https:\/\/sic.nodscloud.com\/nodsglobal\/wp-json\/wp\/v2\/pages\/4902\/revisions"}],"predecessor-version":[{"id":5071,"href":"https:\/\/sic.nodscloud.com\/nodsglobal\/wp-json\/wp\/v2\/pages\/4902\/revisions\/5071"}],"wp:attachment":[{"href":"https:\/\/sic.nodscloud.com\/nodsglobal\/wp-json\/wp\/v2\/media?parent=4902"}],"curies":[{"name":"wp","href":"https:\/\/api.w.org\/{rel}","templated":true}]}}