
{"id":5051,"date":"2024-08-19T12:53:39","date_gmt":"2024-08-19T12:53:39","guid":{"rendered":"https:\/\/sic.nodscloud.com\/nodsglobal\/?page_id=5051"},"modified":"2024-08-19T12:56:15","modified_gmt":"2024-08-19T12:56:15","slug":"plataforma-formacion-alcala","status":"publish","type":"page","link":"https:\/\/sic.nodscloud.com\/nodsglobal\/plataforma-formacion-alcala\/","title":{"rendered":"Plataforma Formaci\u00f3n Alcal\u00e1"},"content":{"rendered":"<p><img decoding=\"async\" class=\"aligncenter\" src=\"https:\/\/encrypted-tbn0.gstatic.com\/images?q=tbn:ANd9GcRGXmGrGb5BMLcFkyotmqBxtlZZZg124_wplQ&amp;s\" alt=\"Cursos, M\u00e1ster y Expertos online baremables y puntuables en bolsa | Formaci\u00f3n Alcal\u00e1 Argentina\" width=\"342\" height=\"79\" \/><\/p>\n<p>&nbsp;<\/p>\n<h1 class=\"cgHgbA nxe3IQ Xp24Nw PanoWQ\" style=\"text-align: center;\"><span style=\"color: #008000;\"><strong><span class=\"OYPEnA\">PLATAFORMA FORMACI\u00d3N ALCAL\u00c1<\/span><\/strong><\/span><\/h1>\n<p>&nbsp;<\/p>\n<p><span class=\"OYPEnA\">La nueva\u00a0<\/span><strong><span class=\"OYPEnA\">Secretar\u00eda Virtual<\/span><\/strong><span class=\"OYPEnA\">\u00a0tiene como principal objetivo ofrecer un acceso \u00fanico al listado de formaciones en las que el alumno se ha matriculado, independientemente de la Universidad a la que pertenezca esa formaci\u00f3n. Hemos dise\u00f1ado un espacio virtual que facilite el aprendizaje de los alumnos y tambi\u00e9n les aporte soluciones.<\/span><\/p>\n<p>&nbsp;<\/p>\n<p class=\"cgHgbA WvQL9w Xp24Nw PanoWQ\"><span class=\"OYPEnA\">Todo el contenido del programa formativo est\u00e1 disponible en el Campus Virtual, los 365 d\u00edas del a\u00f1o, los 7 d\u00edas de la semana y las 24 horas del d\u00eda. El alumno puede acceder al programa siempre que quiera y desde cualquier dispositivo m\u00f3vil, tablet u ordenado.<\/span><\/p>\n<p class=\"cgHgbA WvQL9w Xp24Nw\"><span class=\"OYPEnA\">Dentro de la plataforma encontrar\u00e1s:<\/span><\/p>\n<ul class=\"yL4mFA\">\n<li class=\"Xp24Nw _bsDhw cgHgbA WvQL9w _4c44Ng\"><span class=\"OYPEnA\">Gu\u00eda de la plataforma.<\/span><\/li>\n<li class=\"Xp24Nw _bsDhw cgHgbA WvQL9w _4c44Ng\"><span class=\"OYPEnA\">Foros y chats para contactar con los tutores.<\/span><\/li>\n<li class=\"Xp24Nw _bsDhw cgHgbA WvQL9w _4c44Ng\"><span class=\"OYPEnA\">Temario.<\/span><\/li>\n<li class=\"Xp24Nw _bsDhw cgHgbA WvQL9w _4c44Ng\"><span class=\"OYPEnA\">Res\u00famenes.<\/span><\/li>\n<li class=\"Xp24Nw _bsDhw cgHgbA WvQL9w _4c44Ng\"><span class=\"OYPEnA\">V\u00eddeos.<\/span><\/li>\n<li class=\"Xp24Nw _bsDhw cgHgbA WvQL9w _4c44Ng\"><span class=\"OYPEnA\">Gu\u00edas y protocolos adicionales.<\/span><\/li>\n<li class=\"Xp24Nw _bsDhw cgHgbA WvQL9w _4c44Ng\"><span class=\"OYPEnA\">Evaluaciones.<\/span><\/li>\n<li class=\"Xp24Nw _bsDhw cgHgbA WvQL9w _4c44Ng\"><span class=\"OYPEnA\">Seguimiento del proceso formativo.<\/span><\/li>\n<\/ul>\n<p>&nbsp;<\/p>\n<p><iframe title=\"\u00a1Conoce nuestra metodolog\u00eda y plataforma!\" width=\"1060\" height=\"596\" src=\"https:\/\/www.youtube.com\/embed\/lwl6DOit_kc?feature=oembed\" frameborder=\"0\" allow=\"accelerometer; autoplay; clipboard-write; encrypted-media; gyroscope; picture-in-picture; web-share\" referrerpolicy=\"strict-origin-when-cross-origin\" allowfullscreen><\/iframe><\/p>\n<p>&nbsp;<\/p>\n<h3>Acceso de prueba a la <strong>Secretar\u00eda Virtual:<\/strong><\/h3>\n<p>&nbsp;<\/p>\n<p><b>Curso Superior Universitario en Alimentaci\u00f3n, Nutrici\u00f3n y Salud. Diet\u00e9tica y Dietoterapia<\/b><\/p>\n<ul>\n<li style=\"font-weight: 400;\" aria-level=\"1\"><span style=\"font-weight: 400;\">Plataforma: <\/span><span style=\"color: #0000ff;\"><a style=\"color: #0000ff;\" href=\"https:\/\/www.ucam.clicformacion.es\/login\/index.php\"><span style=\"font-weight: 400;\">https:\/\/www.ucam.clicformacion.es\/login\/index.php<\/span><\/a><\/span><\/li>\n<\/ul>\n<ul>\n<li style=\"font-weight: 400;\" aria-level=\"1\"><span style=\"font-weight: 400;\">Usuario: demo0059<\/span><\/li>\n<\/ul>\n<ul>\n<li style=\"font-weight: 400;\" aria-level=\"1\"><span style=\"font-weight: 400;\">Contrase\u00f1a: 4c0DmlbZc75L<\/span><\/li>\n<\/ul>\n<p><b>Diplomado Universitario Internacional de La Dependencia Emocional. Superar una Ruptura Emocional<\/b><\/p>\n<ul>\n<li style=\"font-weight: 400;\" aria-level=\"1\"><span style=\"font-weight: 400;\">Plataforma: <\/span><span style=\"color: #0000ff;\"><a style=\"color: #0000ff;\" href=\"https:\/\/www.euneiz.clicformacion.es\/login\/index.php\"><span style=\"font-weight: 400;\">https:\/\/www.euneiz.clicformacion.es\/login\/index.php<\/span><\/a><\/span><\/li>\n<\/ul>\n<ul>\n<li style=\"font-weight: 400;\" aria-level=\"1\"><span style=\"font-weight: 400;\">Usuario: demo0060<\/span><\/li>\n<\/ul>\n<ul>\n<li style=\"font-weight: 400;\" aria-level=\"1\"><span style=\"font-weight: 400;\">Contrase\u00f1a: zub8ID8132Oe<\/span><\/li>\n<\/ul>\n<p><b>Curso Superior Universitario en Biolog\u00eda Molecular<\/b><\/p>\n<ul>\n<li style=\"font-weight: 400;\" aria-level=\"1\"><span style=\"font-weight: 400;\">Plataforma: <\/span><span style=\"color: #0000ff;\"><a style=\"color: #0000ff;\" href=\"https:\/\/www.ucam.clicformacion.es\/login\/index.php\"><span style=\"font-weight: 400;\">https:\/\/www.ucam.clicformacion.es\/login\/index.php<\/span><\/a><\/span><\/li>\n<\/ul>\n<ul>\n<li style=\"font-weight: 400;\" aria-level=\"1\"><span style=\"font-weight: 400;\">Usuario: demo0061<\/span><\/li>\n<\/ul>\n<ul>\n<li style=\"font-weight: 400;\" aria-level=\"1\"><span style=\"font-weight: 400;\">Contrase\u00f1a: HC45UB5G9pTq<\/span><\/li>\n<\/ul>\n<p><b>Experto Universitario en Oftalmolog\u00eda y Ciencias de la Visi\u00f3n<\/b><\/p>\n<ul>\n<li style=\"font-weight: 400;\" aria-level=\"1\"><span style=\"font-weight: 400;\">Plataforma: <\/span><span style=\"color: #0000ff;\"><a style=\"color: #0000ff;\" href=\"https:\/\/www.ucam.clicformacion.es\/login\/index.php\"><span style=\"font-weight: 400;\">https:\/\/www.ucam.clicformacion.es\/login\/index.php<\/span><\/a><\/span><\/li>\n<\/ul>\n<ul>\n<li style=\"font-weight: 400;\" aria-level=\"1\"><span style=\"font-weight: 400;\">Usuario: demo0062<\/span><\/li>\n<\/ul>\n<ul>\n<li style=\"font-weight: 400;\" aria-level=\"1\"><span style=\"font-weight: 400;\">Contrase\u00f1a: aF6vL9450Bu2<\/span><\/li>\n<\/ul>\n<p><b>Diplomado Universitario Internacional de Laboratorio de Diagn\u00f3stico Cl\u00ednico<\/b><\/p>\n<ul>\n<li style=\"font-weight: 400;\" aria-level=\"1\"><span style=\"font-weight: 400;\">Plataforma: <\/span><a href=\"https:\/\/www.euneiz.clicformacion.es\/login\/index.php\"><span style=\"font-weight: 400;\"><span style=\"color: #0000ff;\">https:\/\/www.euneiz.clicformacion.es\/login\/index.ph<\/span>p<\/span><\/a><\/li>\n<\/ul>\n<ul>\n<li style=\"font-weight: 400;\" aria-level=\"1\"><span style=\"font-weight: 400;\">Usuario: demo0063<\/span><\/li>\n<\/ul>\n<ul>\n<li style=\"font-weight: 400;\" aria-level=\"1\"><span style=\"font-weight: 400;\">Contrase\u00f1a: x9lpTX11PEFq<\/span><\/li>\n<\/ul>\n<p><b>M\u00e1ster de Formaci\u00f3n Permanente Internacional en Pediatr\u00eda y Neonatolog\u00eda<\/b><\/p>\n<ul>\n<li style=\"font-weight: 400;\" aria-level=\"1\"><span style=\"font-weight: 400;\">Plataforma: <\/span><span style=\"color: #0000ff;\"><a style=\"color: #0000ff;\" href=\"https:\/\/www.usanjorge.clicformacion.es\/login\/index.php\"><span style=\"font-weight: 400;\">https:\/\/www.usanjorge.clicformacion.es\/login\/index.php<\/span><\/a><\/span><\/li>\n<\/ul>\n<ul>\n<li style=\"font-weight: 400;\" aria-level=\"1\"><span style=\"font-weight: 400;\">Usuario: demo0064<\/span><\/li>\n<\/ul>\n<ul>\n<li style=\"font-weight: 400;\" aria-level=\"1\"><span style=\"font-weight: 400;\">Contrase\u00f1a: 7u333W70wo7P<\/span><\/li>\n<\/ul>\n","protected":false},"excerpt":{"rendered":"<p>&nbsp; PLATAFORMA FORMACI\u00d3N ALCAL\u00c1 &nbsp; La nueva\u00a0Secretar\u00eda Virtual\u00a0tiene como principal objetivo ofrecer un acceso \u00fanico al listado de formaciones en las que el alumno se ha matriculado, independientemente de la Universidad a la que pertenezca esa formaci\u00f3n. Hemos dise\u00f1ado un espacio virtual que facilite el&#8230;<\/p>\n","protected":false},"author":16,"featured_media":0,"parent":0,"menu_order":0,"comment_status":"closed","ping_status":"closed","template":"","meta":{"footnotes":""},"class_list":["post-5051","page","type-page","status-publish","hentry"],"aioseo_notices":[],"_links":{"self":[{"href":"https:\/\/sic.nodscloud.com\/nodsglobal\/wp-json\/wp\/v2\/pages\/5051","targetHints":{"allow":["GET"]}}],"collection":[{"href":"https:\/\/sic.nodscloud.com\/nodsglobal\/wp-json\/wp\/v2\/pages"}],"about":[{"href":"https:\/\/sic.nodscloud.com\/nodsglobal\/wp-json\/wp\/v2\/types\/page"}],"author":[{"embeddable":true,"href":"https:\/\/sic.nodscloud.com\/nodsglobal\/wp-json\/wp\/v2\/users\/16"}],"replies":[{"embeddable":true,"href":"https:\/\/sic.nodscloud.com\/nodsglobal\/wp-json\/wp\/v2\/comments?post=5051"}],"version-history":[{"count":3,"href":"https:\/\/sic.nodscloud.com\/nodsglobal\/wp-json\/wp\/v2\/pages\/5051\/revisions"}],"predecessor-version":[{"id":5056,"href":"https:\/\/sic.nodscloud.com\/nodsglobal\/wp-json\/wp\/v2\/pages\/5051\/revisions\/5056"}],"wp:attachment":[{"href":"https:\/\/sic.nodscloud.com\/nodsglobal\/wp-json\/wp\/v2\/media?parent=5051"}],"curies":[{"name":"wp","href":"https:\/\/api.w.org\/{rel}","templated":true}]}}