
{"id":5057,"date":"2024-08-19T13:09:20","date_gmt":"2024-08-19T13:09:20","guid":{"rendered":"https:\/\/sic.nodscloud.com\/nodsglobal\/?page_id=5057"},"modified":"2024-08-19T13:09:20","modified_gmt":"2024-08-19T13:09:20","slug":"20-razones-por-las-que-realizar-un-master-o-experto-universitario","status":"publish","type":"page","link":"https:\/\/sic.nodscloud.com\/nodsglobal\/20-razones-por-las-que-realizar-un-master-o-experto-universitario\/","title":{"rendered":"20 RAZONES POR LAS QUE REALIZAR UN M\u00c1STER O EXPERTO UNIVERSITARIO"},"content":{"rendered":"<p><img fetchpriority=\"high\" decoding=\"async\" class=\"aligncenter\" src=\"https:\/\/sic.nodscloud.com\/nodsglobal\/wp-content\/uploads\/sites\/3\/2024\/07\/faro_dark-1024x356.png\" width=\"420\" height=\"146\" \/><\/p>\n<h1 style=\"text-align: center;\"><span style=\"color: #008000;\"><strong>20 RAZONES POR LAS QUE REALIZAR UN M\u00c1STER O EXPERTO UNIVERSITARIO<\/strong><\/span><\/h1>\n<p><span style=\"color: #000000;\"><strong>En\u00a0Formaci\u00f3n Alcal\u00e1\u00a0sabemos que es complicado tomar esta decisi\u00f3n, al fin y al cabo, cada uno\/a ha de meditar bien las ventajas e inconvenientes que le va a suponer esta inversi\u00f3n de tiempo y dinero. Por ello, no te damos una sino veinte argumentos basados en estudios de consultoras de empleo especializadas en el sector.<\/strong><\/span><\/p>\n<p>&nbsp;<\/p>\n<div class=\"col_one_third\">\n<div class=\"feature-box fbox-center fbox-bg fbox-border fbox-effect\">\n<div class=\"fbox-icon\"><i><strong>1<\/strong> <\/i><strong>Competitividad<\/strong>. Es una de las principales razones para cursar un m\u00e1ster<\/div>\n<div>\n<hr \/>\n<\/div>\n<div><\/div>\n<\/div>\n<\/div>\n<div class=\"col_one_third\">\n<div class=\"feature-box fbox-center fbox-bg fbox-border fbox-effect\">\n<div><\/div>\n<div class=\"fbox-icon\"><strong><i>2\u00a0<\/i>Empleabilidad<\/strong>. Hoy en d\u00eda ning\u00fan m\u00e1ster te garantiza un empleo, por ello no es la prioridad a la hora de hacer un m\u00e1ster, pero en igualdad de opciones, es determinante<\/div>\n<div>\n<hr \/>\n<\/div>\n<div><\/div>\n<\/div>\n<\/div>\n<div class=\"col_one_third col_last\">\n<div class=\"feature-box fbox-center fbox-bg fbox-border fbox-effect\">\n<div><\/div>\n<div class=\"fbox-icon\"><strong><i>3\u00a0<\/i>Retribuci\u00f3n<\/strong>. Los m\u00e1s formados tienen empleos de m\u00e1s calidad y mayores salarios<\/div>\n<div>\n<hr \/>\n<\/div>\n<\/div>\n<\/div>\n<div class=\"clear\"><\/div>\n<div class=\"col_one_third\">\n<div class=\"feature-box fbox-center fbox-bg fbox-border fbox-effect\">\n<div><\/div>\n<div class=\"fbox-icon\"><strong><i>4\u00a0<\/i>Carrera directiva<\/strong>. El m\u00e1ster es una condici\u00f3n indispensable para desarrollar una carrera directiva, donde la formaci\u00f3n de los ejecutivos supone un factor determinante en sus trayectorias<\/div>\n<\/div>\n<\/div>\n<div>\n<hr \/>\n<\/div>\n<div class=\"col_one_third\">\n<div class=\"feature-box fbox-center fbox-bg fbox-border fbox-effect\">\n<div><\/div>\n<div class=\"fbox-icon\"><strong><i>5\u00a0<\/i>Mejorar y reforzar conocimientos y actualizaci\u00f3n<\/strong>. Debe ser en la actualidad una prioridad para los reci\u00e9n titulados, sobre todo si tu carrera tiene escasas salidas o no te ha convencido<\/div>\n<\/div>\n<\/div>\n<div>\n<hr \/>\n<\/div>\n<div class=\"col_one_third col_last\">\n<div class=\"feature-box fbox-center fbox-bg fbox-border fbox-effect\">\n<div><\/div>\n<div class=\"fbox-icon\"><strong><i>6\u00a0<\/i>Precios<\/strong>. Desde 1250 \u20ac (Programa m\u00e1s econ\u00f3mico) a 90.000 \u20ac (\u00a1\u00a1) (M\u00e1ster de precio m\u00e1s elevado)<\/div>\n<\/div>\n<div>\n<hr \/>\n<\/div>\n<\/div>\n<div class=\"clear\"><\/div>\n<div class=\"col_one_third\">\n<div class=\"feature-box fbox-center fbox-bg fbox-border fbox-effect\">\n<div><\/div>\n<div class=\"fbox-icon\"><strong><i>7\u00a0<\/i>Convalidaciones.<\/strong> Hay centros que habiendo realizado cursos cortos pueden convalidarse por alg\u00fan m\u00f3dulo perteneciente al m\u00e1ster que pretendemos hacer, de modo que disminuye el precio y tiempo de realizaci\u00f3n<\/div>\n<\/div>\n<div>\n<hr \/>\n<\/div>\n<\/div>\n<div class=\"col_one_third\">\n<div class=\"feature-box fbox-center fbox-bg fbox-border fbox-effect\">\n<div><\/div>\n<div class=\"fbox-icon\"><strong><i>8\u00a0<\/i><\/strong>I<strong>nversi\u00f3n econ\u00f3mica y personal.<\/strong> El 97% de los estudiantes de m\u00e1ster le sacan rentabilidad a la inversi\u00f3n hecha en sus estudios de m\u00e1ster a corto y medio plazo m\u00e1ximo<\/div>\n<\/div>\n<div>\n<hr \/>\n<\/div>\n<\/div>\n<div class=\"col_one_third col_last\">\n<div class=\"feature-box fbox-center fbox-bg fbox-border fbox-effect\">\n<div><\/div>\n<div class=\"fbox-icon\"><strong><i>9<\/i><i>\u00a0<\/i>\u00bfPuedo acogerme a alguna beca?<\/strong>. Tienes a tu disposici\u00f3n un sistema de Becas y ayudas especiales que te pueden echar una mano con los pagos de tu postgrado , incluso la posibilidad de fraccionamiento directo<\/div>\n<div>\n<hr \/>\n<\/div>\n<\/div>\n<\/div>\n<div class=\"clear\"><\/div>\n<div class=\"col_one_third\">\n<div class=\"feature-box fbox-center fbox-bg fbox-border fbox-effect\">\n<div><\/div>\n<div class=\"fbox-icon\"><strong><i>10\u00a0<\/i>\u00c1reas estrat\u00e9gicas<\/strong>.\u00a0Al ser una oferta amplia y multidisciplinar pr\u00e1cticamente cubre todos los campos socio-sanitarios y de administraci\u00f3n y gesti\u00f3n.<\/div>\n<div>\n<hr \/>\n<\/div>\n<\/div>\n<\/div>\n<div class=\"col_one_third\">\n<div class=\"feature-box fbox-center fbox-bg fbox-border fbox-effect\">\n<div><\/div>\n<div class=\"fbox-icon\"><strong><i>11\u00a0<\/i>\u00bfRecibir\u00e9 m\u00e1s ofertas de trabajo?<\/strong>. Los titulados universitarios que tienen un m\u00e1ster reciben un 5% m\u00e1s de ofertas de trabajo que el resto<\/div>\n<\/div>\n<div>\n<hr \/>\n<\/div>\n<\/div>\n<div class=\"col_one_third col_last\">\n<div class=\"feature-box fbox-center fbox-bg fbox-border fbox-effect\">\n<div><\/div>\n<div class=\"fbox-icon\"><strong><i>12\u00a0<\/i><\/strong>Y<strong> si yo solo hago sustituciones, \u00bfmerece la pena?<\/strong> Quienes hacen un m\u00e1ster padecen menos el subempleo (tener un contrato de menos horas de las que se desear\u00edan), la temporalidad y la sobrecualificaci\u00f3n (estar en puestos que exigen menos preparaci\u00f3n que la que se tiene)\u00a0 .<\/div>\n<\/div>\n<\/div>\n<div class=\"clear\">\n<hr \/>\n<\/div>\n<div class=\"col_one_third\">\n<div class=\"feature-box fbox-center fbox-bg fbox-border fbox-effect\">\n<div><\/div>\n<div class=\"fbox-icon\"><i><strong>13<\/strong> <\/i><strong>Pero si no hay trabajo\u2026<\/strong> El objetivo de hacer un m\u00e1ster es ser m\u00e1s competitivo en un mercado de trabajo en el que m\u00e1s candidatos se disputan menos puestos de trabajo. Seg\u00fan la consultora de selecci\u00f3n de personal Michael Page, el 70% de quienes buscan trabajo de forma activa, participa en alg\u00fan m\u00e1ster que les ayude para acceder a un empleo. La tasa de paro se situaba en 2009 en el 4% y en el 6% en 2010, 7,6% en 2011, tres veces inferior al nivel de desempleo del total de la poblaci\u00f3n activa. Incluso presentan mejores datos que los universitarios con un 10% de desocupados en 2012<\/div>\n<\/div>\n<div>\n<hr \/>\n<\/div>\n<\/div>\n<div class=\"col_one_third\">\n<div class=\"feature-box fbox-center fbox-bg fbox-border fbox-effect\">\n<div><\/div>\n<div class=\"fbox-icon\"><strong><i>14\u00a0<\/i>Bolsas de Trabajo, Oposiciones y Baremos<\/strong>.\u00a0Puntuables en convocatorias y baremos oficiales nacionales e internacionales. Para confirmarlo objetivamente debes dirigirte al organismo que deseas presentarlo (Bolsa de trabajo, Servicio de Salud, Hospital, Residencia\u2026) pues los sindicatos (m\u00e1s ahora con los esc\u00e1ndalos que han salido a la luz), tienen intereses propios y al ser competencia, tratan de desvirtuar la oferta formativa de un modo mal intencionado, no informando honesta y fielmente al interesado\/a.<\/div>\n<div>\n<hr \/>\n<\/div>\n<\/div>\n<\/div>\n<div class=\"col_one_third col_last\">\n<div class=\"feature-box fbox-center fbox-bg fbox-border fbox-effect\">\n<div><\/div>\n<div class=\"fbox-icon\"><strong><i>15\u00a0<\/i>Qu\u00e9 hacen en otros pa\u00edses<\/strong>. En Espa\u00f1a se forma el 32%, Alemania el 52% y un 70% en los Pa\u00edses N\u00f3rdicos, pa\u00edses en los que el paro es pr\u00e1cticamente inexistente<\/div>\n<\/div>\n<\/div>\n<div class=\"clear\">\n<hr \/>\n<\/div>\n<div class=\"col_one_third\">\n<div class=\"feature-box fbox-center fbox-bg fbox-border fbox-effect\">\n<div><\/div>\n<div class=\"fbox-icon\"><i><strong>16<\/strong>\u00a0<\/i><strong>Tiempo para hacerlo<\/strong>. 5-6 meses m\u00ednimo en Masters. 3-4 meses m\u00ednimo en Expertos. 1-2 meses m\u00ednimo en Programas y Cursos .<\/div>\n<\/div>\n<div>\n<hr \/>\n<\/div>\n<\/div>\n<div class=\"col_one_third\">\n<div class=\"feature-box fbox-center fbox-bg fbox-border fbox-effect\">\n<div><\/div>\n<div class=\"fbox-icon\"><strong><i>17\u00a0<\/i>C\u00f3mo saber la reputaci\u00f3n de un m\u00e1ster<\/strong>. El n\u00famero de ediciones te permite saber el grado de aceptaci\u00f3n y demanda del curso (m\u00e1s demanda = mayor n\u00famero de ediciones)<\/div>\n<div>\n<hr \/>\n<\/div>\n<\/div>\n<\/div>\n<div class=\"col_one_third col_last\">\n<div class=\"feature-box fbox-center fbox-bg fbox-border fbox-effect\">\n<div><\/div>\n<div class=\"fbox-icon\"><strong><i>18\u00a0<\/i>Dedicaci\u00f3n<\/strong>. Al ser on line tanto la evaluaci\u00f3n como las tutor\u00edas, te permite marcar tu ritmo y compaginarlo con otras actividades o trabajo, aunque el equipo tutorial estar\u00e1 ayud\u00e1ndote a marcar los ritmos programados.<\/div>\n<\/div>\n<\/div>\n<div class=\"clear\">\n<hr \/>\n<\/div>\n<div class=\"col_one_third\">\n<div class=\"feature-box fbox-center fbox-bg fbox-border fbox-effect\">\n<div><\/div>\n<div><\/div>\n<div class=\"fbox-icon\"><strong><i>19\u00a0<\/i>\u00bfCu\u00e1l es el mejor momento para hacer el m\u00e1ster?<\/strong> Cuando quieras, pues la inscripci\u00f3n es 24\/7\/365, es decir todo en cualquier momento durante todo el a\u00f1o. Ten en cuenta los plazos m\u00ednimos de realizaci\u00f3n y si te piden fecha l\u00edmite de presentaci\u00f3n del diploma<\/div>\n<\/div>\n<div>\n<hr \/>\n<\/div>\n<\/div>\n<div><\/div>\n<div class=\"col_one_third\">\n<div class=\"feature-box fbox-center fbox-bg fbox-border fbox-effect\">\n<div><\/div>\n<div><\/div>\n<div class=\"fbox-icon\"><strong><i>20\u00a0<\/i>Tipolog\u00eda<\/strong>. Los M\u00e1ster Propios tienen una orientaci\u00f3n profesional: ascensos o cambios de trayectoria laboral. Los M\u00e1ster Oficiales est\u00e1n enfocados a la docencia e investigaci\u00f3n, pertenecen a la ense\u00f1anza p\u00fablica y ofrecen la posibilidad de acceder a un doctorado<\/div>\n<\/div>\n<div>\n<hr \/>\n<\/div>\n<div><img decoding=\"async\" class=\"aligncenter\" src=\"https:\/\/encrypted-tbn0.gstatic.com\/images?q=tbn:ANd9GcRGXmGrGb5BMLcFkyotmqBxtlZZZg124_wplQ&amp;s\" alt=\"Cursos, M\u00e1ster y Expertos online baremables y puntuables en bolsa | Formaci\u00f3n Alcal\u00e1 Argentina\" \/><\/div>\n<\/div>\n<div class=\"divider divider-rounded divider-center\"><\/div>\n","protected":false},"excerpt":{"rendered":"<p>20 RAZONES POR LAS QUE REALIZAR UN M\u00c1STER O EXPERTO UNIVERSITARIO En\u00a0Formaci\u00f3n Alcal\u00e1\u00a0sabemos que es complicado tomar esta decisi\u00f3n, al fin y al cabo, cada uno\/a ha de meditar bien las ventajas e inconvenientes que le va a suponer esta inversi\u00f3n de tiempo y dinero&#8230;.<\/p>\n","protected":false},"author":16,"featured_media":0,"parent":0,"menu_order":0,"comment_status":"closed","ping_status":"closed","template":"","meta":{"footnotes":""},"class_list":["post-5057","page","type-page","status-publish","hentry"],"aioseo_notices":[],"_links":{"self":[{"href":"https:\/\/sic.nodscloud.com\/nodsglobal\/wp-json\/wp\/v2\/pages\/5057","targetHints":{"allow":["GET"]}}],"collection":[{"href":"https:\/\/sic.nodscloud.com\/nodsglobal\/wp-json\/wp\/v2\/pages"}],"about":[{"href":"https:\/\/sic.nodscloud.com\/nodsglobal\/wp-json\/wp\/v2\/types\/page"}],"author":[{"embeddable":true,"href":"https:\/\/sic.nodscloud.com\/nodsglobal\/wp-json\/wp\/v2\/users\/16"}],"replies":[{"embeddable":true,"href":"https:\/\/sic.nodscloud.com\/nodsglobal\/wp-json\/wp\/v2\/comments?post=5057"}],"version-history":[{"count":6,"href":"https:\/\/sic.nodscloud.com\/nodsglobal\/wp-json\/wp\/v2\/pages\/5057\/revisions"}],"predecessor-version":[{"id":5063,"href":"https:\/\/sic.nodscloud.com\/nodsglobal\/wp-json\/wp\/v2\/pages\/5057\/revisions\/5063"}],"wp:attachment":[{"href":"https:\/\/sic.nodscloud.com\/nodsglobal\/wp-json\/wp\/v2\/media?parent=5057"}],"curies":[{"name":"wp","href":"https:\/\/api.w.org\/{rel}","templated":true}]}}