
{"id":5148,"date":"2024-08-30T01:05:06","date_gmt":"2024-08-30T01:05:06","guid":{"rendered":"https:\/\/sic.nodscloud.com\/nodsglobal\/?page_id=5148"},"modified":"2024-08-30T01:05:32","modified_gmt":"2024-08-30T01:05:32","slug":"portfolio-academico-3","status":"publish","type":"page","link":"https:\/\/sic.nodscloud.com\/nodsglobal\/portfolio-academico-3\/","title":{"rendered":"Portfolio Acad\u00e9mico"},"content":{"rendered":"<p style=\"text-align: center;\"><img fetchpriority=\"high\" decoding=\"async\" class=\"alignnone  wp-image-5132\" src=\"https:\/\/sic.nodscloud.com\/nodsglobal\/wp-content\/uploads\/sites\/3\/2024\/08\/WhzxnVyw_400x400.jpg\" alt=\"\" width=\"239\" height=\"239\" srcset=\"https:\/\/sic.nodscloud.com\/nodsglobal\/wp-content\/uploads\/sites\/3\/2024\/08\/WhzxnVyw_400x400.jpg 400w, https:\/\/sic.nodscloud.com\/nodsglobal\/wp-content\/uploads\/sites\/3\/2024\/08\/WhzxnVyw_400x400-300x300.jpg 300w, https:\/\/sic.nodscloud.com\/nodsglobal\/wp-content\/uploads\/sites\/3\/2024\/08\/WhzxnVyw_400x400-150x150.jpg 150w\" sizes=\"(max-width: 239px) 100vw, 239px\" \/><\/p>\n<p>Desde su fundaci\u00f3n en 1977, Cerem Global Business School ha sido sin\u00f3nimo de excelencia educativa, autorizada por el Ministerio de Educaci\u00f3n y Ciencia para enriquecer la formaci\u00f3n de directivos y profesionales. Nuestros programas, que abarcan desde Management y Recursos Humanos hasta Finanzas, Comercio Internacional, Sostenibilidad, Gesti\u00f3n Ambiental, Tecnolog\u00eda, Marketing y Comunicaci\u00f3n, est\u00e1n dise\u00f1ados para impulsar el \u00e9xito en el cambiante panorama empresarial. Como pioneros en el desarrollo de sistemas avanzados de formaci\u00f3n, nuestra Escuela Internacional de Negocios se ha convertido en un referente en la educaci\u00f3n empresarial, promoviendo un aprendizaje que es tan pr\u00e1ctico como innovador.<\/p>\n<p>Con una visi\u00f3n que mira hacia el futuro, Cerem Global Business School contin\u00faa innovando en la educaci\u00f3n empresarial. Nos esforzamos por superar las expectativas, ofreciendo programas que no solo ense\u00f1an, sino que tambi\u00e9n inspiran y equipan a los l\u00edderes del ma\u00f1ana con las herramientas necesarias para navegar y triunfar en un mundo globalizado. Al elegir Cerem, nuestros estudiantes se embarcan en un viaje de transformaci\u00f3n personal y profesional que los prepara para ser los protagonistas del cambio en sus respectivas \u00e1reas.<\/p>\n<p>&nbsp;<\/p>\n<h3><span style=\"color: #008000;\"><strong>Nuestro Prop\u00f3sito<\/strong><\/span><\/h3>\n<p>Guiar a individuos con aspiraciones de crecimiento<del>,<\/del>\u00a0hacia el \u00e9xito a trav\u00e9s de programas educativos innovadores y acordes a lo que el\u00a0entorno laboral requiere, cultivando el aprendizaje online como una herramienta poderosa para el desarrollo personal y profesional.<\/p>\n<h3>\n<p><strong><span style=\"color: #008000;\">Misi\u00f3n<\/span><\/strong><\/h3>\n<p>Ofrecer programas de posgrado que inspiren, desaf\u00eden y empoderen a nuestros estudiantes para alcanzar sus metas m\u00e1s ambiciosas. Nos comprometemos a proporcionar una experiencia educativa de nivel internacional, utilizando tecnolog\u00edas avanzadas y m\u00e9todos pedag\u00f3gicos vanguardistas. Actuamos como catalizadores para el crecimiento individual y profesional, contribuyendo al avance de la sociedad a trav\u00e9s de la educaci\u00f3n, en\u00a0un entorno inclusivo que promueva la diversidad y la colaboraci\u00f3n. Preparamos a nuestros estudiantes para destacar en un mundo globalizado y en constante cambio.<\/p>\n<h3>\n<p><span style=\"color: #008000;\"><strong>Visi\u00f3n<\/strong><\/span><\/h3>\n<p><span style=\"color: #008000;\">\u00a0<\/span>Ser reconocidos como l\u00edderes globales en educaci\u00f3n de posgrados a distancia, siendo la primera opci\u00f3n para aquellos que buscan programas acad\u00e9micos que desaf\u00eden los l\u00edmites del conocimiento y fomenten el desarrollo integral. Buscamos ser pioneros en la integraci\u00f3n de tecnolog\u00edas emergentes y en la creaci\u00f3n de modelos educativos innovadores que respondan a las necesidades cambiantes de la sociedad y del mercado laboral.<\/p>\n<p>&nbsp;<\/p>\n<p>&nbsp;<\/p>\n<h3 class=\"TextImage__title\"><span style=\"color: #008000;\"><strong>Reconocimientos y acreditaciones<\/strong><\/span><\/h3>\n<div class=\"TextImage__text\">\n<ul>\n<li>Top 20 Mejores Escuelas de Negocios, ranking FSO 2023.<\/li>\n<li>Mejor Escuela de Negocios, reconocidos por Fundaci\u00f3n Mundo Ciudad.<\/li>\n<li>Top 10 Mejores Escuelas de Negocios, ranking El Mundo.<\/li>\n<li>Asociaci\u00f3n Nacional de centros y proveedores de E-Learning (ANCYPEL)<\/li>\n<li>Miembros de la Asociaci\u00f3n Espa\u00f1ola de Centros de Ense\u00f1anza E-learning y a Distancia (ANCED)<\/li>\n<li>Asociaci\u00f3n espa\u00f1ola de escuelas de negocios (AEEN)<\/li>\n<li>Asociaci\u00f3n espa\u00f1ola para la calidad (AEC)<\/li>\n<li>Miembros de CLADEA<\/li>\n<li>Certificado de Calidad ISO 9001<\/li>\n<li>Uni\u00f3n Europea \u2013 Fondo Social Europeo<\/li>\n<\/ul>\n<p>&nbsp;<\/p>\n<\/div>\n<p><img decoding=\"async\" class=\"alignnone  wp-image-5144 aligncenter\" src=\"https:\/\/sic.nodscloud.com\/nodsglobal\/wp-content\/uploads\/sites\/3\/2024\/08\/cerem.png\" alt=\"\" width=\"539\" height=\"160\" srcset=\"https:\/\/sic.nodscloud.com\/nodsglobal\/wp-content\/uploads\/sites\/3\/2024\/08\/cerem.png 718w, https:\/\/sic.nodscloud.com\/nodsglobal\/wp-content\/uploads\/sites\/3\/2024\/08\/cerem-300x89.png 300w, https:\/\/sic.nodscloud.com\/nodsglobal\/wp-content\/uploads\/sites\/3\/2024\/08\/cerem-700x208.png 700w\" sizes=\"(max-width: 539px) 100vw, 539px\" \/><\/p>\n","protected":false},"excerpt":{"rendered":"<p>Desde su fundaci\u00f3n en 1977, Cerem Global Business School ha sido sin\u00f3nimo de excelencia educativa, autorizada por el Ministerio de Educaci\u00f3n y Ciencia para enriquecer la formaci\u00f3n de directivos y profesionales. Nuestros programas, que abarcan desde Management y Recursos Humanos hasta Finanzas, Comercio Internacional, Sostenibilidad,&#8230;<\/p>\n","protected":false},"author":16,"featured_media":0,"parent":0,"menu_order":0,"comment_status":"closed","ping_status":"closed","template":"","meta":{"footnotes":""},"class_list":["post-5148","page","type-page","status-publish","hentry"],"aioseo_notices":[],"_links":{"self":[{"href":"https:\/\/sic.nodscloud.com\/nodsglobal\/wp-json\/wp\/v2\/pages\/5148","targetHints":{"allow":["GET"]}}],"collection":[{"href":"https:\/\/sic.nodscloud.com\/nodsglobal\/wp-json\/wp\/v2\/pages"}],"about":[{"href":"https:\/\/sic.nodscloud.com\/nodsglobal\/wp-json\/wp\/v2\/types\/page"}],"author":[{"embeddable":true,"href":"https:\/\/sic.nodscloud.com\/nodsglobal\/wp-json\/wp\/v2\/users\/16"}],"replies":[{"embeddable":true,"href":"https:\/\/sic.nodscloud.com\/nodsglobal\/wp-json\/wp\/v2\/comments?post=5148"}],"version-history":[{"count":6,"href":"https:\/\/sic.nodscloud.com\/nodsglobal\/wp-json\/wp\/v2\/pages\/5148\/revisions"}],"predecessor-version":[{"id":5154,"href":"https:\/\/sic.nodscloud.com\/nodsglobal\/wp-json\/wp\/v2\/pages\/5148\/revisions\/5154"}],"wp:attachment":[{"href":"https:\/\/sic.nodscloud.com\/nodsglobal\/wp-json\/wp\/v2\/media?parent=5148"}],"curies":[{"name":"wp","href":"https:\/\/api.w.org\/{rel}","templated":true}]}}