
{"id":5351,"date":"2024-10-01T13:17:53","date_gmt":"2024-10-01T13:17:53","guid":{"rendered":"https:\/\/sic.nodscloud.com\/nodsglobal\/?page_id=5351"},"modified":"2024-10-01T13:17:53","modified_gmt":"2024-10-01T13:17:53","slug":"portfolio-academico-5","status":"publish","type":"page","link":"https:\/\/sic.nodscloud.com\/nodsglobal\/portfolio-academico-5\/","title":{"rendered":"Portfolio Acad\u00e9mico"},"content":{"rendered":"<p><img decoding=\"async\" class=\"aligncenter\" src=\"https:\/\/latinrev.flacso.org.ar\/sites\/default\/files\/logos\/logo_catolica.png\" alt=\"Revista virtual Universidad Cat\u00f3lica del Norte | LatinREV\" width=\"298\" height=\"100\" \/><\/p>\n<p>&nbsp;<\/p>\n<h1 style=\"text-align: center;\"><span style=\"color: #008000;\"><strong>Portfolio Acad\u00e9mico<\/strong><\/span><\/h1>\n<p>&nbsp;<\/p>\n<section class=\"entry-header\">\n<h2 class=\"entry-title\"><strong><span style=\"color: #008000;\">Qui\u00e9nes Somos<\/span><\/strong><\/h2>\n<\/section>\n<section class=\"entry-content\">Somos una Instituci\u00f3n de Educaci\u00f3n Superior 100% virtual y pionera de esta modalidad en Colombia. La Fundaci\u00f3n Universitaria Cat\u00f3lica del Norte es el resultado del amor a la educaci\u00f3n, la sensibilidad social, la visi\u00f3n y la proyecci\u00f3n de la Di\u00f3cesis de Santa Rosa de Osos, en el Norte de Antioquia. Bajo los lineamientos de la filosof\u00eda y la doctrina Cat\u00f3lica, los contenidos y conocimientos que ofrecemos llevan el sello distintivo de la universalidad del conocimiento libre que aporta al desarrollo integral de los seres humanos. Cada vez encontramos en las nuevas Tecnolog\u00edas de la Informaci\u00f3n y de la Comunicaci\u00f3n, m\u00e1s oportunidades para romper las distancias geogr\u00e1ficas y ser part\u00edcipes de la inclusi\u00f3n social a trav\u00e9s de una\u00a0<b>Educaci\u00f3n Virtual con Sentido Humano.<\/b><\/p>\n<\/section>\n<p>&nbsp;<\/p>\n<h2 class=\"entry-title\"><strong><span style=\"color: #008000;\">Misi\u00f3n<\/span><\/strong><\/h2>\n<p>La Fundaci\u00f3n Universitaria Cat\u00f3lica del Norte sirve educaci\u00f3n de calidad, con valores cristianos, mediada por ambientes virtuales de aprendizaje, para una aut\u00e9ntica transformaci\u00f3n social.<\/p>\n<p>&nbsp;<\/p>\n<h2 class=\"entry-title\"><strong><span style=\"color: #008000;\">Visi\u00f3n<\/span><\/strong><\/h2>\n<p>Ser una instituci\u00f3n l\u00edder en educaci\u00f3n en Am\u00e9rica Latina, de calidad, incluyente, sostenible y generadora de procesos de transformaci\u00f3n e innovaci\u00f3n.<\/p>\n<p>&nbsp;<\/p>\n<p>&nbsp;<\/p>\n<p>&nbsp;<\/p>\n<p>&nbsp;<\/p>\n","protected":false},"excerpt":{"rendered":"<p>&nbsp; Portfolio Acad\u00e9mico &nbsp; Qui\u00e9nes Somos Somos una Instituci\u00f3n de Educaci\u00f3n Superior 100% virtual y pionera de esta modalidad en Colombia. La Fundaci\u00f3n Universitaria Cat\u00f3lica del Norte es el resultado del amor a la educaci\u00f3n, la sensibilidad social, la visi\u00f3n y la proyecci\u00f3n de la&#8230;<\/p>\n","protected":false},"author":16,"featured_media":0,"parent":0,"menu_order":0,"comment_status":"closed","ping_status":"closed","template":"","meta":{"footnotes":""},"class_list":["post-5351","page","type-page","status-publish","hentry"],"aioseo_notices":[],"_links":{"self":[{"href":"https:\/\/sic.nodscloud.com\/nodsglobal\/wp-json\/wp\/v2\/pages\/5351","targetHints":{"allow":["GET"]}}],"collection":[{"href":"https:\/\/sic.nodscloud.com\/nodsglobal\/wp-json\/wp\/v2\/pages"}],"about":[{"href":"https:\/\/sic.nodscloud.com\/nodsglobal\/wp-json\/wp\/v2\/types\/page"}],"author":[{"embeddable":true,"href":"https:\/\/sic.nodscloud.com\/nodsglobal\/wp-json\/wp\/v2\/users\/16"}],"replies":[{"embeddable":true,"href":"https:\/\/sic.nodscloud.com\/nodsglobal\/wp-json\/wp\/v2\/comments?post=5351"}],"version-history":[{"count":2,"href":"https:\/\/sic.nodscloud.com\/nodsglobal\/wp-json\/wp\/v2\/pages\/5351\/revisions"}],"predecessor-version":[{"id":5354,"href":"https:\/\/sic.nodscloud.com\/nodsglobal\/wp-json\/wp\/v2\/pages\/5351\/revisions\/5354"}],"wp:attachment":[{"href":"https:\/\/sic.nodscloud.com\/nodsglobal\/wp-json\/wp\/v2\/media?parent=5351"}],"curies":[{"name":"wp","href":"https:\/\/api.w.org\/{rel}","templated":true}]}}