
{"id":5451,"date":"2024-10-02T15:58:47","date_gmt":"2024-10-02T15:58:47","guid":{"rendered":"https:\/\/sic.nodscloud.com\/nodsglobal\/?page_id=5451"},"modified":"2024-12-05T12:42:42","modified_gmt":"2024-12-05T12:42:42","slug":"especializacion-en-gerencia-de-proyectos","status":"publish","type":"page","link":"https:\/\/sic.nodscloud.com\/nodsglobal\/especializacion-en-gerencia-de-proyectos\/","title":{"rendered":"Especializaci\u00f3n en Gerencia de Proyectos"},"content":{"rendered":"<h1 class=\"entry-header\" style=\"text-align: center;\"><span style=\"color: #008000;\"><strong><img fetchpriority=\"high\" decoding=\"async\" class=\"alignnone wp-image-5358 aligncenter\" src=\"https:\/\/sic.nodscloud.com\/nodsglobal\/wp-content\/uploads\/sites\/3\/2024\/10\/logo_catolica.png\" alt=\"\" width=\"498\" height=\"167\" srcset=\"https:\/\/sic.nodscloud.com\/nodsglobal\/wp-content\/uploads\/sites\/3\/2024\/10\/logo_catolica.png 763w, https:\/\/sic.nodscloud.com\/nodsglobal\/wp-content\/uploads\/sites\/3\/2024\/10\/logo_catolica-300x101.png 300w, https:\/\/sic.nodscloud.com\/nodsglobal\/wp-content\/uploads\/sites\/3\/2024\/10\/logo_catolica-700x235.png 700w\" sizes=\"(max-width: 498px) 100vw, 498px\" \/><\/strong><\/span><\/h1>\n<h1 class=\"entry-header\" style=\"text-align: center;\"><span style=\"color: #008000;\"><strong>Especializaci\u00f3n en Gerencia de Proyectos<\/strong><\/span><\/h1>\n<p><img decoding=\"async\" class=\"aligncenter\" src=\"https:\/\/content.ucn.edu.co\/wp-media-folder-catolica-del-norte-fundacion-universitaria\/wp-content\/uploads\/2024\/05\/esp-gerencia-proyectos.png\" alt=\"Grupo de gerentes de proyectos sentadas a la mesa en un ambiente laboral.\" \/><\/p>\n<p>Adquiere las competencias y habilidades formular y gerenciar proyectos con enfoque prospectivo en el sector p\u00fablico y privado a nivel nacional e internacional, dirigir equipos de trabajo, medir los riesgos asociados, simulando diversos escenarios de evaluaci\u00f3n, apoyado en las herramientas de la informaci\u00f3n y la comunicaci\u00f3n, con \u00e9tica y responsabilidad social. F\u00f3rmate de manera integral como Especialista en Gerencia de proyectos en modalidad <b>100% virtual.<\/b><\/p>\n<p>&nbsp;<\/p>\n<hr \/>\n<section class=\"entry-content\">\n<div class=\"col-md-6\">\n<h3 class=\"sfw\"><strong><span style=\"color: #008000;\">Perfil Profesional<\/span><\/strong><\/h3>\n<p>El Especialista en Gerencia de Proyectos de la Fundaci\u00f3n Universitaria Cat\u00f3lica del Norte, ser\u00e1 un profesional competente para la investigaci\u00f3n, capaz de formular y gerenciar proyectos con enfoque prospectivo en el sector p\u00fablico y privado a nivel nacional e internacional, dirigir equipos de trabajo, medir los riesgos asociados, simulando diversos escenarios de evaluaci\u00f3n, apoyado en las herramientas de la informaci\u00f3n y la comunicaci\u00f3n, con \u00e9tica y responsabilidad social.<\/p>\n<\/div>\n<hr \/>\n<div class=\"col-md-6\">\n<h3 class=\"sfw\"><strong><span style=\"color: #008000;\">Perfil Ocupacional<\/span><\/strong><\/h3>\n<p>El Especialista en Gerencia de Proyectos de la Fundaci\u00f3n Universitaria Cat\u00f3lica del Norte, podr\u00e1 desempe\u00f1arse como:<\/p>\n<ul>\n<li>Gerente o director de proyectos de inversi\u00f3n<\/li>\n<li>Consultor de proyectos<\/li>\n<li>Gerente del departamento de proyectos.<\/li>\n<li>Director de equipos interdisciplinarios y multidisciplinarios<\/li>\n<li>Gestor de su propia empresa<\/li>\n<\/ul>\n<hr \/>\n<h3 class=\"sfw\"><strong><span style=\"color: #008000;\">Requisitos de ingreso<\/span><\/strong><\/h3>\n<ul>\n<li><a title=\"Diligenciar el formulario de ingreso.\" href=\"https:\/\/ucn.edu.co\/inscripciones-en-linea\" target=\"_blank\" rel=\"noopener\">Diligenciar el formulario de ingreso.<\/a><\/li>\n<li>Fotocopia del documento de identidad ampliado al 150%.<\/li>\n<li>Fotocopia del diploma o acta de pregrado.<\/li>\n<li>Recibo de los servicios p\u00fablicos, para constatar el estrato socioecon\u00f3mico y direcci\u00f3n.<\/li>\n<li>Recibo que acredite el pago de los derechos de inscripci\u00f3n y matr\u00edcula, efectuado por comprobante de pago o pago en l\u00ednea.<\/li>\n<li>Una (1) fotograf\u00eda tama\u00f1o 3\u00d74.<\/li>\n<li>En caso de ser necesario, certificado de discapacidad otorgado por la EPS, entidad prestadora de servicio o junta Nacional calificadora, para aspirantes con discapacidad.<\/li>\n<\/ul>\n<hr \/>\n<h3><span style=\"color: #008000;\"><strong>Propuesta Acad\u00e9mica<\/strong><\/span><\/h3>\n<ul class=\"list-unstyled mx-0 lh-base\">\n<li><b>T\u00edtulo:<\/b> Espcialista en Gerencia de proyectos<\/li>\n<li><b>Cr\u00e9ditos:<\/b>\u00a026<\/li>\n<li><b>Modalidad:<\/b>\u00a0Virtual<\/li>\n<li><strong>Duraci\u00f3n:<\/strong>\u00a02 Semestres<\/li>\n<li><span style=\"color: #0000ff;\"><a style=\"color: #0000ff;\" href=\"https:\/\/content.ucn.edu.co\/wp-media-folder-catolica-del-norte-fundacion-universitaria\/wp-content\/uploads\/2024\/05\/UCN-especializacion-gerencia-proyectos.pdf\" target=\"_blank\" rel=\"noopener\"><b>\u27a1\ufe0fPlan de Estudios<\/b><\/a><\/span><\/li>\n<li><span style=\"color: #0000ff;\"><strong><a style=\"color: #0000ff;\" href=\"https:\/\/docs.google.com\/spreadsheets\/d\/1AFnbBvhTfTV4CHqIV6-TM4ucD42vsz73\/edit?rtpof=true\">\u27a1\ufe0fValor del Semestre<\/a><\/strong><\/span><\/li>\n<li><b>Valor inscripci\u00f3n:<\/b> $ 172.000<\/li>\n<li><span style=\"color: #0000ff;\"><a style=\"color: #0000ff;\" href=\"https:\/\/ucn.edu.co\/beneficios-formas-de-pago-y-financiacion\" rel=\"noopener\"><b>\u27a1\ufe0fFinanciaci\u00f3n<\/b><\/a><\/span><\/li>\n<li><span style=\"color: #0000ff;\"><a style=\"color: #0000ff;\" href=\"https:\/\/ucn.edu.co\/beneficios-alianzas\" rel=\"noopener\"><b>\u27a1\ufe0fBeneficio Alianzas<\/b><\/a><\/span><\/li>\n<\/ul>\n<\/div>\n<\/section>\n","protected":false},"excerpt":{"rendered":"<p>Especializaci\u00f3n en Gerencia de Proyectos Adquiere las competencias y habilidades formular y gerenciar proyectos con enfoque prospectivo en el sector p\u00fablico y privado a nivel nacional e internacional, dirigir equipos de trabajo, medir los riesgos asociados, simulando diversos escenarios de evaluaci\u00f3n, apoyado en las herramientas&#8230;<\/p>\n","protected":false},"author":16,"featured_media":0,"parent":0,"menu_order":0,"comment_status":"closed","ping_status":"closed","template":"","meta":{"footnotes":""},"class_list":["post-5451","page","type-page","status-publish","hentry"],"aioseo_notices":[],"_links":{"self":[{"href":"https:\/\/sic.nodscloud.com\/nodsglobal\/wp-json\/wp\/v2\/pages\/5451","targetHints":{"allow":["GET"]}}],"collection":[{"href":"https:\/\/sic.nodscloud.com\/nodsglobal\/wp-json\/wp\/v2\/pages"}],"about":[{"href":"https:\/\/sic.nodscloud.com\/nodsglobal\/wp-json\/wp\/v2\/types\/page"}],"author":[{"embeddable":true,"href":"https:\/\/sic.nodscloud.com\/nodsglobal\/wp-json\/wp\/v2\/users\/16"}],"replies":[{"embeddable":true,"href":"https:\/\/sic.nodscloud.com\/nodsglobal\/wp-json\/wp\/v2\/comments?post=5451"}],"version-history":[{"count":2,"href":"https:\/\/sic.nodscloud.com\/nodsglobal\/wp-json\/wp\/v2\/pages\/5451\/revisions"}],"predecessor-version":[{"id":5972,"href":"https:\/\/sic.nodscloud.com\/nodsglobal\/wp-json\/wp\/v2\/pages\/5451\/revisions\/5972"}],"wp:attachment":[{"href":"https:\/\/sic.nodscloud.com\/nodsglobal\/wp-json\/wp\/v2\/media?parent=5451"}],"curies":[{"name":"wp","href":"https:\/\/api.w.org\/{rel}","templated":true}]}}