
{"id":5471,"date":"2024-10-02T18:46:45","date_gmt":"2024-10-02T18:46:45","guid":{"rendered":"https:\/\/sic.nodscloud.com\/nodsglobal\/?page_id=5471"},"modified":"2024-12-05T12:45:59","modified_gmt":"2024-12-05T12:45:59","slug":"especializacion-en-psicologia-de-las-organizaciones-y-del-trabajo","status":"publish","type":"page","link":"https:\/\/sic.nodscloud.com\/nodsglobal\/especializacion-en-psicologia-de-las-organizaciones-y-del-trabajo\/","title":{"rendered":"Especializaci\u00f3n en Psicolog\u00eda de las Organizaciones y del Trabajo"},"content":{"rendered":"<p><img fetchpriority=\"high\" decoding=\"async\" class=\" wp-image-5358 aligncenter\" src=\"https:\/\/sic.nodscloud.com\/nodsglobal\/wp-content\/uploads\/sites\/3\/2024\/10\/logo_catolica.png\" alt=\"\" width=\"531\" height=\"178\" srcset=\"https:\/\/sic.nodscloud.com\/nodsglobal\/wp-content\/uploads\/sites\/3\/2024\/10\/logo_catolica.png 763w, https:\/\/sic.nodscloud.com\/nodsglobal\/wp-content\/uploads\/sites\/3\/2024\/10\/logo_catolica-300x101.png 300w, https:\/\/sic.nodscloud.com\/nodsglobal\/wp-content\/uploads\/sites\/3\/2024\/10\/logo_catolica-700x235.png 700w\" sizes=\"(max-width: 531px) 100vw, 531px\" \/><\/p>\n<h1 style=\"text-align: center;\"><span style=\"color: #008000;\"><strong>Especializaci\u00f3n en Psicolog\u00eda de las Organizaciones y del Trabajo<\/strong><\/span><\/h1>\n<p><img decoding=\"async\" class=\"aligncenter\" src=\"https:\/\/content.ucn.edu.co\/wp-media-folder-fundacion-universitaria-catolica-del-norte\/wp-content\/uploads\/2022\/02\/psicologia-de-las-organizaciones.jpg\" alt=\"Personas en reuni\u00f3n\" \/><\/p>\n<div class=\"row\">\n<div class=\"col-md-6\">\n<h4><strong>Convenio: Universidad de San Buenaventura<\/strong><\/h4>\n<h3 class=\"sfw\"><strong><span style=\"color: #008000;\">Presentaci\u00f3n<\/span><\/strong><\/h3>\n<p>La Universidad de San Buenaventura y la Cat\u00f3lica del Norte Fundaci\u00f3n Universitaria se unen para ofrecer las Especializaci\u00f3n en Psicolog\u00eda Organizacional, bajo la metodolog\u00eda 100% virtual.<\/p>\n<p>La Especializaci\u00f3n en Psicolog\u00eda de las Organizaciones y del Trabajo ha alcanzado un grado de madurez, producto de una din\u00e1mica acad\u00e9mica e investigativa que se ve reflejada en la cantidad de cohortes que permanentemente abre y de los proyectos de investigaci\u00f3n que adelanta constantemente, los cuales al tiempo producen nuevas comprensiones y explicaciones para el mundo de las organizaciones y del trabajo en la regi\u00f3n. El concepto de Calidad de vida Laboral y Salud en el Trabajo es entonces el eje troncal que transversaliza toda la propuesta, promoviendo el desarrollo de conocimientos en estas mismas tem\u00e1ticas a trav\u00e9s de la l\u00ednea de investigaci\u00f3n Salud y Trabajo, y articulando los trabajos de diagn\u00f3stico, intervenci\u00f3n y evaluaci\u00f3n de los estudiantes sobre el campo. El principal cimiento de la fundamentaci\u00f3n pedag\u00f3gica y did\u00e1ctica es el Proyecto Educativo Bonaventuriano, adoptado con Resoluci\u00f3n de Rector\u00eda General No. 301 del 23 de abril de 2007 \u201ccomo gu\u00eda de su quehacer para que toda su comunidad universitaria se identifique y desarrolle acciones que hagan factible el esp\u00edritu de vida y de formaci\u00f3n a trav\u00e9s de sus tres dimensiones: como Universidad, como Universidad cat\u00f3lica y como Universidad cat\u00f3lica franciscana\u201d. All\u00ed se establece la identidad bonaventuriana, adem\u00e1s de las directrices generales para los procesos acad\u00e9micos, las relaciones interinstitucionales, los procesos administrativos y financieros, la calidad y la autoevaluaci\u00f3n, a los cuales la especializaci\u00f3n se adscribe completamente.<\/p>\n<\/div>\n<hr \/>\n<div class=\"col-md-6\">\n<h3 class=\"sfw\"><strong><span style=\"color: #008000;\">Dirigido a<\/span><\/strong><\/h3>\n<p>Profesionales universitarios de \u00e1reas sociales: psic\u00f3logos, comunicadores, soci\u00f3logos, antrop\u00f3logos, educadores. Profesionales universitarios de otras disciplinas con experiencia previa en \u00e1reas afines a la psicolog\u00eda de las organizaciones y del trabajo.<\/p>\n<\/div>\n<hr \/>\n<\/div>\n<div class=\"row\">\n<div class=\"col-md-6\">\n<h3 class=\"sfw\"><span style=\"color: #008000;\"><strong>Metodolog\u00eda<\/strong><\/span><\/h3>\n<p>Se trabaja bajo la modalidad virtual, la cual tiene muchas ventajas, una de las m\u00e1s visibles es su ajuste a las necesidades y tiempos de los estudiantes, permiti\u00e9ndoles realizar su proceso educativo en cualquier momento y lugar, esto se constituye en una opci\u00f3n para los trabajadores de las empresas que se quieran seguir cualificando o para todos aquellos a los que se les dificulta asistir presencialmente a una instituci\u00f3n, o que se encuentran en zonas de dif\u00edcil acceso.<\/p>\n<p>La educaci\u00f3n virtual se convierte en una opci\u00f3n necesaria para enfrentar los nuevos momentos de las empresas que tienen como necesidad fortalecer el uso de las TICS y a su vez favorece la participaci\u00f3n de actores educativos que se desempe\u00f1an como directivos docentes a nivel regional, nacional e incluso internacional minimizando la barrera de acceso.<\/p>\n<\/div>\n<hr \/>\n<div class=\"col-md-6\">\n<h3 class=\"sfw\"><span style=\"color: #008000;\"><strong>L\u00edneas de Investigaci\u00f3n Asociadas<\/strong><\/span><\/h3>\n<p>La especializaci\u00f3n est\u00e1 vinculada al grupo Salud Comportamental y Organizacional de la Facultad de Psicolog\u00eda en su l\u00ednea de Salud y Trabajo. En ella se pretende estudiar conceptos como: prevenci\u00f3n de la enfermedad y promoci\u00f3n de la salud en el trabajo, caracterizaci\u00f3n de factores de riesgo psicosocial, evaluaci\u00f3n de estr\u00e9s, medici\u00f3n del clima organizacional, determinaci\u00f3n de la cultura organizacional, adecuaci\u00f3n del trabajador al puesto de trabajo, procesos de gesti\u00f3n humana, comprensi\u00f3n del comportamiento organizacional en sus diversos niveles: individual, grupal, sist\u00e9mico.<\/p>\n<hr \/>\n<div class=\"col-md-6\">\n<h3 class=\"sfw\"><span style=\"color: #008000;\"><strong>Perfil de egreso<\/strong><\/span><\/h3>\n<p>El egresado del programa desarrolla habilidades desde el ser, saber y hacer para que con dominio te\u00f3rico de la Psicolog\u00eda de las organizaciones y del trabajo, se habilite para ejercer un rol de consultor\u00eda y liderazgo, tanto en los individuos, los grupos y la organizaci\u00f3n misma, con \u00e9nfasis en el diagn\u00f3stico de fen\u00f3menos en el mismo campo.<\/p>\n<hr \/>\n<\/div>\n<div class=\"col-md-6\">\n<h3 class=\"sfw\"><strong><span style=\"color: #008000;\">Perfil Profesional<\/span><\/strong><\/h3>\n<p>El especialista en Psicolog\u00eda de las Organizaci\u00f3n y el Trabajo estar\u00e1 en capacidad de desarrollar procesos y procedimientos, as\u00ed como aplicar m\u00e9todos y t\u00e9cnicas para diagnosticar fen\u00f3menos, personas, procesos y organizaciones a trav\u00e9s de los dominios conceptuales cient\u00edficos que el campo de la psicolog\u00eda de las organizaciones y del trabajo ha validado, para con ello mejorar la competitividad organizacional, las condiciones de lo humano en el mundo laboral, el bienestar laboral y la calidad de vida organizacional. Se espera que al finalizar su proceso de preparaci\u00f3n acad\u00e9mica estar\u00e1 en posibilidad de ser una voz id\u00f3nea para que, con criterio experto, promueva el desarrollo de las personas y las organizaciones, profundizando en el conocimiento y dominios conceptuales\/pr\u00e1cticos de la psicolog\u00eda de las organizaciones y del trabajo a nivel disciplinar e interdisciplinar y en saberes espec\u00edficos.<\/p>\n<hr \/>\n<\/div>\n<div class=\"col-md-6\">\n<h3 class=\"sfw\"><strong><span style=\"color: #008000;\">Perfil Ocupacional<\/span><\/strong><\/h3>\n<p>El especialista en psicolog\u00eda de las organizaciones genera y sustenta proyectos de desarrollo empresarial en el conocimiento y dominios conceptuales\/pr\u00e1cticos del campo. Lidera el dise\u00f1o, implementaci\u00f3n y seguimiento de procesos organizacionales que mejoran la calidad de vida laboral de las personas y comprometen a las empresas con su responsabilidad social. Interactuar de manera cr\u00edtica, \u00e9tica y responsable con otros profesionales y saberes espec\u00edficos para el desarrollo de las personas en las organizaciones y de las organizaciones a trav\u00e9s de las personas; orienta sus decisiones profesionales teniendo en cuenta aspectos \u00e9ticos, valores personales y profesionales propendiendo por el bienestar humano, identifica los conflictos \u00e9ticos y de valores, y elige las acciones apropiadas<\/p>\n<hr \/>\n<\/div>\n<div class=\"col-md-6\">\n<h3 class=\"sfw\"><strong><span style=\"color: #008000;\">Ventajas Competitivas<\/span><\/strong><\/h3>\n<ul>\n<li>El estudiante adquiere elementos de fundamentaci\u00f3n y manejo de herramientas virtuales.<\/li>\n<li>Los estudiantes de Especializaci\u00f3n en Psicolog\u00eda de las Organizaciones y del Trabajo pueden articular sus proyectos de trabajo de grado al grupo de investigaci\u00f3n Salud comportamental y organizacional en la l\u00ednea de salud y trabajo adscrito a la Facultad de psicolog\u00eda de la Universidad de San Buenaventura.<\/li>\n<li>Los estudiantes egresados de la Especializaci\u00f3n pueden optar por continuar en la Maestr\u00eda en Psicolog\u00eda de las Organizaciones y del Trabajo, ingresando directamente a segundo semestre en la Universidad San Buenaventura.<\/li>\n<li>Por la modalidad virtual no hay limitaciones de tiempo y espacio<\/li>\n<\/ul>\n<hr \/>\n<h3><strong><span style=\"color: #008000;\">Diferenciadores<\/span><\/strong><\/h3>\n<\/div>\n<table dir=\"ltr\" style=\"height: 466px;\" border=\"1\" width=\"987\" cellspacing=\"0\" cellpadding=\"0\" data-sheets-root=\"1\" data-sheets-baot=\"1\">\n<colgroup>\n<col width=\"101\" \/>\n<col width=\"507\" \/><\/colgroup>\n<tbody>\n<tr>\n<td colspan=\"2\" rowspan=\"1\">\n<ul>\n<li style=\"text-align: left;\">La Universidad de San Buenaventura es una instituci\u00f3n educativa que cuenta con Acreditaci\u00f3n en Alta Calidad Multicampus.<\/li>\n<\/ul>\n<\/td>\n<\/tr>\n<tr>\n<td colspan=\"2\" rowspan=\"1\">\n<ul>\n<li>Al ser un programa en convenio, el estudiante podr\u00e1 disfrutar de todos los espacios f\u00edsico que brinda el Campus de la Universidad de San Buenaventura y de todos los centros y servicios que tiene la Cat\u00f3lica del Norte 100% virtuales. Se podr\u00e1n beneficiar de todas las actividades que tienen ambas instituciones relacionadas con el Bienestar Institucional y podr\u00e1n acceder a la biblioteca de ambas IES.<\/li>\n<\/ul>\n<\/td>\n<\/tr>\n<tr>\n<td colspan=\"2\" rowspan=\"1\">\n<ul>\n<li>El programa est\u00e1 respaldado por una Facultad con una amplia trayectoria y pionera en nuestro medio en el campo ocupacional de la Psicolog\u00eda Organizacional<\/li>\n<\/ul>\n<\/td>\n<\/tr>\n<tr>\n<td colspan=\"2\" rowspan=\"1\">\n<ul>\n<li>El especialista divulga su experiencia pr\u00e1ctica a p\u00fablicos especializados y no especializados, que sustenten y validen los procesos de intervenci\u00f3n o mejoras en informes y exposiciones ejecutivas.<\/li>\n<\/ul>\n<\/td>\n<\/tr>\n<tr>\n<td colspan=\"2\" rowspan=\"1\">\n<ul>\n<li style=\"text-align: left;\">La fortaleza del programa est\u00e1 en la interpretaci\u00f3n de los fen\u00f3menos organizacionales en un nivel individual- psicol\u00f3gico y colectivo- trabajo. La especializaci\u00f3n dota de aplicabilidad en el contexto a trav\u00e9s de los dispositivos y propuestas divergentes para la soluci\u00f3n empresarial en la gesti\u00f3n de las personas en las organizaciones. En palabras claves el diferencial est\u00e1 en: La lectura del comportamiento individual, colectivo y organizacional, La innovaci\u00f3n en dispositivos de gesti\u00f3n, La interdisciplinariedad y La aplicabilidad.<\/li>\n<\/ul>\n<\/td>\n<\/tr>\n<\/tbody>\n<\/table>\n<hr \/>\n<h3 class=\"sfw\"><strong><span style=\"color: #008000;\">Requisitos de Ingreso<\/span><\/strong><\/h3>\n<ul>\n<li>Formulario de Inscripci\u00f3n en l\u00ednea y contrato de matr\u00edcula, debidamente diligenciado desde el portal institucional opci\u00f3n inscripciones en l\u00ednea seg\u00fan el tipo de ingreso.<\/li>\n<li>Dos (2) fotos en fondo blanco, tama\u00f1o 3\u00d74, recientes e iguales.<\/li>\n<li>Fotocopia del documento de identidad ampliado al 150%.<\/li>\n<li>Fotocopia del diploma del t\u00edtulo profesional universitario (pregrado)<\/li>\n<li>Fotocopia del acta de grado del t\u00edtulo profesional universitario (pregrado)<\/li>\n<li>Gu\u00eda de entrevista diligenciada\u00a0<a href=\"https:\/\/content.ucn.edu.co\/wp-media-folder-fundacion-universitaria-catolica-del-norte\/wp-content\/uploads\/2022\/01\/po-ucn-especializacion-psicologia-organizaciones-entrevista-02.pdf\" target=\"_blank\" rel=\"noopener\">descargar aqu\u00ed.<\/a><\/li>\n<li>Recibo que acredite el pago de los derechos de inscripci\u00f3n y matr\u00edcula<\/li>\n<\/ul>\n<hr \/>\n<h3><span style=\"color: #008000;\"><strong>Propuesta Acad\u00e9mica<\/strong><\/span><\/h3>\n<\/div>\n<ul class=\"list-unstyled mx-0 lh-base\">\n<li><b>Duraci\u00f3n:<\/b>\u00a03 cuatrimestres<\/li>\n<\/ul>\n<ul class=\"list-unstyled mx-0 lh-base\">\n<li><b>T\u00edtulo:<\/b>\u00a0Especialista en Psicolog\u00eda de las Organizaciones y del Trabajo<\/li>\n<li><b>Cr\u00e9ditos:<\/b>\u00a033<\/li>\n<li><b>Modalidad:<\/b>\u00a0Virtual<\/li>\n<li><span style=\"color: #0000ff;\"><a style=\"color: #0000ff;\" href=\"https:\/\/content.ucn.edu.co\/wp-media-folder-catolica-del-norte-fundacion-universitaria\/wp-content\/uploads\/2022\/05\/UCN-especializacion-psicologia-organizaciones.pdf\" target=\"_blank\" rel=\"noopener\"><b>Plan de Estudios<\/b><\/a><\/span><\/li>\n<li><b>Valor inscripci\u00f3n:<\/b> $ 190.000<\/li>\n<li>\n<div id=\"custom_html-7\" class=\"widget_text widget widget_custom_html amr_widget\">\n<div class=\"textwidget custom-html-widget\"><span style=\"color: #0000ff;\"><a style=\"color: #0000ff;\" href=\"https:\/\/ucn.edu.co\/beneficios-formas-de-pago-y-financiacion\" rel=\"noopener\"><b>Financiaci\u00f3n<\/b><\/a><\/span><\/div>\n<\/div>\n<\/li>\n<li><b>Beneficios:<\/b>\u00a015% de descuento para egresados USB y UCN.<\/li>\n<\/ul>\n<hr \/>\n<p>&nbsp;<\/p>\n<\/div>\n","protected":false},"excerpt":{"rendered":"<p>Especializaci\u00f3n en Psicolog\u00eda de las Organizaciones y del Trabajo Convenio: Universidad de San Buenaventura Presentaci\u00f3n La Universidad de San Buenaventura y la Cat\u00f3lica del Norte Fundaci\u00f3n Universitaria se unen para ofrecer las Especializaci\u00f3n en Psicolog\u00eda Organizacional, bajo la metodolog\u00eda 100% virtual. La Especializaci\u00f3n en Psicolog\u00eda&#8230;<\/p>\n","protected":false},"author":16,"featured_media":0,"parent":0,"menu_order":0,"comment_status":"closed","ping_status":"closed","template":"","meta":{"footnotes":""},"class_list":["post-5471","page","type-page","status-publish","hentry"],"aioseo_notices":[],"_links":{"self":[{"href":"https:\/\/sic.nodscloud.com\/nodsglobal\/wp-json\/wp\/v2\/pages\/5471","targetHints":{"allow":["GET"]}}],"collection":[{"href":"https:\/\/sic.nodscloud.com\/nodsglobal\/wp-json\/wp\/v2\/pages"}],"about":[{"href":"https:\/\/sic.nodscloud.com\/nodsglobal\/wp-json\/wp\/v2\/types\/page"}],"author":[{"embeddable":true,"href":"https:\/\/sic.nodscloud.com\/nodsglobal\/wp-json\/wp\/v2\/users\/16"}],"replies":[{"embeddable":true,"href":"https:\/\/sic.nodscloud.com\/nodsglobal\/wp-json\/wp\/v2\/comments?post=5471"}],"version-history":[{"count":3,"href":"https:\/\/sic.nodscloud.com\/nodsglobal\/wp-json\/wp\/v2\/pages\/5471\/revisions"}],"predecessor-version":[{"id":5978,"href":"https:\/\/sic.nodscloud.com\/nodsglobal\/wp-json\/wp\/v2\/pages\/5471\/revisions\/5978"}],"wp:attachment":[{"href":"https:\/\/sic.nodscloud.com\/nodsglobal\/wp-json\/wp\/v2\/media?parent=5471"}],"curies":[{"name":"wp","href":"https:\/\/api.w.org\/{rel}","templated":true}]}}