
{"id":5499,"date":"2024-10-02T19:51:22","date_gmt":"2024-10-02T19:51:22","guid":{"rendered":"https:\/\/sic.nodscloud.com\/nodsglobal\/?page_id=5499"},"modified":"2024-12-18T16:43:39","modified_gmt":"2024-12-18T16:43:39","slug":"convenios-descuentos","status":"publish","type":"page","link":"https:\/\/sic.nodscloud.com\/nodsglobal\/convenios-descuentos\/","title":{"rendered":"Convenios\/Descuentos"},"content":{"rendered":"<p><img fetchpriority=\"high\" decoding=\"async\" class=\"wp-image-5358 aligncenter\" src=\"https:\/\/sic.nodscloud.com\/nodsglobal\/wp-content\/uploads\/sites\/3\/2024\/10\/logo_catolica.png\" alt=\"\" width=\"477\" height=\"160\" srcset=\"https:\/\/sic.nodscloud.com\/nodsglobal\/wp-content\/uploads\/sites\/3\/2024\/10\/logo_catolica.png 763w, https:\/\/sic.nodscloud.com\/nodsglobal\/wp-content\/uploads\/sites\/3\/2024\/10\/logo_catolica-300x101.png 300w, https:\/\/sic.nodscloud.com\/nodsglobal\/wp-content\/uploads\/sites\/3\/2024\/10\/logo_catolica-700x235.png 700w\" sizes=\"(max-width: 477px) 100vw, 477px\" \/><\/p>\n<h1 style=\"text-align: center;\"><span style=\"color: #008000;\"><strong>Convenios\/Descuentos<\/strong><\/span><\/h1>\n<h2 style=\"text-align: center;\"><span style=\"color: #0000ff;\"><strong>1)Beneficios institucionales<\/strong><\/span><\/h2>\n<p><img decoding=\"async\" class=\"alignnone size-large wp-image-6050\" src=\"https:\/\/sic.nodscloud.com\/nodsglobal\/wp-content\/uploads\/sites\/3\/2024\/12\/bi-1024x423.png\" alt=\"\" width=\"1024\" height=\"423\" srcset=\"https:\/\/sic.nodscloud.com\/nodsglobal\/wp-content\/uploads\/sites\/3\/2024\/12\/bi-1024x423.png 1024w, https:\/\/sic.nodscloud.com\/nodsglobal\/wp-content\/uploads\/sites\/3\/2024\/12\/bi-300x124.png 300w, https:\/\/sic.nodscloud.com\/nodsglobal\/wp-content\/uploads\/sites\/3\/2024\/12\/bi-768x318.png 768w, https:\/\/sic.nodscloud.com\/nodsglobal\/wp-content\/uploads\/sites\/3\/2024\/12\/bi-700x289.png 700w, https:\/\/sic.nodscloud.com\/nodsglobal\/wp-content\/uploads\/sites\/3\/2024\/12\/bi.png 1306w\" sizes=\"(max-width: 1024px) 100vw, 1024px\" \/><\/p>\n<p>&nbsp;<\/p>\n<h2 style=\"text-align: center;\"><span style=\"color: #0000ff;\"><strong>2)Descuentos (Regionales y Nacionales)<\/strong><\/span><\/h2>\n<p>&nbsp;<\/p>\n<p><b>\u00a1Recibe un % de descuento en tu matr\u00edcula por pertenecer a uno de estos convenios!<\/b><\/p>\n<p><b>*Los descuentos no son acumulables.<\/b><\/p>\n<p><b>*Para mayor asesor\u00eda comun\u00edcate con un asesor de la Instituci\u00f3n.<\/b><\/p>\n<p><b>*Solo aplica para programas propios.<\/b><\/p>\n<p>&nbsp;<\/p>\n<p><img decoding=\"async\" class=\"alignnone size-large wp-image-6052\" src=\"https:\/\/sic.nodscloud.com\/nodsglobal\/wp-content\/uploads\/sites\/3\/2024\/12\/WhatsApp-Image-2024-12-18-at-1.39.55-PM-1012x1024.jpeg\" alt=\"\" width=\"1012\" height=\"1024\" srcset=\"https:\/\/sic.nodscloud.com\/nodsglobal\/wp-content\/uploads\/sites\/3\/2024\/12\/WhatsApp-Image-2024-12-18-at-1.39.55-PM-1012x1024.jpeg 1012w, https:\/\/sic.nodscloud.com\/nodsglobal\/wp-content\/uploads\/sites\/3\/2024\/12\/WhatsApp-Image-2024-12-18-at-1.39.55-PM-297x300.jpeg 297w, https:\/\/sic.nodscloud.com\/nodsglobal\/wp-content\/uploads\/sites\/3\/2024\/12\/WhatsApp-Image-2024-12-18-at-1.39.55-PM-768x777.jpeg 768w, https:\/\/sic.nodscloud.com\/nodsglobal\/wp-content\/uploads\/sites\/3\/2024\/12\/WhatsApp-Image-2024-12-18-at-1.39.55-PM-700x708.jpeg 700w, https:\/\/sic.nodscloud.com\/nodsglobal\/wp-content\/uploads\/sites\/3\/2024\/12\/WhatsApp-Image-2024-12-18-at-1.39.55-PM.jpeg 1392w\" sizes=\"(max-width: 1012px) 100vw, 1012px\" \/><\/p>\n<p>&nbsp;<\/p>\n<p>&nbsp;<\/p>\n<p>&nbsp;<\/p>\n<p>&nbsp;<\/p>\n","protected":false},"excerpt":{"rendered":"<p>Convenios\/Descuentos 1)Beneficios institucionales &nbsp; 2)Descuentos (Regionales y Nacionales) &nbsp; \u00a1Recibe un % de descuento en tu matr\u00edcula por pertenecer a uno de estos convenios! *Los descuentos no son acumulables. *Para mayor asesor\u00eda comun\u00edcate con un asesor de la Instituci\u00f3n. *Solo aplica para programas propios. &nbsp;&#8230;<\/p>\n","protected":false},"author":16,"featured_media":0,"parent":0,"menu_order":0,"comment_status":"closed","ping_status":"closed","template":"","meta":{"footnotes":""},"class_list":["post-5499","page","type-page","status-publish","hentry"],"aioseo_notices":[],"_links":{"self":[{"href":"https:\/\/sic.nodscloud.com\/nodsglobal\/wp-json\/wp\/v2\/pages\/5499","targetHints":{"allow":["GET"]}}],"collection":[{"href":"https:\/\/sic.nodscloud.com\/nodsglobal\/wp-json\/wp\/v2\/pages"}],"about":[{"href":"https:\/\/sic.nodscloud.com\/nodsglobal\/wp-json\/wp\/v2\/types\/page"}],"author":[{"embeddable":true,"href":"https:\/\/sic.nodscloud.com\/nodsglobal\/wp-json\/wp\/v2\/users\/16"}],"replies":[{"embeddable":true,"href":"https:\/\/sic.nodscloud.com\/nodsglobal\/wp-json\/wp\/v2\/comments?post=5499"}],"version-history":[{"count":6,"href":"https:\/\/sic.nodscloud.com\/nodsglobal\/wp-json\/wp\/v2\/pages\/5499\/revisions"}],"predecessor-version":[{"id":6053,"href":"https:\/\/sic.nodscloud.com\/nodsglobal\/wp-json\/wp\/v2\/pages\/5499\/revisions\/6053"}],"wp:attachment":[{"href":"https:\/\/sic.nodscloud.com\/nodsglobal\/wp-json\/wp\/v2\/media?parent=5499"}],"curies":[{"name":"wp","href":"https:\/\/api.w.org\/{rel}","templated":true}]}}