
{"id":5741,"date":"2024-11-06T20:13:57","date_gmt":"2024-11-06T20:13:57","guid":{"rendered":"https:\/\/sic.nodscloud.com\/nodsglobal\/?page_id=5741"},"modified":"2024-11-06T20:13:57","modified_gmt":"2024-11-06T20:13:57","slug":"convenio-sena","status":"publish","type":"page","link":"https:\/\/sic.nodscloud.com\/nodsglobal\/convenio-sena\/","title":{"rendered":"Convenio-SENA"},"content":{"rendered":"<h1><img decoding=\"async\" class=\"wp-image-5615 aligncenter\" src=\"https:\/\/sic.nodscloud.com\/nodsglobal\/wp-content\/uploads\/sites\/3\/2024\/11\/unab.png\" sizes=\"(max-width: 400px) 100vw, 400px\" srcset=\"https:\/\/sic.nodscloud.com\/nodsglobal\/wp-content\/uploads\/sites\/3\/2024\/11\/unab.png 400w, https:\/\/sic.nodscloud.com\/nodsglobal\/wp-content\/uploads\/sites\/3\/2024\/11\/unab-300x95.png 300w\" alt=\"\" width=\"312\" height=\"98\" \/><img decoding=\"async\" class=\"aligncenter\" src=\"https:\/\/encrypted-tbn0.gstatic.com\/images?q=tbn:ANd9GcRCqi6pycCvJiyYhaWXLtvfqqYm0IhAWU_hcA&amp;s\" alt=\"SENA - Aprendices, egresados, instructores, y vinculados al sena Public  Group | Facebook\" width=\"132\" height=\"128\" \/><\/h1>\n<h1 style=\"text-align: center;\"><span style=\"color: #008000;\"><strong>CONVENIO SENA<\/strong><\/span><\/h1>\n<p>&nbsp;<\/p>\n<p>El convenio de la UNAB con el Servicio Nacional de Aprendizaje (<strong>Sena<\/strong>) permite aunar esfuerzos para que los t\u00e9cnicos y tecn\u00f3logos egresados del\u00a0<strong>Sena<\/strong>\u00a0puedan continuar con su formaci\u00f3n profesional universitaria estudiando un pregrado en nuestra universidad. De esta manera fortalecemos la implementaci\u00f3n de cadenas de formaci\u00f3n, propiciando la movilidad acad\u00e9mica de los egresados titulados\u00a0<strong>Sena<\/strong>\u00a0reconociendo los esfuerzos educativos en nuestros programas afines en todas las modalidades.<\/p>\n<p>&nbsp;<\/p>\n<p><iframe title=\"Convenio UNAB - SENA\" width=\"1060\" height=\"596\" src=\"https:\/\/www.youtube.com\/embed\/mXKzucZUFcM?feature=oembed\" frameborder=\"0\" allow=\"accelerometer; autoplay; clipboard-write; encrypted-media; gyroscope; picture-in-picture; web-share\" referrerpolicy=\"strict-origin-when-cross-origin\" allowfullscreen><\/iframe><\/p>\n<p>&nbsp;<\/p>\n<h4 class=\"et_pb_module_header\"><strong><span style=\"color: #008000;\">Beneficios para t\u00ed<\/span><\/strong><\/h4>\n<div class=\"et_pb_blurb_description\">\n<ul>\n<li><strong>M\u00e1s de 100 programas<\/strong>\u00a0programas t\u00e9cnicos y tecnol\u00f3gicos del Sena articulados con los programas de pregrado de la UNAB<\/li>\n<li>Modalidades que\u00a0<strong>se adaptan a ti<\/strong>:\u00a0 virtual, presencial y Dual<\/li>\n<li>Solicitud de admisi\u00f3n y estudio de homologaci\u00f3n\u00a0<strong>sin costo por ser egresado SENA<\/strong><\/li>\n<li>Recibir\u00e1s el\u00a0<strong>20% de descuento<\/strong>\u00a0en las matr\u00edculas<\/li>\n<li>Financiaci\u00f3n directa y sin intereses con\u00a0<strong>FlexiUnab<\/strong>.<\/li>\n<\/ul>\n<p>&nbsp;<\/p>\n<h4 class=\"et_pb_module_header\"><strong><span style=\"color: #008000;\">Documentos que debes alistar<\/span><\/strong><\/h4>\n<div class=\"et_pb_blurb_description\">\n<ul>\n<li aria-level=\"1\">Documento de identidad ampliado al 150 %<\/li>\n<li aria-level=\"1\">Diploma o acta de bachiller<\/li>\n<li aria-level=\"1\">Resultados de las pruebas Saber 11 del ICFES<\/li>\n<li aria-level=\"1\">Acta o diploma del\u00a0Sena<\/li>\n<\/ul>\n<p>&nbsp;<\/p>\n<\/div>\n<\/div>\n<h2 style=\"text-align: center;\"><span style=\"color: #008000;\"><strong>Reconocimiento en Programas Virtuales<\/strong><\/span><\/h2>\n<p><img fetchpriority=\"high\" decoding=\"async\" class=\"size-large wp-image-5743 aligncenter\" src=\"https:\/\/sic.nodscloud.com\/nodsglobal\/wp-content\/uploads\/sites\/3\/2024\/11\/9-591x1024.png\" alt=\"\" width=\"591\" height=\"1024\" srcset=\"https:\/\/sic.nodscloud.com\/nodsglobal\/wp-content\/uploads\/sites\/3\/2024\/11\/9-591x1024.png 591w, https:\/\/sic.nodscloud.com\/nodsglobal\/wp-content\/uploads\/sites\/3\/2024\/11\/9-173x300.png 173w, https:\/\/sic.nodscloud.com\/nodsglobal\/wp-content\/uploads\/sites\/3\/2024\/11\/9.png 606w\" sizes=\"(max-width: 591px) 100vw, 591px\" \/><img loading=\"lazy\" decoding=\"async\" class=\"size-large wp-image-5744 aligncenter\" src=\"https:\/\/sic.nodscloud.com\/nodsglobal\/wp-content\/uploads\/sites\/3\/2024\/11\/10-592x1024.png\" alt=\"\" width=\"592\" height=\"1024\" srcset=\"https:\/\/sic.nodscloud.com\/nodsglobal\/wp-content\/uploads\/sites\/3\/2024\/11\/10-592x1024.png 592w, https:\/\/sic.nodscloud.com\/nodsglobal\/wp-content\/uploads\/sites\/3\/2024\/11\/10-173x300.png 173w, https:\/\/sic.nodscloud.com\/nodsglobal\/wp-content\/uploads\/sites\/3\/2024\/11\/10.png 606w\" sizes=\"(max-width: 592px) 100vw, 592px\" \/><\/p>\n","protected":false},"excerpt":{"rendered":"<p>CONVENIO SENA &nbsp; El convenio de la UNAB con el Servicio Nacional de Aprendizaje (Sena) permite aunar esfuerzos para que los t\u00e9cnicos y tecn\u00f3logos egresados del\u00a0Sena\u00a0puedan continuar con su formaci\u00f3n profesional universitaria estudiando un pregrado en nuestra universidad. De esta manera fortalecemos la implementaci\u00f3n de&#8230;<\/p>\n","protected":false},"author":16,"featured_media":0,"parent":0,"menu_order":0,"comment_status":"closed","ping_status":"closed","template":"","meta":{"footnotes":""},"class_list":["post-5741","page","type-page","status-publish","hentry"],"aioseo_notices":[],"_links":{"self":[{"href":"https:\/\/sic.nodscloud.com\/nodsglobal\/wp-json\/wp\/v2\/pages\/5741","targetHints":{"allow":["GET"]}}],"collection":[{"href":"https:\/\/sic.nodscloud.com\/nodsglobal\/wp-json\/wp\/v2\/pages"}],"about":[{"href":"https:\/\/sic.nodscloud.com\/nodsglobal\/wp-json\/wp\/v2\/types\/page"}],"author":[{"embeddable":true,"href":"https:\/\/sic.nodscloud.com\/nodsglobal\/wp-json\/wp\/v2\/users\/16"}],"replies":[{"embeddable":true,"href":"https:\/\/sic.nodscloud.com\/nodsglobal\/wp-json\/wp\/v2\/comments?post=5741"}],"version-history":[{"count":3,"href":"https:\/\/sic.nodscloud.com\/nodsglobal\/wp-json\/wp\/v2\/pages\/5741\/revisions"}],"predecessor-version":[{"id":5746,"href":"https:\/\/sic.nodscloud.com\/nodsglobal\/wp-json\/wp\/v2\/pages\/5741\/revisions\/5746"}],"wp:attachment":[{"href":"https:\/\/sic.nodscloud.com\/nodsglobal\/wp-json\/wp\/v2\/media?parent=5741"}],"curies":[{"name":"wp","href":"https:\/\/api.w.org\/{rel}","templated":true}]}}