
{"id":6587,"date":"2025-02-17T20:24:29","date_gmt":"2025-02-17T20:24:29","guid":{"rendered":"https:\/\/sic.nodscloud.com\/nodsglobal\/?page_id=6587"},"modified":"2025-04-08T13:17:47","modified_gmt":"2025-04-08T13:17:47","slug":"cierre-de-ventas-crm","status":"publish","type":"page","link":"https:\/\/sic.nodscloud.com\/nodsglobal\/cierre-de-ventas-crm\/","title":{"rendered":"Cierre de ventas CRM Cesa"},"content":{"rendered":"<p>[vc_row css_animation=\u00bb\u00bb row_type=\u00bbrow\u00bb use_row_as_full_screen_section=\u00bbno\u00bb type=\u00bbfull_width\u00bb angled_section=\u00bbno\u00bb text_align=\u00bbleft\u00bb background_image_as_pattern=\u00bbwithout_pattern\u00bb][vc_column][vc_column_text]<img fetchpriority=\"high\" decoding=\"async\" class=\"aligncenter\" src=\"https:\/\/www.ashoka.org\/sites\/default\/files\/cesa.png\" alt=\"Colegio de Estudios Superiores de Administraci\u00f3n | Ashoka\" width=\"445\" height=\"296\" \/><\/p>\n<h1 style=\"text-align: center;\"><strong><span style=\"color: #0000ff;\">Cierre de ventas Salesforce<\/span><\/strong><\/h1>\n<h4><span style=\"color: #008000;\"><strong>PASOS:<\/strong><\/span><\/h4>\n<ol>\n<li>\n<h4>Cambiar <strong>Estado de Solicitud<\/strong> a <strong><span style=\"color: #008000;\">Oferta Aceptada<\/span><\/strong><\/h4>\n<\/li>\n<li>\n<h4>Actualizar dentro del Contacto la siguiente informaci\u00f3n adicional:<\/h4>\n<h4>Nombres completos:<\/h4>\n<h4>N\u00famero de documento:<\/h4>\n<h4>Direcci\u00f3n:<\/h4>\n<h4>Ciudad:<\/h4>\n<h4>Tel\u00e9fono:<\/h4>\n<h4>Email:<\/h4>\n<h4>Cargo:<\/h4>\n<h4>Tiempo de experiencia laboral:<\/h4>\n<h4>Empresa:<\/h4>\n<h4>\u00c1rea:<\/h4>\n<h4>Profesi\u00f3n:<\/h4>\n<h4>Fecha de nacimiento:<\/h4>\n<\/li>\n<li>\n<h4>Ir a oportunidad, si ya existe una gestionar en ella, si no, crearla. dentro de la oportunidad cambiar la <strong>Etapa\u00a0<\/strong>a <strong><span style=\"color: #008000;\">Cerrada Ganada <\/span><\/strong><\/h4>\n<\/li>\n<li>\n<h4>luego en la misma oportunidad en la pesta\u00f1a <strong>Adjunto<\/strong> cargar los comprobantes de pagos.<\/h4>\n<\/li>\n<li>\n<h4>En Oportunidad se debe registrar en la pesta\u00f1a \u00abhistorial\u00bb dos llamadas, una Llamada <strong>(PAGO)<\/strong> : agregando envio de comprobantes y otra llamada <strong>(FACTURACION)<\/strong>: agregando , enviar factura electr\u00f3nica a Empresa\/o Nombre del estudiante: y se anexa el correo de destino<\/h4>\n<\/li>\n<\/ol>\n<h2><\/h2>\n<h3 style=\"text-align: center;\"><strong><span style=\"color: #008000;\">Video Instructivo<\/span><\/strong><\/h3>\n<p>&nbsp;<\/p>\n<p>[\/vc_column_text][\/vc_column][\/vc_row][vc_row css_animation=\u00bb\u00bb row_type=\u00bbrow\u00bb use_row_as_full_screen_section=\u00bbno\u00bb type=\u00bbfull_width\u00bb angled_section=\u00bbno\u00bb text_align=\u00bbleft\u00bb background_image_as_pattern=\u00bbwithout_pattern\u00bb][vc_column][vc_video link=\u00bbhttps:\/\/www.youtube.com\/watch?v=twHxjnoAR2I\u00bb el_width=\u00bb80&#8243; align=\u00bbcenter\u00bb][\/vc_column][\/vc_row][vc_row css_animation=\u00bb\u00bb row_type=\u00bbrow\u00bb use_row_as_full_screen_section=\u00bbno\u00bb type=\u00bbfull_width\u00bb angled_section=\u00bbno\u00bb text_align=\u00bbleft\u00bb background_image_as_pattern=\u00bbwithout_pattern\u00bb][vc_column][vc_column_text]<\/p>\n<p>&nbsp;<\/p>\n<p>&nbsp;<\/p>\n<ol>\n<li>\n<h4>Si el pago lo realiza la empresa, debe quedar registrado en <strong>la oportunidad<\/strong>, cargar el <strong>RUT<\/strong> de la empresa actualizado no mayor a 30 d\u00edas o m\u00ednimo del a\u00f1o vigente, el correo de radicaci\u00f3n de facturaci\u00f3n debe ser el que aparece registrado en la DIAN,\u00a0 Si la empresa no est\u00e1 creada en CRM, deben crearla y asociar a la venta, con el nombre y NIT tal cual aparece en el RUT.<\/h4>\n<\/li>\n<\/ol>\n<p>&nbsp;<\/p>\n<p>&nbsp;<\/p>\n<p>[\/vc_column_text][\/vc_column][\/vc_row][vc_row css_animation=\u00bb\u00bb row_type=\u00bbrow\u00bb use_row_as_full_screen_section=\u00bbno\u00bb type=\u00bbfull_width\u00bb angled_section=\u00bbno\u00bb text_align=\u00bbleft\u00bb background_image_as_pattern=\u00bbwithout_pattern\u00bb][vc_column][vc_video link=\u00bbhttps:\/\/www.youtube.com\/watch?v=HoJmWVwYtpo\u00bb align=\u00bbright\u00bb][\/vc_column][\/vc_row]<\/p>\n","protected":false},"excerpt":{"rendered":"<p>[vc_row css_animation=\u00bb\u00bb row_type=\u00bbrow\u00bb use_row_as_full_screen_section=\u00bbno\u00bb type=\u00bbfull_width\u00bb angled_section=\u00bbno\u00bb text_align=\u00bbleft\u00bb background_image_as_pattern=\u00bbwithout_pattern\u00bb][vc_column][vc_column_text] Cierre de ventas Salesforce PASOS: Cambiar Estado de Solicitud a Oferta Aceptada Actualizar dentro del Contacto la siguiente informaci\u00f3n adicional: Nombres completos: N\u00famero de documento: Direcci\u00f3n: Ciudad: Tel\u00e9fono: Email: Cargo: Tiempo de experiencia laboral: Empresa: \u00c1rea: Profesi\u00f3n:&#8230;<\/p>\n","protected":false},"author":16,"featured_media":0,"parent":0,"menu_order":0,"comment_status":"closed","ping_status":"closed","template":"","meta":{"footnotes":""},"class_list":["post-6587","page","type-page","status-publish","hentry"],"aioseo_notices":[],"_links":{"self":[{"href":"https:\/\/sic.nodscloud.com\/nodsglobal\/wp-json\/wp\/v2\/pages\/6587","targetHints":{"allow":["GET"]}}],"collection":[{"href":"https:\/\/sic.nodscloud.com\/nodsglobal\/wp-json\/wp\/v2\/pages"}],"about":[{"href":"https:\/\/sic.nodscloud.com\/nodsglobal\/wp-json\/wp\/v2\/types\/page"}],"author":[{"embeddable":true,"href":"https:\/\/sic.nodscloud.com\/nodsglobal\/wp-json\/wp\/v2\/users\/16"}],"replies":[{"embeddable":true,"href":"https:\/\/sic.nodscloud.com\/nodsglobal\/wp-json\/wp\/v2\/comments?post=6587"}],"version-history":[{"count":8,"href":"https:\/\/sic.nodscloud.com\/nodsglobal\/wp-json\/wp\/v2\/pages\/6587\/revisions"}],"predecessor-version":[{"id":6706,"href":"https:\/\/sic.nodscloud.com\/nodsglobal\/wp-json\/wp\/v2\/pages\/6587\/revisions\/6706"}],"wp:attachment":[{"href":"https:\/\/sic.nodscloud.com\/nodsglobal\/wp-json\/wp\/v2\/media?parent=6587"}],"curies":[{"name":"wp","href":"https:\/\/api.w.org\/{rel}","templated":true}]}}