
{"id":6738,"date":"2025-04-15T14:12:37","date_gmt":"2025-04-15T14:12:37","guid":{"rendered":"https:\/\/sic.nodscloud.com\/nodsglobal\/?page_id=6738"},"modified":"2025-04-15T16:01:06","modified_gmt":"2025-04-15T16:01:06","slug":"porfolio-academico-4","status":"publish","type":"page","link":"https:\/\/sic.nodscloud.com\/nodsglobal\/porfolio-academico-4\/","title":{"rendered":"Porfolio Acad\u00e9mico"},"content":{"rendered":"<div class=\"elementor-element elementor-element-c91dab2 elementor-widget elementor-widget-heading\" data-id=\"c91dab2\" data-element_type=\"widget\" data-widget_type=\"heading.default\">\n<div class=\"elementor-widget-container\">\n<h1><img decoding=\"async\" src=\"https:\/\/icpcordoba.com.ar\/wp-content\/uploads\/2025\/03\/Logo-alcanzatusobjetivos-e1742680298883.png\" \/><\/h1>\n<h1 class=\"elementor-heading-title elementor-size-default\"><strong>Nosotros<\/strong><\/h1>\n<\/div>\n<\/div>\n<div class=\"elementor-element elementor-element-ef5c231 elementor-widget elementor-widget-text-editor\" data-id=\"ef5c231\" data-element_type=\"widget\" data-widget_type=\"text-editor.default\">\n<div class=\"elementor-widget-container\">\n<p>En\u00a0<b>I.C.P. C\u00f3rdoba<\/b>\u00a0brindamos\u00a0educaci\u00f3n virtual y presencial de calidad para M\u00e9dicos Veterinarios, comprometi\u00e9ndonos\u00a0a facilitar el camino de\u00a0nuestros\u00a0alumnos hacia el logro de sus metas profesionales.<\/p>\n<p>&nbsp;<\/p>\n<p>Trabajamos junto a los mejores especialistas nacionales e internacionales de\u00a0cada\u00a0\u00e1rea, garantizando acceso a conocimientos de vanguardia y experiencias enriquecedoras.<\/p>\n<p>&nbsp;<\/p>\n<p>Adem\u00e1s, contamos con instalaciones para realizar pasant\u00edas y pr\u00e1cticas junto a referentes destacados en la especialidad elegida. Creemos en la importancia de combinar ambas modalidades para aplicar conocimientos en un entorno real.<\/p>\n<p>&nbsp;<\/p>\n<p>Nuestro objetivo principal es ofrecer una formaci\u00f3n integral para que los estudiantes se destaquen en su campo.<\/p>\n<p>&nbsp;<\/p>\n<\/div>\n<\/div>\n<section class=\"elementor-section elementor-inner-section elementor-element elementor-element-6e30c3dd elementor-section-boxed elementor-section-height-default elementor-section-height-default\" data-id=\"6e30c3dd\" data-element_type=\"section\">\n<div class=\"elementor-container elementor-column-gap-no\">\n<div class=\"elementor-column elementor-col-100 elementor-inner-column elementor-element elementor-element-716e1981\" data-id=\"716e1981\" data-element_type=\"column\">\n<div class=\"elementor-widget-wrap elementor-element-populated\">\n<div class=\"elementor-element elementor-element-54697a5f elementor-widget elementor-widget-heading animated slideInUp\" data-id=\"54697a5f\" data-element_type=\"widget\" data-settings=\"{&quot;_animation&quot;:&quot;slideInUp&quot;}\" data-widget_type=\"heading.default\">\n<div class=\"elementor-widget-container\">\n<h1 class=\"elementor-heading-title elementor-size-default\" style=\"text-align: center;\"><strong>Conoce a Nuestro Equipo<\/strong><\/h1>\n<\/div>\n<\/div>\n<\/div>\n<\/div>\n<\/div>\n<\/section>\n<section class=\"elementor-section elementor-inner-section elementor-element elementor-element-5364776c elementor-section-boxed elementor-section-height-default elementor-section-height-default\" data-id=\"5364776c\" data-element_type=\"section\">\n<div class=\"elementor-container elementor-column-gap-no\">\n<div class=\"elementor-column elementor-col-100 elementor-inner-column elementor-element elementor-element-3ba680fd\" data-id=\"3ba680fd\" data-element_type=\"column\">\n<div class=\"elementor-widget-wrap elementor-element-populated\">\n<div class=\"elementor-element elementor-element-1ec1070f elementor-widget elementor-widget-text-editor animated slideInUp\" data-id=\"1ec1070f\" data-element_type=\"widget\" data-settings=\"{&quot;_animation&quot;:&quot;slideInUp&quot;}\" data-widget_type=\"text-editor.default\">\n<div class=\"elementor-widget-container\">\n<p style=\"text-align: center;\">Trabajamos para brindarte la mejor experiencia educativa en la especialidad que elijas.<\/p>\n<\/div>\n<\/div>\n<section class=\"elementor-section elementor-top-section elementor-element elementor-element-54dd6f5c elementor-hidden-tablet elementor-hidden-mobile elementor-section-boxed elementor-section-height-default elementor-section-height-default\" data-id=\"54dd6f5c\" data-element_type=\"section\">\n<div class=\"elementor-container elementor-column-gap-no\">\n<div class=\"elementor-column elementor-col-100 elementor-top-column elementor-element elementor-element-15ac3da2\" data-id=\"15ac3da2\" data-element_type=\"column\">\n<div class=\"elementor-widget-wrap elementor-element-populated\">\n<section class=\"elementor-section elementor-inner-section elementor-element elementor-element-2b0276de elementor-section-full_width elementor-section-height-default elementor-section-height-default\" data-id=\"2b0276de\" data-element_type=\"section\">\n<div class=\"elementor-container elementor-column-gap-no\">\n<div class=\"elementor-column elementor-col-33 elementor-inner-column elementor-element elementor-element-a196943 animated fadeInUp\" data-id=\"a196943\" data-element_type=\"column\" data-settings=\"{&quot;background_background&quot;:&quot;classic&quot;,&quot;animation&quot;:&quot;fadeInUp&quot;,&quot;animation_delay&quot;:&quot;300&quot;}\">\n<div class=\"elementor-widget-wrap elementor-element-populated\">\n<div class=\"elementor-element elementor-element-4e08a373 elementor-widget elementor-widget-image\" style=\"text-align: center;\" data-id=\"4e08a373\" data-element_type=\"widget\" data-widget_type=\"image.default\">\n<div class=\"elementor-widget-container\"><img decoding=\"async\" class=\"attachment-full wp-image-10490\" src=\"https:\/\/icpcordoba.com.ar\/wp-content\/uploads\/2023\/01\/Perotti-Carlos.png\" sizes=\"(max-width: 394px) 100vw, 394px\" srcset=\"https:\/\/icpcordoba.com.ar\/wp-content\/uploads\/2023\/01\/Perotti-Carlos.png 394w, https:\/\/icpcordoba.com.ar\/wp-content\/uploads\/2023\/01\/Perotti-Carlos-300x300.png 300w, https:\/\/icpcordoba.com.ar\/wp-content\/uploads\/2023\/01\/Perotti-Carlos-100x100.png 100w, https:\/\/icpcordoba.com.ar\/wp-content\/uploads\/2023\/01\/Perotti-Carlos-150x150.png 150w, https:\/\/icpcordoba.com.ar\/wp-content\/uploads\/2023\/01\/Perotti-Carlos-12x12.png 12w\" alt=\"\" width=\"216\" height=\"216\" \/><img decoding=\"async\" class=\"attachment-full wp-image-10491\" src=\"https:\/\/icpcordoba.com.ar\/wp-content\/uploads\/2023\/01\/Videla-Diego.png\" sizes=\"(max-width: 394px) 100vw, 394px\" srcset=\"https:\/\/icpcordoba.com.ar\/wp-content\/uploads\/2023\/01\/Videla-Diego.png 394w, https:\/\/icpcordoba.com.ar\/wp-content\/uploads\/2023\/01\/Videla-Diego-300x300.png 300w, https:\/\/icpcordoba.com.ar\/wp-content\/uploads\/2023\/01\/Videla-Diego-100x100.png 100w, https:\/\/icpcordoba.com.ar\/wp-content\/uploads\/2023\/01\/Videla-Diego-150x150.png 150w, https:\/\/icpcordoba.com.ar\/wp-content\/uploads\/2023\/01\/Videla-Diego-12x12.png 12w\" alt=\"\" width=\"217\" height=\"217\" \/><img decoding=\"async\" class=\"attachment-full wp-image-10489\" src=\"https:\/\/icpcordoba.com.ar\/wp-content\/uploads\/2023\/01\/Deltrozzo-Jaime.png\" sizes=\"(max-width: 394px) 100vw, 394px\" srcset=\"https:\/\/icpcordoba.com.ar\/wp-content\/uploads\/2023\/01\/Deltrozzo-Jaime.png 394w, https:\/\/icpcordoba.com.ar\/wp-content\/uploads\/2023\/01\/Deltrozzo-Jaime-300x300.png 300w, https:\/\/icpcordoba.com.ar\/wp-content\/uploads\/2023\/01\/Deltrozzo-Jaime-100x100.png 100w, https:\/\/icpcordoba.com.ar\/wp-content\/uploads\/2023\/01\/Deltrozzo-Jaime-150x150.png 150w, https:\/\/icpcordoba.com.ar\/wp-content\/uploads\/2023\/01\/Deltrozzo-Jaime-12x12.png 12w, https:\/\/icpcordoba.com.ar\/wp-content\/uploads\/2023\/01\/elementor\/thumbs\/Deltrozzo-Jaime-150x150.png 1000w\" alt=\"\" width=\"219\" height=\"219\" \/><\/div>\n<\/div>\n<div class=\"elementor-element elementor-element-4d62bd7c elementor-widget elementor-widget-image-box\" data-id=\"4d62bd7c\" data-element_type=\"widget\" data-widget_type=\"image-box.default\">\n<div class=\"elementor-widget-container\">\n<div class=\"elementor-image-box-wrapper\">\n<div class=\"elementor-image-box-content\">\n<h4 class=\"elementor-image-box-title\" style=\"text-align: center;\">\u00a0 \u00a0 \u00a0 \u00a0 M.V Carlos Perotti\u00a0 \u00a0 \u00a0 \u00a0 \u00a0 \u00a0 \u00a0 \u00a0 M.V Diego Videla\u00a0 \u00a0 \u00a0 \u00a0 \u00a0 \u00a0 \u00a0 \u00a0M.V Jaime Deltrozzo<\/h4>\n<p class=\"elementor-image-box-description\" style=\"text-align: center;\">\u00a0 \u00a0 \u00a0 Directores Generales<br \/>\nSocios Fundadores<\/p>\n<\/div>\n<\/div>\n<\/div>\n<\/div>\n<\/div>\n<\/div>\n<\/div>\n<\/section>\n<div class=\"elementor-element elementor-element-7b2f758c elementor-widget elementor-widget-spacer\" data-id=\"7b2f758c\" data-element_type=\"widget\" data-widget_type=\"spacer.default\">\n<div class=\"elementor-widget-container\">\n<div class=\"elementor-spacer\">\n<div class=\"elementor-spacer-inner\"><\/div>\n<\/div>\n<\/div>\n<\/div>\n<section class=\"elementor-section elementor-inner-section elementor-element elementor-element-7a2ab022 elementor-section-full_width elementor-section-height-default elementor-section-height-default\" data-id=\"7a2ab022\" data-element_type=\"section\">\n<div class=\"elementor-container elementor-column-gap-no\">\n<div class=\"elementor-column elementor-col-33 elementor-inner-column elementor-element elementor-element-2cd30022 animated fadeInUp\" data-id=\"2cd30022\" data-element_type=\"column\" data-settings=\"{&quot;background_background&quot;:&quot;classic&quot;,&quot;animation&quot;:&quot;fadeInUp&quot;,&quot;animation_delay&quot;:&quot;300&quot;}\">\n<div class=\"elementor-widget-wrap elementor-element-populated\">\n<div class=\"elementor-element elementor-element-1a3f8a69 elementor-widget elementor-widget-image\" data-id=\"1a3f8a69\" data-element_type=\"widget\" data-widget_type=\"image.default\">\n<div class=\"elementor-widget-container\" style=\"text-align: center;\">\u00a0 \u00a0<img loading=\"lazy\" decoding=\"async\" class=\"attachment-full wp-image-11462\" src=\"https:\/\/icpcordoba.com.ar\/wp-content\/uploads\/2024\/02\/Mariano-Seminara.png\" sizes=\"(max-width: 394px) 100vw, 394px\" srcset=\"https:\/\/icpcordoba.com.ar\/wp-content\/uploads\/2024\/02\/Mariano-Seminara.png 394w, https:\/\/icpcordoba.com.ar\/wp-content\/uploads\/2024\/02\/Mariano-Seminara-300x300.png 300w, https:\/\/icpcordoba.com.ar\/wp-content\/uploads\/2024\/02\/Mariano-Seminara-100x100.png 100w, https:\/\/icpcordoba.com.ar\/wp-content\/uploads\/2024\/02\/Mariano-Seminara-150x150.png 150w, https:\/\/icpcordoba.com.ar\/wp-content\/uploads\/2024\/02\/Mariano-Seminara-12x12.png 12w\" alt=\"\" width=\"220\" height=\"220\" \/><img loading=\"lazy\" decoding=\"async\" class=\"attachment-full wp-image-10549\" src=\"https:\/\/icpcordoba.com.ar\/wp-content\/uploads\/2024\/02\/Milagros.png\" sizes=\"(max-width: 393px) 100vw, 393px\" srcset=\"https:\/\/icpcordoba.com.ar\/wp-content\/uploads\/2024\/02\/Milagros.png 393w, https:\/\/icpcordoba.com.ar\/wp-content\/uploads\/2024\/02\/Milagros-300x300.png 300w, https:\/\/icpcordoba.com.ar\/wp-content\/uploads\/2024\/02\/Milagros-100x100.png 100w, https:\/\/icpcordoba.com.ar\/wp-content\/uploads\/2024\/02\/Milagros-150x150.png 150w, https:\/\/icpcordoba.com.ar\/wp-content\/uploads\/2024\/02\/Milagros-12x12.png 12w\" alt=\"\" width=\"222\" height=\"222\" \/><img loading=\"lazy\" decoding=\"async\" class=\"attachment-full wp-image-10493\" src=\"https:\/\/icpcordoba.com.ar\/wp-content\/uploads\/2023\/01\/Fernandez-Ale.png\" sizes=\"(max-width: 394px) 100vw, 394px\" srcset=\"https:\/\/icpcordoba.com.ar\/wp-content\/uploads\/2023\/01\/Fernandez-Ale.png 394w, https:\/\/icpcordoba.com.ar\/wp-content\/uploads\/2023\/01\/Fernandez-Ale-300x300.png 300w, https:\/\/icpcordoba.com.ar\/wp-content\/uploads\/2023\/01\/Fernandez-Ale-100x100.png 100w, https:\/\/icpcordoba.com.ar\/wp-content\/uploads\/2023\/01\/Fernandez-Ale-150x150.png 150w, https:\/\/icpcordoba.com.ar\/wp-content\/uploads\/2023\/01\/Fernandez-Ale-12x12.png 12w\" alt=\"\" width=\"219\" height=\"219\" \/><\/div>\n<\/div>\n<div class=\"elementor-element elementor-element-565d0ce7 elementor-widget elementor-widget-image-box\" data-id=\"565d0ce7\" data-element_type=\"widget\" data-widget_type=\"image-box.default\">\n<div class=\"elementor-widget-container\">\n<div class=\"elementor-image-box-wrapper\">\n<div class=\"elementor-image-box-content\">\n<h4 class=\"elementor-image-box-title\" style=\"text-align: center;\">Mariano Seminara &#8211;\u00a0 M.V Milagros Paula Garcia Diez\u00a0 \u00a0&#8211;\u00a0 \u00a0 \u00a0Lic. Alejandro Fern\u00e1ndez<\/h4>\n<p class=\"elementor-image-box-description\" style=\"text-align: center;\">\u00a0 \u00a0Director ICP Educaci\u00f3n Superior\u00a0 \u00a0 \u00a0 \u00a0 \u00a0 \u00a0 \u00a0 \u00a0&#8211;\u00a0 \u00a0Project Manager\u00a0 &#8211;\u00a0 \u00a0 \u00a0 \u00a0 \u00a0 Desarrollo de negocios comercial y control de\u00a0gesti\u00f3n<\/p>\n<\/div>\n<\/div>\n<\/div>\n<\/div>\n<\/div>\n<\/div>\n<div class=\"elementor-column elementor-col-33 elementor-inner-column elementor-element elementor-element-9dd3bcd animated fadeInUp\" data-id=\"9dd3bcd\" data-element_type=\"column\" data-settings=\"{&quot;background_background&quot;:&quot;classic&quot;,&quot;animation&quot;:&quot;fadeInUp&quot;,&quot;animation_delay&quot;:&quot;300&quot;}\">\n<div class=\"elementor-widget-wrap elementor-element-populated\">\n<div class=\"elementor-element elementor-element-e766e09 elementor-widget elementor-widget-image\" data-id=\"e766e09\" data-element_type=\"widget\" data-widget_type=\"image.default\"><\/div>\n<\/div>\n<\/div>\n<div class=\"elementor-column elementor-col-33 elementor-inner-column elementor-element elementor-element-1b1d5f62 animated fadeInUp\" data-id=\"1b1d5f62\" data-element_type=\"column\" data-settings=\"{&quot;background_background&quot;:&quot;classic&quot;,&quot;animation&quot;:&quot;fadeInUp&quot;,&quot;animation_delay&quot;:&quot;300&quot;}\">\n<div class=\"elementor-widget-wrap elementor-element-populated\">\n<div class=\"elementor-element elementor-element-ad5690 elementor-widget elementor-widget-image-box\" data-id=\"ad5690\" data-element_type=\"widget\" data-widget_type=\"image-box.default\">\n<div class=\"elementor-widget-container\">\n<div class=\"elementor-image-box-wrapper\">\n<div class=\"elementor-image-box-content\">\n<p class=\"elementor-image-box-description\">\n<\/div>\n<\/div>\n<\/div>\n<\/div>\n<\/div>\n<\/div>\n<\/div>\n<\/section>\n<\/div>\n<\/div>\n<\/div>\n<\/section>\n<section class=\"elementor-section elementor-top-section elementor-element elementor-element-fdc6989 elementor-hidden-tablet elementor-hidden-mobile elementor-section-boxed elementor-section-height-default elementor-section-height-default\" data-id=\"fdc6989\" data-element_type=\"section\">\n<div class=\"elementor-container elementor-column-gap-no\">\n<div class=\"elementor-column elementor-col-100 elementor-top-column elementor-element elementor-element-cec10be\" data-id=\"cec10be\" data-element_type=\"column\">\n<div class=\"elementor-widget-wrap elementor-element-populated\">\n<div class=\"elementor-element elementor-element-ac79d5e elementor-widget elementor-widget-spacer\" data-id=\"ac79d5e\" data-element_type=\"widget\" data-widget_type=\"spacer.default\">\n<div class=\"elementor-widget-container\">\n<div class=\"elementor-spacer\">\n<div class=\"elementor-spacer-inner\"><\/div>\n<\/div>\n<\/div>\n<\/div>\n<section class=\"elementor-section elementor-inner-section elementor-element elementor-element-fe0a398 elementor-section-full_width elementor-section-height-default elementor-section-height-default\" data-id=\"fe0a398\" data-element_type=\"section\">\n<div class=\"elementor-container elementor-column-gap-no\">\n<div class=\"elementor-column elementor-col-33 elementor-inner-column elementor-element elementor-element-4d70db34 animated fadeInUp\" data-id=\"4d70db34\" data-element_type=\"column\" data-settings=\"{&quot;background_background&quot;:&quot;classic&quot;,&quot;animation&quot;:&quot;fadeInUp&quot;,&quot;animation_delay&quot;:&quot;300&quot;}\">\n<div class=\"elementor-widget-wrap elementor-element-populated\">\n<div class=\"elementor-element elementor-element-1608b430 elementor-widget elementor-widget-image\" data-id=\"1608b430\" data-element_type=\"widget\" data-widget_type=\"image.default\">\n<div class=\"elementor-widget-container\"><img loading=\"lazy\" decoding=\"async\" class=\"attachment-full wp-image-10499 aligncenter\" src=\"https:\/\/icpcordoba.com.ar\/wp-content\/uploads\/2023\/01\/Magnago-Franco.png\" sizes=\"(max-width: 394px) 100vw, 394px\" srcset=\"https:\/\/icpcordoba.com.ar\/wp-content\/uploads\/2023\/01\/Magnago-Franco.png 394w, https:\/\/icpcordoba.com.ar\/wp-content\/uploads\/2023\/01\/Magnago-Franco-300x300.png 300w, https:\/\/icpcordoba.com.ar\/wp-content\/uploads\/2023\/01\/Magnago-Franco-100x100.png 100w, https:\/\/icpcordoba.com.ar\/wp-content\/uploads\/2023\/01\/Magnago-Franco-150x150.png 150w, https:\/\/icpcordoba.com.ar\/wp-content\/uploads\/2023\/01\/Magnago-Franco-12x12.png 12w\" alt=\"\" width=\"228\" height=\"228\" \/><\/div>\n<\/div>\n<div class=\"elementor-element elementor-element-26253bac elementor-widget elementor-widget-image-box\" data-id=\"26253bac\" data-element_type=\"widget\" data-widget_type=\"image-box.default\">\n<div class=\"elementor-widget-container\">\n<div class=\"elementor-image-box-wrapper\">\n<div class=\"elementor-image-box-content\">\n<h4 class=\"elementor-image-box-title\" style=\"text-align: center;\">M.V Franco Magnago<\/h4>\n<p class=\"elementor-image-box-description\" style=\"text-align: center;\">Coordinador Acad\u00e9mico<\/p>\n<\/div>\n<\/div>\n<\/div>\n<\/div>\n<p>&nbsp;<\/p>\n<\/div>\n<\/div>\n<div class=\"elementor-column elementor-col-33 elementor-inner-column elementor-element elementor-element-a88340f animated fadeInUp\" style=\"text-align: center;\" data-id=\"a88340f\" data-element_type=\"column\" data-settings=\"{&quot;background_background&quot;:&quot;classic&quot;,&quot;animation&quot;:&quot;fadeInUp&quot;,&quot;animation_delay&quot;:&quot;300&quot;}\">\n<div class=\"elementor-widget-wrap elementor-element-populated\">\n<div class=\"elementor-element elementor-element-343d1a4 elementor-widget elementor-widget-image\" data-id=\"343d1a4\" data-element_type=\"widget\" data-widget_type=\"image.default\"><\/div>\n<\/div>\n<\/div>\n<\/div>\n<\/section>\n<\/div>\n<\/div>\n<\/div>\n<\/section>\n<section class=\"elementor-section elementor-top-section elementor-element elementor-element-719399d elementor-hidden-tablet elementor-hidden-mobile elementor-section-boxed elementor-section-height-default elementor-section-height-default\" data-id=\"719399d\" data-element_type=\"section\">\n<div class=\"elementor-container elementor-column-gap-no\">\n<div class=\"elementor-column elementor-col-100 elementor-top-column elementor-element elementor-element-3032f88\" data-id=\"3032f88\" data-element_type=\"column\">\n<div class=\"elementor-widget-wrap elementor-element-populated\">\n<section class=\"elementor-section elementor-inner-section elementor-element elementor-element-36476e3 elementor-section-full_width elementor-section-height-default elementor-section-height-default\" data-id=\"36476e3\" data-element_type=\"section\">\n<div class=\"elementor-container elementor-column-gap-no\">\n<div class=\"elementor-column elementor-col-33 elementor-inner-column elementor-element elementor-element-a327391 animated fadeInUp\" data-id=\"a327391\" data-element_type=\"column\" data-settings=\"{&quot;background_background&quot;:&quot;classic&quot;,&quot;animation&quot;:&quot;fadeInUp&quot;,&quot;animation_delay&quot;:&quot;300&quot;}\">\n<div class=\"elementor-widget-wrap elementor-element-populated\">\n<div class=\"elementor-element elementor-element-a4dd9ea elementor-widget elementor-widget-image-box\" data-id=\"a4dd9ea\" data-element_type=\"widget\" data-widget_type=\"image-box.default\">\n<div class=\"elementor-widget-container\">\n<div class=\"elementor-image-box-wrapper\">\n<div class=\"elementor-image-box-content\">\n<p class=\"elementor-image-box-description\" style=\"text-align: center;\">\n<\/div>\n<\/div>\n<\/div>\n<\/div>\n<\/div>\n<\/div>\n<\/div>\n<\/section>\n<\/div>\n<\/div>\n<\/div>\n<\/section>\n<section class=\"elementor-section elementor-top-section elementor-element elementor-element-436d7c8 elementor-hidden-tablet elementor-hidden-mobile elementor-section-boxed elementor-section-height-default elementor-section-height-default\" data-id=\"436d7c8\" data-element_type=\"section\">\n<div class=\"elementor-container elementor-column-gap-no\">\n<div class=\"elementor-column elementor-col-100 elementor-top-column elementor-element elementor-element-a1cf7c3\" data-id=\"a1cf7c3\" data-element_type=\"column\">\n<div class=\"elementor-widget-wrap elementor-element-populated\">\n<div class=\"elementor-element elementor-element-2900e59 elementor-widget elementor-widget-spacer\" data-id=\"2900e59\" data-element_type=\"widget\" data-widget_type=\"spacer.default\">\n<div class=\"elementor-widget-container\">\n<div class=\"elementor-spacer\" style=\"text-align: center;\"><\/div>\n<\/div>\n<\/div>\n<\/div>\n<\/div>\n<\/div>\n<\/section>\n<\/div>\n<\/div>\n<\/div>\n<\/section>\n","protected":false},"excerpt":{"rendered":"<p>Nosotros En\u00a0I.C.P. C\u00f3rdoba\u00a0brindamos\u00a0educaci\u00f3n virtual y presencial de calidad para M\u00e9dicos Veterinarios, comprometi\u00e9ndonos\u00a0a facilitar el camino de\u00a0nuestros\u00a0alumnos hacia el logro de sus metas profesionales. &nbsp; Trabajamos junto a los mejores especialistas nacionales e internacionales de\u00a0cada\u00a0\u00e1rea, garantizando acceso a conocimientos de vanguardia y experiencias enriquecedoras. &nbsp; Adem\u00e1s,&#8230;<\/p>\n","protected":false},"author":16,"featured_media":0,"parent":0,"menu_order":0,"comment_status":"closed","ping_status":"closed","template":"","meta":{"footnotes":""},"class_list":["post-6738","page","type-page","status-publish","hentry"],"aioseo_notices":[],"_links":{"self":[{"href":"https:\/\/sic.nodscloud.com\/nodsglobal\/wp-json\/wp\/v2\/pages\/6738","targetHints":{"allow":["GET"]}}],"collection":[{"href":"https:\/\/sic.nodscloud.com\/nodsglobal\/wp-json\/wp\/v2\/pages"}],"about":[{"href":"https:\/\/sic.nodscloud.com\/nodsglobal\/wp-json\/wp\/v2\/types\/page"}],"author":[{"embeddable":true,"href":"https:\/\/sic.nodscloud.com\/nodsglobal\/wp-json\/wp\/v2\/users\/16"}],"replies":[{"embeddable":true,"href":"https:\/\/sic.nodscloud.com\/nodsglobal\/wp-json\/wp\/v2\/comments?post=6738"}],"version-history":[{"count":3,"href":"https:\/\/sic.nodscloud.com\/nodsglobal\/wp-json\/wp\/v2\/pages\/6738\/revisions"}],"predecessor-version":[{"id":6749,"href":"https:\/\/sic.nodscloud.com\/nodsglobal\/wp-json\/wp\/v2\/pages\/6738\/revisions\/6749"}],"wp:attachment":[{"href":"https:\/\/sic.nodscloud.com\/nodsglobal\/wp-json\/wp\/v2\/media?parent=6738"}],"curies":[{"name":"wp","href":"https:\/\/api.w.org\/{rel}","templated":true}]}}