
{"id":6757,"date":"2025-04-15T19:03:02","date_gmt":"2025-04-15T19:03:02","guid":{"rendered":"https:\/\/sic.nodscloud.com\/nodsglobal\/?page_id=6757"},"modified":"2025-04-15T19:03:02","modified_gmt":"2025-04-15T19:03:02","slug":"preguntas-frecuentes-4","status":"publish","type":"page","link":"https:\/\/sic.nodscloud.com\/nodsglobal\/preguntas-frecuentes-4\/","title":{"rendered":"Preguntas frecuentes"},"content":{"rendered":"<p><img decoding=\"async\" src=\"https:\/\/icpcordoba.com.ar\/wp-content\/uploads\/2025\/03\/Logo-alcanzatusobjetivos-e1742680298883.png\" \/><\/p>\n<h1 style=\"text-align: center;\"><strong><span style=\"color: #008000;\">PREGUNTAS FRECUENTES<\/span><\/strong><\/h1>\n<p>&nbsp;<\/p>\n<p><b>\u00bfCu\u00e1les son algunos de los Diferenciales de IPC C\u00f3rdoba?<\/b><\/p>\n<p>&nbsp;<\/p>\n<ul>\n<li style=\"font-weight: 400;\" aria-level=\"1\"><span style=\"font-weight: 400;\">Pr\u00e1cticas presenciales complementarias a la virtualidad. Son opcionales y su costo no est\u00e1 incluido dentro de la modalidad online. Las fechas son a confirmar y se abren de acuerdo al cupo. Las instalaciones de I.C.P son de avanzada. Cuentan con habitaciones para que puedan alojarse ah\u00ed mismo, espacios de ocio, quir\u00f3fanos de \u00faltima generaci\u00f3n para llevar a cabo las pr\u00e1cticas\u00a0y aulas muy amplias.\u00a0<\/span><\/li>\n<li style=\"font-weight: 400;\" aria-level=\"1\"><span style=\"font-weight: 400;\">Se entregan transcripciones de cada clase a trav\u00e9s de I.A para que puedan acceder al material impreso.<\/span><\/li>\n<li style=\"font-weight: 400;\" aria-level=\"1\"><span style=\"font-weight: 400;\">Pueden acceder a las clases grabadas via Podcast para que puedan escucharlas en cualquier momento.\u00a0<\/span><\/li>\n<li style=\"font-weight: 400;\" aria-level=\"1\"><span style=\"font-weight: 400;\">Flexibilidad de pago, amplia cantidad de cuotas y fijas. Financiaci\u00f3n personalizada.\u00a0\u00a0<\/span><\/li>\n<li style=\"font-weight: 400;\" aria-level=\"1\"><span style=\"font-weight: 400;\">Alumnos egresados de I.C.P tienen beneficios de pago, como 12 cuotas fijas. Es decir le financiamos un a\u00f1o completo en diplomaturas seleccionadas.\u00a0<\/span><\/li>\n<li style=\"font-weight: 400;\" aria-level=\"1\"><span style=\"font-weight: 400;\">Contacto directo con el docente o miembros del equipo docente a trav\u00e9s del grupo de Whatapps.\u00a0<\/span><\/li>\n<\/ul>\n<p>&nbsp;<\/p>\n<p><b>\u00bfC\u00f3mo son las evaluaciones de los diplomados, seminarios y\u00a0 posgrados?<\/b><\/p>\n<p><span style=\"font-weight: 400;\">\u00a0Las evaluaciones son al final de cada m\u00f3dulo\u00a0que compone la diplomatura. Y hay un examen integrador al final del cursado. Siempre son m\u00faltiple\u00a0opci\u00f3n y cada instancia tiene su recuperatorio. No hay nota num\u00e9rica. Es aprobado o desaprobado. En el caso del posgrado, solo tienen el examen integrador al final del mismo y su recuperatorio. Somos muy flexibles en casos particulares, que no han podido acceder al examen por alg\u00fan motivo personal, siempre y cuando est\u00e9n al d\u00eda o hayan cancelado el curso.\u00a0<\/span><\/p>\n<p>&nbsp;<\/p>\n<p><b>\u00bfHay un porcentaje de asistencia en los encuentros Sincr\u00f3nicos? \u00bfLas clases quedan grabadas en la plataforma virtual?<\/b><\/p>\n<p><span style=\"font-weight: 400;\">El % de asistencia es del 75%, pero se compone no solo de la participaci\u00f3n en los vivos, sino tambi\u00e9n el tiempo que lleva en el aula virtual de manera asincr\u00f3nica. Contamos con un cronometro\u00a0que nos muestra ese dato como tambi\u00e9n hace cuantos d\u00edas ingreso al Moodle.Internamente no llevamos un control del % de asistencia en los vivos, y por otro lado, los veterinarios tienen una din\u00e1mica de vida muy intensa profesionalmente, no tienen horario laboral fijo, entonces seria medio injusto solo contar con \u00e9l % de asistencia en los vivos. De hecho hemos tenido reclamos al respecto. Hay Diplomaturas como la de Ecograf\u00eda\u00a0b\u00e1sica, Ecograf\u00eda avanzada, Fisiatr\u00eda y Posgrado de t\u00e9cnicas de ecograf\u00eda en emergencias, donde se toma asistencia en los vivos a pedido del docente pero en el pdf se explica muy bien eso, al igual que el \u00e1rea de ventas eso lo tiene muy claro al momento de vender.\u00a0<\/span><\/p>\n<p>&nbsp;<\/p>\n<p><b>\u00bfCu\u00e1nto es la duraci\u00f3n de las Clases en vivo?<\/b><\/p>\n<p><span style=\"font-weight: 400;\">Las clases en vivo duran aproximadamente 2 horas. Puede que alguna clase se extienda un poco m\u00e1s\u00a0y en ese caso, intervengo y por lo general, programo una clase extra para terminar el tema.\u00a0<\/span><\/p>\n<p>&nbsp;<\/p>\n<p><b>\u00bfCu\u00e1ndo entregan el diploma?<\/b><\/p>\n<p><span style=\"font-weight: 400;\">Si es pago de contado al culminar el cursado, y es por financiaci\u00f3n, y esta culmina despu\u00e9s del cursado, no se entrega hasta culminar con los pagos.<\/span><\/p>\n<p>&nbsp;<\/p>\n<p><b>\u00a0\u00bfHay pagos adicionales en el cursado de los programas como: materiales, titulaci\u00f3n u otros?<\/b><\/p>\n<p><span style=\"font-weight: 400;\">No, no hay pagos adicionales. Excepto las pr\u00e1cticas presenciales opcionales. Y en la diplomatura de ecograf\u00eda\u00a0b\u00e1sica, avanzada y posgrado de ecograf\u00eda en emergencias (todas las dicta la misma docente) se paga el examen final.\u00a0<\/span><\/p>\n<p>&nbsp;<\/p>\n<p><b>\u00bfCu\u00e1ndo c\u00f3mo y quienes le env\u00edan el acceso al aula virtual?<\/b><\/p>\n<p><span style=\"font-weight: 400;\">Semanas previas al inicio de la capacitaci\u00f3n, se prepara el aula virtual, cargamos material no solo referente a la primer clase sino tambi\u00e9n videos alusivos al correcto uso del moodle (paso a paso). Eso lo trabaja el Coordinador Acad\u00e9mico (Franco Magnago, que tambi\u00e9n es M.V)\u00a0 y quien matricula a cada alumno es Marcela del \u00c1rea Administrativa. La matriculaci\u00f3n actualmente es manual. Ella, se basa en las planillas actualizadas de inscripci\u00f3n que les proporciona el \u00e1rea de ventas y lleva un control diario de la misma. Es decir, que matricula a diario a medida que se inscriben. A los alumnos apenas pagan, se les env\u00eda un mensaje de bienvenida individual, via Whatapps y v\u00eda mail. En ese mensaje adem\u00e1s, se les brinda informaci\u00f3n importante administrativa como tambi\u00e9n se les avisa que 10 d\u00edas antes al inicio del curso, se les dar\u00e1 acceso al grupo de Whatapps donde estar\u00e1n no solo los colegas sino tambi\u00e9n el director del curso o bien miembros del equipo docente que el designe.\u00a0<\/span><\/p>\n<p><span style=\"font-weight: 400;\">El grupo de Whatapps es una gran herramienta a la hora de comunicar algo de manera masiva. Lo usamos much\u00edsimo. Una vez que est\u00e1n todos incluidos en el mismo, avisamos cuando pueden ingresar al aula, junto con informaci\u00f3n importante administrativa. Ellos pueden ingresar una semana previa al inicio, como para que practiquen ingresar a la misma. A pesar de ello, pocos son lo que intentan hacerlo, entonces para evitar una ola de mensajes (a minutos de iniciar) sobre como ingresar? directamente les brindamos el link del vivo, v\u00eda Whatapps. Y lo borramos a los 30 min para reducir el riesgo a que lo compartan e ingresen as\u00ed personas que no son alumnas. La plataforma que usamos para dar clases es MEET.\u00a0<\/span><\/p>\n<p><span style=\"font-weight: 400;\">Aquellas personas que pagan minutos previos al vivo (son unas 8 a 10 personas en algunos cursos), las chicas de ventas les comparten tambi\u00e9n el link de vivo como para que no pierdan la clase y se les avisa que su matriculaci\u00f3n estar\u00e1 activa entre 12 a 24 hs posteriores. Mientras Marcela, contin\u00faa matriculando y enviando mensajes de bienvenida e incorpor\u00e1ndolos al grupo de Whatapps.<\/span><\/p>\n<p>&nbsp;<\/p>\n<p><b>Pr\u00e1cticas\u00a0internacionales en distintas sedes \u00bfcu\u00e1les ser\u00edan esas sedes?<\/b><\/p>\n<p><span style=\"font-weight: 400;\">No son sedes como tal, sino que son espacios brindados por cl\u00ednicas veterinarias privadas. De todas maneras, uno de los objetivos del Instituto es fundar sedes.<\/span><\/p>\n<p>&nbsp;<\/p>\n<p><b>\u00bfQui\u00e9n genera el pago de las diplomaturas? el asesor?<\/b><\/p>\n<p><span style=\"font-weight: 400;\">Desde el \u00e1rea administrativa (Marcela) se generan las suscripciones o links de pago correspondientes a cada diplomatura o posgrado. Una vez generado las correspondientes suscripciones, son las chicas de ventas quienes lo comparten con los interesados para concretar la venta.<\/span><\/p>\n<p><span style=\"font-weight: 400;\">\u00a0El tema de Financiaci\u00f3n \u00bfQui\u00e9n genera ese acuerdo, si bien el asesor lo cierra, como se genera la primera cuota y c\u00f3mo se gestiona el d\u00e9bito autom\u00e1tico por Stripe?<\/span><\/p>\n<p>&nbsp;<\/p>\n<p><span style=\"font-weight: 400;\">Se generan suscripciones con X cantidad de cuotas a debitarse de manera autom\u00e1tica. En un principio se les brinda un link donde el interesado coloca los datos de su tarjeta y una vez activada la suscripci\u00f3n, se debita todos los meses para la misma fecha el monto por el cual se cre\u00f3. De todas maneras, para brindarte m\u00e1s informaci\u00f3n relacionada a esa plataforma en particular, le voy a pedir a Marcela (encargada de cobranzas) que te despeje las dudas.\u00a0<\/span><\/p>\n<p>&nbsp;<\/p>\n<p><b>\u00bfExiste alg\u00fan centro de educaci\u00f3n o instituto veterinario en M\u00e9xico, que pueda tomar en consideraci\u00f3n equivalencias\/homologaciones de nuestros programas ya como egresados?<\/b><\/p>\n<p><span style=\"font-weight: 400;\">No. Los diplomas de certificaci\u00f3n no tienen equivalencias como para continuar el estudio en otra instituci\u00f3n. Si tienen gran valor al momento de plasmarlo en el C.V. Sobre todo si tal capacitaci\u00f3n cuenta con el aval internacional de CONCERVET (Consejo Nacional de Certificaci\u00f3n\u00a0en Medicina Veterinaria y Zootecnia) de M\u00e9xico. La gran mayor\u00eda de los estudiantes mexicanos nos consultan por tal certificaci\u00f3n, la valoran much\u00edsimo. Este a\u00f1o esta\u00a0Instituci\u00f3n, decidi\u00f3\u00a0brindar un c\u00f3digo QR a aquellas fundaciones educativas que cursen legalmente con su sello, debido a la cantidad de denuncias por uso indebido de su logo. Entonces una vez aprobado cada curso, y pagado la cuota anual, nos entregan un qr que es \u00fanico por alumno. Actualmente, todos nuestros cursos virtuales como presenciales, cuentan con dicho aval 2025<\/span><\/p>\n<p>&nbsp;<\/p>\n<p>&nbsp;<\/p>\n<p>&nbsp;<\/p>\n","protected":false},"excerpt":{"rendered":"<p>PREGUNTAS FRECUENTES &nbsp; \u00bfCu\u00e1les son algunos de los Diferenciales de IPC C\u00f3rdoba? &nbsp; Pr\u00e1cticas presenciales complementarias a la virtualidad. Son opcionales y su costo no est\u00e1 incluido dentro de la modalidad online. Las fechas son a confirmar y se abren de acuerdo al cupo. Las&#8230;<\/p>\n","protected":false},"author":16,"featured_media":0,"parent":0,"menu_order":0,"comment_status":"closed","ping_status":"closed","template":"","meta":{"footnotes":""},"class_list":["post-6757","page","type-page","status-publish","hentry"],"aioseo_notices":[],"_links":{"self":[{"href":"https:\/\/sic.nodscloud.com\/nodsglobal\/wp-json\/wp\/v2\/pages\/6757","targetHints":{"allow":["GET"]}}],"collection":[{"href":"https:\/\/sic.nodscloud.com\/nodsglobal\/wp-json\/wp\/v2\/pages"}],"about":[{"href":"https:\/\/sic.nodscloud.com\/nodsglobal\/wp-json\/wp\/v2\/types\/page"}],"author":[{"embeddable":true,"href":"https:\/\/sic.nodscloud.com\/nodsglobal\/wp-json\/wp\/v2\/users\/16"}],"replies":[{"embeddable":true,"href":"https:\/\/sic.nodscloud.com\/nodsglobal\/wp-json\/wp\/v2\/comments?post=6757"}],"version-history":[{"count":2,"href":"https:\/\/sic.nodscloud.com\/nodsglobal\/wp-json\/wp\/v2\/pages\/6757\/revisions"}],"predecessor-version":[{"id":6759,"href":"https:\/\/sic.nodscloud.com\/nodsglobal\/wp-json\/wp\/v2\/pages\/6757\/revisions\/6759"}],"wp:attachment":[{"href":"https:\/\/sic.nodscloud.com\/nodsglobal\/wp-json\/wp\/v2\/media?parent=6757"}],"curies":[{"name":"wp","href":"https:\/\/api.w.org\/{rel}","templated":true}]}}