
{"id":6921,"date":"2025-05-12T17:03:19","date_gmt":"2025-05-12T17:03:19","guid":{"rendered":"https:\/\/sic.nodscloud.com\/nodsglobal\/?page_id=6921"},"modified":"2025-05-15T18:05:41","modified_gmt":"2025-05-15T18:05:41","slug":"proceso-de-inscripcion-5","status":"publish","type":"page","link":"https:\/\/sic.nodscloud.com\/nodsglobal\/proceso-de-inscripcion-5\/","title":{"rendered":"Proceso de Inscripci\u00f3n"},"content":{"rendered":"<p><img fetchpriority=\"high\" decoding=\"async\" class=\"alignnone size-large wp-image-6923\" src=\"https:\/\/sic.nodscloud.com\/nodsglobal\/wp-content\/uploads\/sites\/3\/2025\/05\/ESCUELA-DE-VENTAS_page-0001-1024x576.jpg\" alt=\"\" width=\"1024\" height=\"576\" srcset=\"https:\/\/sic.nodscloud.com\/nodsglobal\/wp-content\/uploads\/sites\/3\/2025\/05\/ESCUELA-DE-VENTAS_page-0001-1024x576.jpg 1024w, https:\/\/sic.nodscloud.com\/nodsglobal\/wp-content\/uploads\/sites\/3\/2025\/05\/ESCUELA-DE-VENTAS_page-0001-300x169.jpg 300w, https:\/\/sic.nodscloud.com\/nodsglobal\/wp-content\/uploads\/sites\/3\/2025\/05\/ESCUELA-DE-VENTAS_page-0001-768x432.jpg 768w, https:\/\/sic.nodscloud.com\/nodsglobal\/wp-content\/uploads\/sites\/3\/2025\/05\/ESCUELA-DE-VENTAS_page-0001-1536x864.jpg 1536w, https:\/\/sic.nodscloud.com\/nodsglobal\/wp-content\/uploads\/sites\/3\/2025\/05\/ESCUELA-DE-VENTAS_page-0001-2048x1152.jpg 2048w, https:\/\/sic.nodscloud.com\/nodsglobal\/wp-content\/uploads\/sites\/3\/2025\/05\/ESCUELA-DE-VENTAS_page-0001-700x394.jpg 700w, https:\/\/sic.nodscloud.com\/nodsglobal\/wp-content\/uploads\/sites\/3\/2025\/05\/ESCUELA-DE-VENTAS_page-0001-539x303.jpg 539w\" sizes=\"(max-width: 1024px) 100vw, 1024px\" \/><\/p>\n<h3>La \u00fanica pasarela de Pago es la de LUNA a trav\u00e9s de\u00a0<span style=\"color: #0000ff;\"><a style=\"color: #0000ff;\" href=\"https:\/\/lifelonglearning.cesa.edu.co\/\" target=\"_blank\" rel=\"noopener\">https:\/\/lifelonglearning.cesa.edu.co\/<\/a>\u00a0<\/span><\/h3>\n<h3><span style=\"color: #ff0000;\"><span style=\"color: #ff0000;\">Esta prohibido enviar o solicitar pagos a <span style=\"font-size: 18.72px;\">trav\u00e9s<\/span> de Cuenta o pasarela de pago de DAVIVIENDA<\/span><\/span><\/h3>\n<hr \/>\n<h3><\/h3>\n<h3><\/h3>\n<h3><\/h3>\n<h3><\/h3>\n<h3><\/h3>\n<h3><\/h3>\n<h3><\/h3>\n<h3><\/h3>\n<h3><\/h3>\n<h3><\/h3>\n<h3><\/h3>\n<h3><strong><span style=\"color: #008000;\">Aclaraciones de procesos:<\/span><\/strong><\/h3>\n<div>\n<p><span style=\"color: #0000ff;\"><strong>1. Solicitud de contenido de los m\u00f3dulos:<\/strong><\/span><br \/>\nPara acceder al contenido de los m\u00f3dulos de los programas, es necesario realizar una solicitud formal a trav\u00e9s de correo electr\u00f3nico.<\/p>\n<p><span style=\"color: #0000ff;\"><strong>2. Inscripci\u00f3n a los cursos:<\/strong><\/span><br \/>\nUna vez iniciado el curso, no es posible admitir nuevos participantes, con el fin de garantizar una experiencia \u00f3ptima para los estudiantes inscritos.<\/p>\n<p><span style=\"color: #0000ff;\"><strong>3. Solicitudes o inconvenientes relacionados con IT:<\/strong><\/span><br \/>\nCualquier solicitud o inconveniente relacionado con el \u00e1rea de tecnolog\u00eda debe ser reportado por correo electr\u00f3nico. Esto permite que el equipo de Crecimiento del CESA pueda escalar el caso al \u00e1rea correspondiente de IT.<\/p>\n<p><span style=\"color: #0000ff;\"><strong>4. Proceso de pagos:<\/strong><\/span><br \/>\nEl CESA no recibe pagos de manera presencial. Todos los procesos de pago deben realizarse exclusivamente a trav\u00e9s de la plataforma habilitada para tal fin.<\/p>\n<\/div>\n<p>&nbsp;<\/p>\n<p>&nbsp;<\/p>\n<p>&nbsp;<\/p>\n<p>&nbsp;<\/p>\n<p>&nbsp;<\/p>\n","protected":false},"excerpt":{"rendered":"<p>La \u00fanica pasarela de Pago es la de LUNA a trav\u00e9s de\u00a0https:\/\/lifelonglearning.cesa.edu.co\/\u00a0 Esta prohibido enviar o solicitar pagos a trav\u00e9s de Cuenta o pasarela de pago de DAVIVIENDA Aclaraciones de procesos: 1. Solicitud de contenido de los m\u00f3dulos: Para acceder al contenido de los m\u00f3dulos&#8230;<\/p>\n","protected":false},"author":16,"featured_media":0,"parent":0,"menu_order":0,"comment_status":"closed","ping_status":"closed","template":"","meta":{"footnotes":""},"class_list":["post-6921","page","type-page","status-publish","hentry"],"aioseo_notices":[],"_links":{"self":[{"href":"https:\/\/sic.nodscloud.com\/nodsglobal\/wp-json\/wp\/v2\/pages\/6921","targetHints":{"allow":["GET"]}}],"collection":[{"href":"https:\/\/sic.nodscloud.com\/nodsglobal\/wp-json\/wp\/v2\/pages"}],"about":[{"href":"https:\/\/sic.nodscloud.com\/nodsglobal\/wp-json\/wp\/v2\/types\/page"}],"author":[{"embeddable":true,"href":"https:\/\/sic.nodscloud.com\/nodsglobal\/wp-json\/wp\/v2\/users\/16"}],"replies":[{"embeddable":true,"href":"https:\/\/sic.nodscloud.com\/nodsglobal\/wp-json\/wp\/v2\/comments?post=6921"}],"version-history":[{"count":4,"href":"https:\/\/sic.nodscloud.com\/nodsglobal\/wp-json\/wp\/v2\/pages\/6921\/revisions"}],"predecessor-version":[{"id":6946,"href":"https:\/\/sic.nodscloud.com\/nodsglobal\/wp-json\/wp\/v2\/pages\/6921\/revisions\/6946"}],"wp:attachment":[{"href":"https:\/\/sic.nodscloud.com\/nodsglobal\/wp-json\/wp\/v2\/media?parent=6921"}],"curies":[{"name":"wp","href":"https:\/\/api.w.org\/{rel}","templated":true}]}}