
{"id":7053,"date":"2025-06-06T15:04:50","date_gmt":"2025-06-06T15:04:50","guid":{"rendered":"https:\/\/sic.nodscloud.com\/nodsglobal\/?page_id=7053"},"modified":"2026-02-28T19:38:42","modified_gmt":"2026-02-28T19:38:42","slug":"professional-premium-programs-ppp","status":"publish","type":"page","link":"https:\/\/sic.nodscloud.com\/nodsglobal\/professional-premium-programs-ppp\/","title":{"rendered":"Professional Premium Programs &#8211; PPP"},"content":{"rendered":"<p><img fetchpriority=\"high\" decoding=\"async\" class=\"alignnone size-medium wp-image-7208 aligncenter\" src=\"https:\/\/sic.nodscloud.com\/nodsglobal\/wp-content\/uploads\/sites\/3\/2025\/08\/uees_logo_alta-removebg-preview-300x168.png\" alt=\"\" width=\"300\" height=\"168\" srcset=\"https:\/\/sic.nodscloud.com\/nodsglobal\/wp-content\/uploads\/sites\/3\/2025\/08\/uees_logo_alta-removebg-preview-300x168.png 300w, https:\/\/sic.nodscloud.com\/nodsglobal\/wp-content\/uploads\/sites\/3\/2025\/08\/uees_logo_alta-removebg-preview.png 523w\" sizes=\"(max-width: 300px) 100vw, 300px\" \/><\/p>\n<h2 style=\"text-align: center;\"><strong>GLOBAL MINDS PROGRAMS<\/strong><\/h2>\n<p>&nbsp;<\/p>\n<h4 style=\"text-align: center;\"><span style=\"color: #333300;\"><strong>Los Global Minds Programs se organizan en 5 grandes \u00e1reas acad\u00e9micas.<\/strong><\/span><br data-start=\"247\" data-end=\"250\" \/><span style=\"color: #333300;\"><strong>Cada \u00e1rea incluye diplomados especializados orientados a distintos perfiles profesionales.<\/strong><\/span><\/h4>\n<p>&nbsp;<\/p>\n<p>&nbsp;<\/p>\n<p>&nbsp;<\/p>\n<h3 data-start=\"347\" data-end=\"388\">\ud83e\udde0 <span style=\"color: #003300;\">\u00a0<span style=\"color: #333333;\"> \u00c1rea: Salud Mental y Desarrollo Humano<\/span><\/span><\/h3>\n<p>&nbsp;<\/p>\n<h5><strong><span style=\"color: #0000ff;\"><a style=\"color: #0000ff;\" href=\"https:\/\/premium.uees.edu.ec\/wp-content\/uploads\/2025\/08\/NEUROCIENCIA-APLICADA.pdf\">Neurociencia Aplicada: Productividad y Rendimiento<img decoding=\"async\" class=\"alignnone wp-image-7539\" src=\"https:\/\/sic.nodscloud.com\/nodsglobal\/wp-content\/uploads\/sites\/3\/2026\/02\/download_12515960-300x300.png\" alt=\"\" width=\"22\" height=\"22\" srcset=\"https:\/\/sic.nodscloud.com\/nodsglobal\/wp-content\/uploads\/sites\/3\/2026\/02\/download_12515960-300x300.png 300w, https:\/\/sic.nodscloud.com\/nodsglobal\/wp-content\/uploads\/sites\/3\/2026\/02\/download_12515960-150x150.png 150w, https:\/\/sic.nodscloud.com\/nodsglobal\/wp-content\/uploads\/sites\/3\/2026\/02\/download_12515960-500x512.png 500w, https:\/\/sic.nodscloud.com\/nodsglobal\/wp-content\/uploads\/sites\/3\/2026\/02\/download_12515960.png 512w\" sizes=\"(max-width: 22px) 100vw, 22px\" \/><\/a><\/span><\/strong><\/h5>\n<h5><strong><span style=\"color: #0000ff;\"><span style=\"color: #0000ff;\"><a style=\"color: #0000ff;\" href=\"https:\/\/premium.uees.edu.ec\/wp-content\/uploads\/2025\/07\/TEA-TDAH-e-Inclusion-Salud-Familia-y-Sociedad.pdf\">TEA, TDAH e Inclusi\u00f3n: Salud, Familia y Sociedad<img decoding=\"async\" class=\"alignnone wp-image-7539\" src=\"https:\/\/sic.nodscloud.com\/nodsglobal\/wp-content\/uploads\/sites\/3\/2026\/02\/download_12515960-300x300.png\" alt=\"\" width=\"21\" height=\"21\" srcset=\"https:\/\/sic.nodscloud.com\/nodsglobal\/wp-content\/uploads\/sites\/3\/2026\/02\/download_12515960-300x300.png 300w, https:\/\/sic.nodscloud.com\/nodsglobal\/wp-content\/uploads\/sites\/3\/2026\/02\/download_12515960-150x150.png 150w, https:\/\/sic.nodscloud.com\/nodsglobal\/wp-content\/uploads\/sites\/3\/2026\/02\/download_12515960-500x512.png 500w, https:\/\/sic.nodscloud.com\/nodsglobal\/wp-content\/uploads\/sites\/3\/2026\/02\/download_12515960.png 512w\" sizes=\"(max-width: 21px) 100vw, 21px\" \/><\/a><\/span><\/span><\/strong><\/h5>\n<h5><strong><span style=\"color: #0000ff;\"><a style=\"color: #0000ff;\" href=\"https:\/\/premium.uees.edu.ec\/wp-content\/uploads\/2025\/08\/Neurociencia-Psicologia-Positiva-y-Mindfulness.pdf\">Neurociencia, Psicolog\u00eda Positiva y Mindfulness<img decoding=\"async\" class=\"alignnone wp-image-7539\" src=\"https:\/\/sic.nodscloud.com\/nodsglobal\/wp-content\/uploads\/sites\/3\/2026\/02\/download_12515960-300x300.png\" alt=\"\" width=\"22\" height=\"22\" srcset=\"https:\/\/sic.nodscloud.com\/nodsglobal\/wp-content\/uploads\/sites\/3\/2026\/02\/download_12515960-300x300.png 300w, https:\/\/sic.nodscloud.com\/nodsglobal\/wp-content\/uploads\/sites\/3\/2026\/02\/download_12515960-150x150.png 150w, https:\/\/sic.nodscloud.com\/nodsglobal\/wp-content\/uploads\/sites\/3\/2026\/02\/download_12515960-500x512.png 500w, https:\/\/sic.nodscloud.com\/nodsglobal\/wp-content\/uploads\/sites\/3\/2026\/02\/download_12515960.png 512w\" sizes=\"(max-width: 22px) 100vw, 22px\" \/><\/a><\/span><\/strong><\/h5>\n<h5><strong><span style=\"color: #0000ff;\"><a style=\"color: #0000ff;\" href=\"https:\/\/premium.uees.edu.ec\/wp-content\/uploads\/2025\/10\/Brochure-GMP-Salud-Mental-y-Desarrollo-Humano.pdf\">Mental y Desarrollo Humano (NUEVO)<img decoding=\"async\" class=\"alignnone wp-image-7539\" src=\"https:\/\/sic.nodscloud.com\/nodsglobal\/wp-content\/uploads\/sites\/3\/2026\/02\/download_12515960-300x300.png\" alt=\"\" width=\"21\" height=\"21\" srcset=\"https:\/\/sic.nodscloud.com\/nodsglobal\/wp-content\/uploads\/sites\/3\/2026\/02\/download_12515960-300x300.png 300w, https:\/\/sic.nodscloud.com\/nodsglobal\/wp-content\/uploads\/sites\/3\/2026\/02\/download_12515960-150x150.png 150w, https:\/\/sic.nodscloud.com\/nodsglobal\/wp-content\/uploads\/sites\/3\/2026\/02\/download_12515960-500x512.png 500w, https:\/\/sic.nodscloud.com\/nodsglobal\/wp-content\/uploads\/sites\/3\/2026\/02\/download_12515960.png 512w\" sizes=\"(max-width: 21px) 100vw, 21px\" \/><\/a><\/span><\/strong><\/h5>\n<h2 data-start=\"556\" data-end=\"585\"><\/h2>\n<p>&nbsp;<\/p>\n<p>&nbsp;<\/p>\n<h3 data-start=\"556\" data-end=\"585\">\u2696\ufe0f <span style=\"color: #333333;\">\u00c1rea: Derecho y Compliance<\/span><\/h3>\n<h5><span style=\"color: #0000ff;\"><a style=\"color: #0000ff;\" href=\"https:\/\/premium.uees.edu.ec\/wp-content\/uploads\/2025\/07\/Gestion-de-Riesgos-Compliance-y-Auditoria.pdf\">Gesti\u00f3n de Riesgos, Compliance y Auditor\u00eda<img decoding=\"async\" class=\"alignnone wp-image-7539\" src=\"https:\/\/sic.nodscloud.com\/nodsglobal\/wp-content\/uploads\/sites\/3\/2026\/02\/download_12515960-300x300.png\" alt=\"\" width=\"22\" height=\"22\" srcset=\"https:\/\/sic.nodscloud.com\/nodsglobal\/wp-content\/uploads\/sites\/3\/2026\/02\/download_12515960-300x300.png 300w, https:\/\/sic.nodscloud.com\/nodsglobal\/wp-content\/uploads\/sites\/3\/2026\/02\/download_12515960-150x150.png 150w, https:\/\/sic.nodscloud.com\/nodsglobal\/wp-content\/uploads\/sites\/3\/2026\/02\/download_12515960-500x512.png 500w, https:\/\/sic.nodscloud.com\/nodsglobal\/wp-content\/uploads\/sites\/3\/2026\/02\/download_12515960.png 512w\" sizes=\"(max-width: 22px) 100vw, 22px\" \/><\/a><\/span><\/h5>\n<h5><span style=\"color: #0000ff;\"><a style=\"color: #0000ff;\" href=\"https:\/\/premium.uees.edu.ec\/wp-content\/uploads\/2025\/07\/Derecho-4.0-Derecho-Digital-Proteccion-de-Datos-y-Ciberseguridad.pdf\">Derecho 4.0: Derecho Digital, Protecci\u00f3n de Datos y Ciberseguridad<img loading=\"lazy\" decoding=\"async\" class=\"alignnone wp-image-7539\" src=\"https:\/\/sic.nodscloud.com\/nodsglobal\/wp-content\/uploads\/sites\/3\/2026\/02\/download_12515960-300x300.png\" alt=\"\" width=\"24\" height=\"24\" srcset=\"https:\/\/sic.nodscloud.com\/nodsglobal\/wp-content\/uploads\/sites\/3\/2026\/02\/download_12515960-300x300.png 300w, https:\/\/sic.nodscloud.com\/nodsglobal\/wp-content\/uploads\/sites\/3\/2026\/02\/download_12515960-150x150.png 150w, https:\/\/sic.nodscloud.com\/nodsglobal\/wp-content\/uploads\/sites\/3\/2026\/02\/download_12515960-500x512.png 500w, https:\/\/sic.nodscloud.com\/nodsglobal\/wp-content\/uploads\/sites\/3\/2026\/02\/download_12515960.png 512w\" sizes=\"(max-width: 24px) 100vw, 24px\" \/><\/a><\/span><\/h5>\n<h4 data-start=\"711\" data-end=\"743\"><\/h4>\n<p>&nbsp;<\/p>\n<p>&nbsp;<\/p>\n<h3 data-start=\"711\" data-end=\"743\">\ud83d\udca1 <span style=\"color: #333333;\">\u00c1rea: Innovaci\u00f3n y Tecnolog\u00eda<\/span><\/h3>\n<h5><span style=\"color: #0000ff;\"><a style=\"color: #0000ff;\" href=\"https:\/\/premium.uees.edu.ec\/wp-content\/uploads\/2025\/07\/Salud-4.0-Gestion-Tecnologia-e-Innovacion.pdf\">Salud 4.0: Gesti\u00f3n, Tecnolog\u00eda e Innovaci\u00f3n<img loading=\"lazy\" decoding=\"async\" class=\"alignnone wp-image-7539\" src=\"https:\/\/sic.nodscloud.com\/nodsglobal\/wp-content\/uploads\/sites\/3\/2026\/02\/download_12515960-300x300.png\" alt=\"\" width=\"19\" height=\"19\" srcset=\"https:\/\/sic.nodscloud.com\/nodsglobal\/wp-content\/uploads\/sites\/3\/2026\/02\/download_12515960-300x300.png 300w, https:\/\/sic.nodscloud.com\/nodsglobal\/wp-content\/uploads\/sites\/3\/2026\/02\/download_12515960-150x150.png 150w, https:\/\/sic.nodscloud.com\/nodsglobal\/wp-content\/uploads\/sites\/3\/2026\/02\/download_12515960-500x512.png 500w, https:\/\/sic.nodscloud.com\/nodsglobal\/wp-content\/uploads\/sites\/3\/2026\/02\/download_12515960.png 512w\" sizes=\"(max-width: 19px) 100vw, 19px\" \/><\/a><\/span><\/h5>\n<h5><span style=\"color: #0000ff;\"><a style=\"color: #0000ff;\" href=\"https:\/\/premium.uees.edu.ec\/wp-content\/uploads\/2025\/10\/Inteligencia-Artificial-y-Negocios-Estrategia-Innovacion-y-Resultados.pdf\">Inteligencia Artificial y Negocios (NUEVO)<img decoding=\"async\" class=\"alignnone wp-image-7539\" src=\"https:\/\/sic.nodscloud.com\/nodsglobal\/wp-content\/uploads\/sites\/3\/2026\/02\/download_12515960-300x300.png\" alt=\"\" width=\"21\" height=\"21\" srcset=\"https:\/\/sic.nodscloud.com\/nodsglobal\/wp-content\/uploads\/sites\/3\/2026\/02\/download_12515960-300x300.png 300w, https:\/\/sic.nodscloud.com\/nodsglobal\/wp-content\/uploads\/sites\/3\/2026\/02\/download_12515960-150x150.png 150w, https:\/\/sic.nodscloud.com\/nodsglobal\/wp-content\/uploads\/sites\/3\/2026\/02\/download_12515960-500x512.png 500w, https:\/\/sic.nodscloud.com\/nodsglobal\/wp-content\/uploads\/sites\/3\/2026\/02\/download_12515960.png 512w\" sizes=\"(max-width: 21px) 100vw, 21px\" \/><\/a><\/span><\/h5>\n<h2 data-start=\"861\" data-end=\"904\"><\/h2>\n<p>&nbsp;<\/p>\n<p>&nbsp;<\/p>\n<h3 data-start=\"861\" data-end=\"904\">\ud83d\udcca <span style=\"color: #333333;\">\u00c1rea: Gesti\u00f3n Estrat\u00e9gica y Comunicaci\u00f3n<\/span><\/h3>\n<h5><span style=\"color: #0000ff;\"><a style=\"color: #0000ff;\" href=\"https:\/\/premium.uees.edu.ec\/wp-content\/uploads\/2025\/08\/Neurobranding-y-Neuromarketing-Estrategias-de-Engagement-Sensorial.pdf\">Neurobranding y Neuromarketing: Estrategias de Engagement Sensorial<img loading=\"lazy\" decoding=\"async\" class=\"alignnone wp-image-7539\" src=\"https:\/\/sic.nodscloud.com\/nodsglobal\/wp-content\/uploads\/sites\/3\/2026\/02\/download_12515960-300x300.png\" alt=\"\" width=\"24\" height=\"24\" srcset=\"https:\/\/sic.nodscloud.com\/nodsglobal\/wp-content\/uploads\/sites\/3\/2026\/02\/download_12515960-300x300.png 300w, https:\/\/sic.nodscloud.com\/nodsglobal\/wp-content\/uploads\/sites\/3\/2026\/02\/download_12515960-150x150.png 150w, https:\/\/sic.nodscloud.com\/nodsglobal\/wp-content\/uploads\/sites\/3\/2026\/02\/download_12515960-500x512.png 500w, https:\/\/sic.nodscloud.com\/nodsglobal\/wp-content\/uploads\/sites\/3\/2026\/02\/download_12515960.png 512w\" sizes=\"(max-width: 24px) 100vw, 24px\" \/><\/a><\/span><\/h5>\n<h2 data-start=\"984\" data-end=\"1014\"><\/h2>\n<p>&nbsp;<\/p>\n<p>&nbsp;<\/p>\n<h3 data-start=\"984\" data-end=\"1014\">\ud83c\udf31<span style=\"color: #333333;\"> 5. Urbanismo e Industria<\/span><\/h3>\n<h5><a href=\"https:\/\/premium.uees.edu.ec\/wp-content\/uploads\/2025\/07\/Transicion-Energetica-Nuevos-Negocios-y-el-Futuro-de-la-Energia.pdf\"><span style=\"color: #0000ff;\">Transici\u00f3n Energ\u00e9tica: Nuevos Negocios y el Futuro de la Energ\u00eda<img decoding=\"async\" class=\"alignnone wp-image-7539\" src=\"https:\/\/sic.nodscloud.com\/nodsglobal\/wp-content\/uploads\/sites\/3\/2026\/02\/download_12515960-300x300.png\" alt=\"\" width=\"22\" height=\"22\" srcset=\"https:\/\/sic.nodscloud.com\/nodsglobal\/wp-content\/uploads\/sites\/3\/2026\/02\/download_12515960-300x300.png 300w, https:\/\/sic.nodscloud.com\/nodsglobal\/wp-content\/uploads\/sites\/3\/2026\/02\/download_12515960-150x150.png 150w, https:\/\/sic.nodscloud.com\/nodsglobal\/wp-content\/uploads\/sites\/3\/2026\/02\/download_12515960-500x512.png 500w, https:\/\/sic.nodscloud.com\/nodsglobal\/wp-content\/uploads\/sites\/3\/2026\/02\/download_12515960.png 512w\" sizes=\"(max-width: 22px) 100vw, 22px\" \/><\/span><\/a><\/h5>\n<p>&nbsp;<\/p>\n<p>&nbsp;<\/p>\n<h4><\/h4>\n<h4 style=\"text-align: center;\"><span style=\"color: #993366;\"><a style=\"color: #993366;\" href=\"https:\/\/docs.google.com\/spreadsheets\/d\/1QV2zyDs4AKmHtz5wNtvlNT5Sbgj5ErXV\/edit?gid=1162764783#gid=1162764783\"><strong>GMP MATRIZ<\/strong><\/a><\/span><\/h4>\n<h3><span style=\"color: #333333;\"><strong><img loading=\"lazy\" decoding=\"async\" class=\" wp-image-7267 aligncenter\" src=\"https:\/\/sic.nodscloud.com\/nodsglobal\/wp-content\/uploads\/sites\/3\/2025\/08\/mano-senalando-279x300.png\" alt=\"\" width=\"32\" height=\"35\" srcset=\"https:\/\/sic.nodscloud.com\/nodsglobal\/wp-content\/uploads\/sites\/3\/2025\/08\/mano-senalando-279x300.png 279w, https:\/\/sic.nodscloud.com\/nodsglobal\/wp-content\/uploads\/sites\/3\/2025\/08\/mano-senalando.png 351w\" sizes=\"(max-width: 32px) 100vw, 32px\" \/><\/strong><\/span><\/h3>\n<h3><\/h3>\n<h3 style=\"text-align: center;\"><a href=\"https:\/\/exitoestudiantil.com\/uees\/galeria-guia\"><span style=\"color: #993366;\"><strong>COORDINADORES DE GMP\u00a0<\/strong><\/span><\/a><\/h3>\n<p><img loading=\"lazy\" decoding=\"async\" class=\" wp-image-7267 aligncenter\" src=\"https:\/\/sic.nodscloud.com\/nodsglobal\/wp-content\/uploads\/sites\/3\/2025\/08\/mano-senalando-279x300.png\" alt=\"\" width=\"26\" height=\"28\" srcset=\"https:\/\/sic.nodscloud.com\/nodsglobal\/wp-content\/uploads\/sites\/3\/2025\/08\/mano-senalando-279x300.png 279w, https:\/\/sic.nodscloud.com\/nodsglobal\/wp-content\/uploads\/sites\/3\/2025\/08\/mano-senalando.png 351w\" sizes=\"(max-width: 26px) 100vw, 26px\" \/><\/p>\n<p>&nbsp;<\/p>\n<h3 style=\"text-align: center;\"><a href=\"https:\/\/docs.google.com\/spreadsheets\/d\/1eStdUmJlyowpH0WClaOol6ci9ETQCBNF\/edit?gid=1524084180#gid=1524084180\"><strong><span style=\"color: #993366;\">DOCENTES<\/span><\/strong><\/a><\/h3>\n<h3 style=\"text-align: center;\"><span style=\"color: #993366;\"><img loading=\"lazy\" decoding=\"async\" class=\"alignnone wp-image-7267\" src=\"https:\/\/sic.nodscloud.com\/nodsglobal\/wp-content\/uploads\/sites\/3\/2025\/08\/mano-senalando-279x300.png\" alt=\"\" width=\"33\" height=\"35\" srcset=\"https:\/\/sic.nodscloud.com\/nodsglobal\/wp-content\/uploads\/sites\/3\/2025\/08\/mano-senalando-279x300.png 279w, https:\/\/sic.nodscloud.com\/nodsglobal\/wp-content\/uploads\/sites\/3\/2025\/08\/mano-senalando.png 351w\" sizes=\"(max-width: 33px) 100vw, 33px\" \/><\/span><\/h3>\n<h3><\/h3>\n<p>&nbsp;<\/p>\n<h3 style=\"text-align: center;\"><\/h3>\n<h5 style=\"text-align: center;\"><\/h5>\n<p>&nbsp;<\/p>\n<p>&nbsp;<\/p>\n<p>&nbsp;<\/p>\n<p>&nbsp;<\/p>\n<p>&nbsp;<\/p>\n<p>&nbsp;<\/p>\n","protected":false},"excerpt":{"rendered":"<p>GLOBAL MINDS PROGRAMS &nbsp; Los Global Minds Programs se organizan en 5 grandes \u00e1reas acad\u00e9micas.Cada \u00e1rea incluye diplomados especializados orientados a distintos perfiles profesionales. &nbsp; &nbsp; &nbsp; \ud83e\udde0 \u00a0 \u00c1rea: Salud Mental y Desarrollo Humano &nbsp; Neurociencia Aplicada: Productividad y Rendimiento TEA, TDAH e Inclusi\u00f3n:&#8230;<\/p>\n","protected":false},"author":180,"featured_media":0,"parent":0,"menu_order":0,"comment_status":"closed","ping_status":"closed","template":"","meta":{"footnotes":""},"class_list":["post-7053","page","type-page","status-publish","hentry"],"aioseo_notices":[],"_links":{"self":[{"href":"https:\/\/sic.nodscloud.com\/nodsglobal\/wp-json\/wp\/v2\/pages\/7053","targetHints":{"allow":["GET"]}}],"collection":[{"href":"https:\/\/sic.nodscloud.com\/nodsglobal\/wp-json\/wp\/v2\/pages"}],"about":[{"href":"https:\/\/sic.nodscloud.com\/nodsglobal\/wp-json\/wp\/v2\/types\/page"}],"author":[{"embeddable":true,"href":"https:\/\/sic.nodscloud.com\/nodsglobal\/wp-json\/wp\/v2\/users\/180"}],"replies":[{"embeddable":true,"href":"https:\/\/sic.nodscloud.com\/nodsglobal\/wp-json\/wp\/v2\/comments?post=7053"}],"version-history":[{"count":82,"href":"https:\/\/sic.nodscloud.com\/nodsglobal\/wp-json\/wp\/v2\/pages\/7053\/revisions"}],"predecessor-version":[{"id":7559,"href":"https:\/\/sic.nodscloud.com\/nodsglobal\/wp-json\/wp\/v2\/pages\/7053\/revisions\/7559"}],"wp:attachment":[{"href":"https:\/\/sic.nodscloud.com\/nodsglobal\/wp-json\/wp\/v2\/media?parent=7053"}],"curies":[{"name":"wp","href":"https:\/\/api.w.org\/{rel}","templated":true}]}}